{"id":12512,"date":"2017-12-11T12:50:55","date_gmt":"2017-12-11T12:50:55","guid":{"rendered":"http:\/\/www.cri.pt\/?page_id=12512"},"modified":"2018-07-03T15:28:42","modified_gmt":"2018-07-03T15:28:42","slug":"201718-iniciados","status":"publish","type":"page","link":"https:\/\/www.cri.pt\/?page_id=12512","title":{"rendered":"2017\/18 INICIADOS"},"content":{"rendered":"<p><img loading=\"lazy\" decoding=\"async\" class=\"aligncenter size-full wp-image-12570\" src=\"https:\/\/www.cri.pt\/wp-content\/uploads\/2017\/09\/2017.09.30.cri1-1olimpico-b-016.jpg\" alt=\"\" width=\"2048\" height=\"1366\" srcset=\"https:\/\/www.cri.pt\/wp-content\/uploads\/2017\/09\/2017.09.30.cri1-1olimpico-b-016.jpg 2048w, https:\/\/www.cri.pt\/wp-content\/uploads\/2017\/09\/2017.09.30.cri1-1olimpico-b-016-300x200.jpg 300w, https:\/\/www.cri.pt\/wp-content\/uploads\/2017\/09\/2017.09.30.cri1-1olimpico-b-016-768x512.jpg 768w, https:\/\/www.cri.pt\/wp-content\/uploads\/2017\/09\/2017.09.30.cri1-1olimpico-b-016-1024x683.jpg 1024w, https:\/\/www.cri.pt\/wp-content\/uploads\/2017\/09\/2017.09.30.cri1-1olimpico-b-016-100x67.jpg 100w, https:\/\/www.cri.pt\/wp-content\/uploads\/2017\/09\/2017.09.30.cri1-1olimpico-b-016-50x33.jpg 50w, https:\/\/www.cri.pt\/wp-content\/uploads\/2017\/09\/2017.09.30.cri1-1olimpico-b-016-25x17.jpg 25w, https:\/\/www.cri.pt\/wp-content\/uploads\/2017\/09\/2017.09.30.cri1-1olimpico-b-016-990x660.jpg 990w, https:\/\/www.cri.pt\/wp-content\/uploads\/2017\/09\/2017.09.30.cri1-1olimpico-b-016-1320x880.jpg 1320w, https:\/\/www.cri.pt\/wp-content\/uploads\/2017\/09\/2017.09.30.cri1-1olimpico-b-016-414x276.jpg 414w, https:\/\/www.cri.pt\/wp-content\/uploads\/2017\/09\/2017.09.30.cri1-1olimpico-b-016-470x313.jpg 470w, https:\/\/www.cri.pt\/wp-content\/uploads\/2017\/09\/2017.09.30.cri1-1olimpico-b-016-640x426.jpg 640w, https:\/\/www.cri.pt\/wp-content\/uploads\/2017\/09\/2017.09.30.cri1-1olimpico-b-016-130x86.jpg 130w, https:\/\/www.cri.pt\/wp-content\/uploads\/2017\/09\/2017.09.30.cri1-1olimpico-b-016-187x124.jpg 187w, https:\/\/www.cri.pt\/wp-content\/uploads\/2017\/09\/2017.09.30.cri1-1olimpico-b-016-74x49.jpg 74w, https:\/\/www.cri.pt\/wp-content\/uploads\/2017\/09\/2017.09.30.cri1-1olimpico-b-016-111x74.jpg 111w, https:\/\/www.cri.pt\/wp-content\/uploads\/2017\/09\/2017.09.30.cri1-1olimpico-b-016-215x143.jpg 215w\" sizes=\"auto, (max-width: 2048px) 100vw, 2048px\" \/><\/p>\n<p>ANOS NASCIMENTO: 2003 e 2004<\/p>\n<hr \/>\n<p><a href=\"https:\/\/www.cri.pt\/?page_id=6863\">ARQUIVO (\u00c9POCAS ANTERIORES)<\/a><\/p>\n<p><a href=\"https:\/\/www.cri.pt\/?tag=iniciados-201718\">FOTOS &#8211; \u00c9POCA 2017\/18<\/a><\/p>\n<div class=\"mks_separator\" style=\"border-bottom: 1px double;\"><\/div>\n<em><strong>COMPETI\u00c7\u00d5ES OFICIAIS<br \/>\n<\/strong><\/em><div class=\"mks_separator\" style=\"border-bottom: 1px double;\"><\/div>\n<p><strong><a href=\"http:\/\/resultados.fpf.pt\/Competition\/Details?competitionId=16078&amp;seasonId=97\" target=\"_blank\" rel=\"noopener\">CAMPEONATO DISTRITAL DA A.F. SET\u00daBAL (3\u00aa DIV. &#8211; FASE COMPLEMENTAR &#8211; N\u00cdVEL 1)<\/a><\/strong><\/p>\n<p>18 Fev 2018 <strong>CRI<\/strong> 1-1 G.Corroios (Golo: Jos\u00e9 Vitoreira)<br \/>\n25 Fev 2018 S.Domingos 2-1 <strong>CRI<\/strong> (Golo: Pedro Ingrez)<br \/>\n4 Mar 2018 <strong>CRI<\/strong> 0-1 Os Pelezinhos<br \/>\n11 Mar 2018 <strong>CRI<\/strong> 0-3 Almada 2015<br \/>\n18 Mar 2018 Uni\u00e3o Praiense 3-0 <strong>CRI<\/strong><br \/>\n25 Mar 2018 <strong>CRI<\/strong> 1-0 Ol\u00edmpico Montijo (Golo: Tom\u00e1s Marques)<br \/>\n15 Abr 2018 Grandolense 1-0 <strong>CRI<br \/>\n<\/strong>22 Abr 2018 G.Corroios 0-2 <strong>CRI<\/strong><br \/>\n25 Abr 2018 <strong>CRI<\/strong> 0-2 S. Domingos<br \/>\n29 Abr 2018 Os Pelezinhos 2-0 <strong>CRI<\/strong><br \/>\n6 Mai 2018 Almada 2015 6-0 <strong>CRI<\/strong><br \/>\n13 Mai 2018 <strong>CRI<\/strong> 0-0 U. Praiense<br \/>\n20 Mai 2018 Ol\u00edmpico Montijo 1-0 <strong>CRI<\/strong><br \/>\n27 Mai 2018 <strong>CRI<\/strong> 1-2 Grandolense<\/p>\n<p>CLASSIFICA\u00c7\u00c3O FINAL<\/p>\n<p><img loading=\"lazy\" decoding=\"async\" class=\"wp-image-14210 alignnone\" src=\"https:\/\/www.cri.pt\/wp-content\/uploads\/2018\/07\/iniciados-class-compl-2017-18.jpg\" alt=\"\" width=\"480\" height=\"688\" srcset=\"https:\/\/www.cri.pt\/wp-content\/uploads\/2018\/07\/iniciados-class-compl-2017-18.jpg 1280w, https:\/\/www.cri.pt\/wp-content\/uploads\/2018\/07\/iniciados-class-compl-2017-18-209x300.jpg 209w, https:\/\/www.cri.pt\/wp-content\/uploads\/2018\/07\/iniciados-class-compl-2017-18-768x1100.jpg 768w, https:\/\/www.cri.pt\/wp-content\/uploads\/2018\/07\/iniciados-class-compl-2017-18-715x1024.jpg 715w, https:\/\/www.cri.pt\/wp-content\/uploads\/2018\/07\/iniciados-class-compl-2017-18-89x128.jpg 89w, https:\/\/www.cri.pt\/wp-content\/uploads\/2018\/07\/iniciados-class-compl-2017-18-22x32.jpg 22w, https:\/\/www.cri.pt\/wp-content\/uploads\/2018\/07\/iniciados-class-compl-2017-18-70x100.jpg 70w, https:\/\/www.cri.pt\/wp-content\/uploads\/2018\/07\/iniciados-class-compl-2017-18-35x50.jpg 35w, https:\/\/www.cri.pt\/wp-content\/uploads\/2018\/07\/iniciados-class-compl-2017-18-17x25.jpg 17w, https:\/\/www.cri.pt\/wp-content\/uploads\/2018\/07\/iniciados-class-compl-2017-18-990x1418.jpg 990w, https:\/\/www.cri.pt\/wp-content\/uploads\/2018\/07\/iniciados-class-compl-2017-18-300x430.jpg 300w\" sizes=\"auto, (max-width: 480px) 100vw, 480px\" \/><\/p>\n<div class=\"mks_separator\" style=\"border-bottom: 2px double;\"><\/div>\n<hr \/>\n<p><a href=\"http:\/\/resultados.fpf.pt\/Competition\/Details?competitionId=16078&amp;seasonId=97\" target=\"_blank\" rel=\"noopener\">CAMPEONATO DISTRITAL DA A.F.SET\u00daBAL (3\u00aa DIV. &#8211; S\u00e9rie &#8220;B&#8221;)<\/a><\/p>\n<p><strong>OS NOSSOS RESULTADOS:<\/strong><\/p>\n<p>30 Set 2017\u00a0 <strong>CRI<\/strong> 1-1 Ol\u00edmpico&#8221;B&#8221; (Golo: Jos\u00e9 Vitoreira)<br \/>\n5 Out 2017 Rosarense 1-0 <strong>CRI<\/strong><br \/>\n8 Out 2017 <strong>CRI<\/strong> 2-0 Barreirense&#8221;C&#8221; (Golos: Daniel Matos e Jos\u00e9 Vitoreira)<br \/>\n15 Out 2017 Seixal1925&#8243;B&#8221; 1-2 <strong>CRI<\/strong> (Golos:\u00a0<span class=\"_5yl5\">Tiago Carmelo e R\u00faben Horta)<br \/>\n<\/span>22 Out 2017 <strong>CRI<\/strong> 3-2 ADQ Conde&#8221;B&#8221; (Golos: Jos\u00e9 Vitoreira 2 e Tiago Carmelo)<br \/>\n29 Out 2017 Vinhense 0-3 <strong>CRI<\/strong> (Golos: Tom\u00e1s Marques e R\u00faben Horta 2 )<br \/>\n1 Nov 2017 <strong>CRI<\/strong>\u00a01-2 Almada2015 &#8220;B&#8221; (Golo: Tiago Carmelo )<br \/>\n5 Nov 2017 Samouquense x CRI (Cancelado, AD Samouquense desistiu)<br \/>\n12 Nov 2017 <strong>CRI<\/strong>\u00a00-2 Moitense<br \/>\n26 Nov 2017 Ol\u00edmpico&#8221;B&#8221; 3-1\u00a0<strong>CRI <\/strong>(Golo: Tiago Carmelo )<br \/>\n3 Dez 2017 <strong>CRI<\/strong> 0-3 Rosarense<br \/>\n10 Dez 2017 Barreirense&#8221;C&#8221; 2-3\u00a0<strong>CRI\u00a0<\/strong>(Golos: Tiago Carmelo 3 )<br \/>\n17 Dez 2017 <strong>CRI<\/strong> 4-0 Seixal1925 &#8220;B&#8221; (Golos: Tiago Carmelo 2, David Lu\u00eds e Jos\u00e9 Vitoreira)<br \/>\n7 Jan 2018 ADQ Conde&#8221;B&#8221; 0-4\u00a0<strong>CRI <\/strong>(Golos: Tiago Carmelo, Tom\u00e1s Marques 2 e Pedro Ingrez)<br \/>\n14 Jan 2018 <strong>CRI<\/strong>\u00a03-1 Vinhense (Golos: Tiago Carmelo, Tom\u00e1s Marques e R\u00faben Horta)<br \/>\n21 Jan 2018 Almada2015 &#8220;B&#8221; 1-0\u00a0<strong>CRI<\/strong><br \/>\n28 Jan 2018 CRI x Samouquense\u00a0(Cancelado, AD Samouquense desistiu)<br \/>\n4 Fev 2018 Moitense 1-1\u00a0<strong>CRI<\/strong> (Golo: Tiago Carmelo)<\/p>\n<p>&nbsp;<\/p>\n<p><img loading=\"lazy\" decoding=\"async\" class=\"wp-image-13308 size-large alignnone\" src=\"https:\/\/www.cri.pt\/wp-content\/uploads\/2018\/02\/classificacao-final-iniciados-207-18-468x1024.jpg\" alt=\"\" width=\"468\" height=\"1024\" srcset=\"https:\/\/www.cri.pt\/wp-content\/uploads\/2018\/02\/classificacao-final-iniciados-207-18-468x1024.jpg 468w, https:\/\/www.cri.pt\/wp-content\/uploads\/2018\/02\/classificacao-final-iniciados-207-18-137x300.jpg 137w, https:\/\/www.cri.pt\/wp-content\/uploads\/2018\/02\/classificacao-final-iniciados-207-18-58x128.jpg 58w, https:\/\/www.cri.pt\/wp-content\/uploads\/2018\/02\/classificacao-final-iniciados-207-18-15x32.jpg 15w, https:\/\/www.cri.pt\/wp-content\/uploads\/2018\/02\/classificacao-final-iniciados-207-18-46x100.jpg 46w, https:\/\/www.cri.pt\/wp-content\/uploads\/2018\/02\/classificacao-final-iniciados-207-18-23x50.jpg 23w, https:\/\/www.cri.pt\/wp-content\/uploads\/2018\/02\/classificacao-final-iniciados-207-18-11x25.jpg 11w, https:\/\/www.cri.pt\/wp-content\/uploads\/2018\/02\/classificacao-final-iniciados-207-18.jpg 640w\" sizes=\"auto, (max-width: 468px) 100vw, 468px\" \/><\/p>\n<p>&nbsp;<\/p>\n<hr \/>\n<p><strong>GOLOS:<\/strong><\/p>\n<p>Tiago Carmelo 12<br \/>\nJos\u00e9 Vitoreira 5<br \/>\nR\u00faben Horta 4<br \/>\nTom\u00e1s Marques 4<br \/>\nDaniel Matos 1<br \/>\nDavid Lu\u00eds 1<br \/>\nPedro Ingrez 1<\/p>\n[a] &#8211; No jogo com ADQC &#8220;&#8221;B 0-4 CRI, o \u00e1rbitro enganou-se e enviou a informa\u00e7\u00e3o errada para a AFS, considerou que tenha sido 0-3<\/p>\n<p>&nbsp;<\/p>\n","protected":false},"excerpt":{"rendered":"<p>ANOS NASCIMENTO: 2003 e 2004 ARQUIVO (\u00c9POCAS ANTERIORES) FOTOS &#8211; \u00c9POCA 2017\/18 COMPETI\u00c7\u00d5ES OFICIAIS CAMPEONATO DISTRITAL DA A.F. SET\u00daBAL (3\u00aa DIV. &#8211; FASE COMPLEMENTAR &#8211; N\u00cdVEL 1) 18 Fev 2018 CRI 1-1 G.Corroios (Golo: Jos\u00e9 Vitoreira) 25 Fev 2018 S.Domingos 2-1 CRI (Golo: Pedro Ingrez) 4 Mar 2018 CRI 0-1 Os Pelezinhos 11 Mar 2018 [&hellip;]<\/p>\n","protected":false},"author":1,"featured_media":0,"parent":0,"menu_order":0,"comment_status":"closed","ping_status":"closed","template":"","meta":{"footnotes":""},"class_list":["post-12512","page","type-page","status-publish","hentry"],"_links":{"self":[{"href":"https:\/\/www.cri.pt\/index.php?rest_route=\/wp\/v2\/pages\/12512","targetHints":{"allow":["GET"]}}],"collection":[{"href":"https:\/\/www.cri.pt\/index.php?rest_route=\/wp\/v2\/pages"}],"about":[{"href":"https:\/\/www.cri.pt\/index.php?rest_route=\/wp\/v2\/types\/page"}],"author":[{"embeddable":true,"href":"https:\/\/www.cri.pt\/index.php?rest_route=\/wp\/v2\/users\/1"}],"replies":[{"embeddable":true,"href":"https:\/\/www.cri.pt\/index.php?rest_route=%2Fwp%2Fv2%2Fcomments&post=12512"}],"version-history":[{"count":58,"href":"https:\/\/www.cri.pt\/index.php?rest_route=\/wp\/v2\/pages\/12512\/revisions"}],"predecessor-version":[{"id":14214,"href":"https:\/\/www.cri.pt\/index.php?rest_route=\/wp\/v2\/pages\/12512\/revisions\/14214"}],"wp:attachment":[{"href":"https:\/\/www.cri.pt\/index.php?rest_route=%2Fwp%2Fv2%2Fmedia&parent=12512"}],"curies":[{"name":"wp","href":"https:\/\/api.w.org\/{rel}","templated":true}]}}

<p><img loading="lazy" decoding="async" class="aligncenter size-full wp-image-12570" src="https://www.cri.pt/wp-content/uploads/2017/09/2017.09.30.cri1-1olimpico-b-016.jpg" alt="" width="2048" height="1366" srcset="https://www.cri.pt/wp-content/uploads/2017/09/2017.09.30.cri1-1olimpico-b-016.jpg 2048w, https://www.cri.pt/wp-content/uploads/2017/09/2017.09.30.cri1-1olimpico-b-016-300x200.jpg 300w, https://www.cri.pt/wp-content/uploads/2017/09/2017.09.30.cri1-1olimpico-b-016-768x512.jpg 768w, https://www.cri.pt/wp-content/uploads/2017/09/2017.09.30.cri1-1olimpico-b-016-1024x683.jpg 1024w, https://www.cri.pt/wp-content/uploads/2017/09/2017.09.30.cri1-1olimpico-b-016-100x67.jpg 100w, https://www.cri.pt/wp-content/uploads/2017/09/2017.09.30.cri1-1olimpico-b-016-50x33.jpg 50w, https://www.cri.pt/wp-content/uploads/2017/09/2017.09.30.cri1-1olimpico-b-016-25x17.jpg 25w, https://www.cri.pt/wp-content/uploads/2017/09/2017.09.30.cri1-1olimpico-b-016-990x660.jpg 990w, https://www.cri.pt/wp-content/uploads/2017/09/2017.09.30.cri1-1olimpico-b-016-1320x880.jpg 1320w, https://www.cri.pt/wp-content/uploads/2017/09/2017.09.30.cri1-1olimpico-b-016-414x276.jpg 414w, https://www.cri.pt/wp-content/uploads/2017/09/2017.09.30.cri1-1olimpico-b-016-470x313.jpg 470w, https://www.cri.pt/wp-content/uploads/2017/09/2017.09.30.cri1-1olimpico-b-016-640x426.jpg 640w, https://www.cri.pt/wp-content/uploads/2017/09/2017.09.30.cri1-1olimpico-b-016-130x86.jpg 130w, https://www.cri.pt/wp-content/uploads/2017/09/2017.09.30.cri1-1olimpico-b-016-187x124.jpg 187w, https://www.cri.pt/wp-content/uploads/2017/09/2017.09.30.cri1-1olimpico-b-016-74x49.jpg 74w, https://www.cri.pt/wp-content/uploads/2017/09/2017.09.30.cri1-1olimpico-b-016-111x74.jpg 111w, https://www.cri.pt/wp-content/uploads/2017/09/2017.09.30.cri1-1olimpico-b-016-215x143.jpg 215w" sizes="auto, (max-width: 2048px) 100vw, 2048px" /></p>
<p>ANOS NASCIMENTO: 2003 e 2004</p>
<hr />
<p><a href="https://www.cri.pt/?page_id=6863">ARQUIVO (ÉPOCAS ANTERIORES)</a></p>
<p><a href="https://www.cri.pt/?tag=iniciados-201718">FOTOS &#8211; ÉPOCA 2017/18</a></p>
<div class="mks_separator" style="border-bottom: 1px double;"></div>
<em><strong>COMPETIÇÕES OFICIAIS<br />
</strong></em><div class="mks_separator" style="border-bottom: 1px double;"></div>
<p><strong><a href="http://resultados.fpf.pt/Competition/Details?competitionId=16078&amp;seasonId=97" target="_blank" rel="noopener">CAMPEONATO DISTRITAL DA A.F. SETÚBAL (3ª DIV. &#8211; FASE COMPLEMENTAR &#8211; NÍVEL 1)</a></strong></p>
<p>18 Fev 2018 <strong>CRI</strong> 1-1 G.Corroios (Golo: José Vitoreira)<br />
25 Fev 2018 S.Domingos 2-1 <strong>CRI</strong> (Golo: Pedro Ingrez)<br />
4 Mar 2018 <strong>CRI</strong> 0-1 Os Pelezinhos<br />
11 Mar 2018 <strong>CRI</strong> 0-3 Almada 2015<br />
18 Mar 2018 União Praiense 3-0 <strong>CRI</strong><br />
25 Mar 2018 <strong>CRI</strong> 1-0 Olímpico Montijo (Golo: Tomás Marques)<br />
15 Abr 2018 Grandolense 1-0 <strong>CRI<br />
</strong>22 Abr 2018 G.Corroios 0-2 <strong>CRI</strong><br />
25 Abr 2018 <strong>CRI</strong> 0-2 S. Domingos<br />
29 Abr 2018 Os Pelezinhos 2-0 <strong>CRI</strong><br />
6 Mai 2018 Almada 2015 6-0 <strong>CRI</strong><br />
13 Mai 2018 <strong>CRI</strong> 0-0 U. Praiense<br />
20 Mai 2018 Olímpico Montijo 1-0 <strong>CRI</strong><br />
27 Mai 2018 <strong>CRI</strong> 1-2 Grandolense</p>
<p>CLASSIFICAÇÃO FINAL</p>
<p><img loading="lazy" decoding="async" class="wp-image-14210 alignnone" src="https://www.cri.pt/wp-content/uploads/2018/07/iniciados-class-compl-2017-18.jpg" alt="" width="480" height="688" srcset="https://www.cri.pt/wp-content/uploads/2018/07/iniciados-class-compl-2017-18.jpg 1280w, https://www.cri.pt/wp-content/uploads/2018/07/iniciados-class-compl-2017-18-209x300.jpg 209w, https://www.cri.pt/wp-content/uploads/2018/07/iniciados-class-compl-2017-18-768x1100.jpg 768w, https://www.cri.pt/wp-content/uploads/2018/07/iniciados-class-compl-2017-18-715x1024.jpg 715w, https://www.cri.pt/wp-content/uploads/2018/07/iniciados-class-compl-2017-18-89x128.jpg 89w, https://www.cri.pt/wp-content/uploads/2018/07/iniciados-class-compl-2017-18-22x32.jpg 22w, https://www.cri.pt/wp-content/uploads/2018/07/iniciados-class-compl-2017-18-70x100.jpg 70w, https://www.cri.pt/wp-content/uploads/2018/07/iniciados-class-compl-2017-18-35x50.jpg 35w, https://www.cri.pt/wp-content/uploads/2018/07/iniciados-class-compl-2017-18-17x25.jpg 17w, https://www.cri.pt/wp-content/uploads/2018/07/iniciados-class-compl-2017-18-990x1418.jpg 990w, https://www.cri.pt/wp-content/uploads/2018/07/iniciados-class-compl-2017-18-300x430.jpg 300w" sizes="auto, (max-width: 480px) 100vw, 480px" /></p>
<div class="mks_separator" style="border-bottom: 2px double;"></div>
<hr />
<p><a href="http://resultados.fpf.pt/Competition/Details?competitionId=16078&amp;seasonId=97" target="_blank" rel="noopener">CAMPEONATO DISTRITAL DA A.F.SETÚBAL (3ª DIV. &#8211; Série &#8220;B&#8221;)</a></p>
<p><strong>OS NOSSOS RESULTADOS:</strong></p>
<p>30 Set 2017  <strong>CRI</strong> 1-1 Olímpico&#8221;B&#8221; (Golo: José Vitoreira)<br />
5 Out 2017 Rosarense 1-0 <strong>CRI</strong><br />
8 Out 2017 <strong>CRI</strong> 2-0 Barreirense&#8221;C&#8221; (Golos: Daniel Matos e José Vitoreira)<br />
15 Out 2017 Seixal1925&#8243;B&#8221; 1-2 <strong>CRI</strong> (Golos: <span class="_5yl5">Tiago Carmelo e Rúben Horta)<br />
</span>22 Out 2017 <strong>CRI</strong> 3-2 ADQ Conde&#8221;B&#8221; (Golos: José Vitoreira 2 e Tiago Carmelo)<br />
29 Out 2017 Vinhense 0-3 <strong>CRI</strong> (Golos: Tomás Marques e Rúben Horta 2 )<br />
1 Nov 2017 <strong>CRI</strong> 1-2 Almada2015 &#8220;B&#8221; (Golo: Tiago Carmelo )<br />
5 Nov 2017 Samouquense x CRI (Cancelado, AD Samouquense desistiu)<br />
12 Nov 2017 <strong>CRI</strong> 0-2 Moitense<br />
26 Nov 2017 Olímpico&#8221;B&#8221; 3-1 <strong>CRI </strong>(Golo: Tiago Carmelo )<br />
3 Dez 2017 <strong>CRI</strong> 0-3 Rosarense<br />
10 Dez 2017 Barreirense&#8221;C&#8221; 2-3 <strong>CRI </strong>(Golos: Tiago Carmelo 3 )<br />
17 Dez 2017 <strong>CRI</strong> 4-0 Seixal1925 &#8220;B&#8221; (Golos: Tiago Carmelo 2, David Luís e José Vitoreira)<br />
7 Jan 2018 ADQ Conde&#8221;B&#8221; 0-4 <strong>CRI </strong>(Golos: Tiago Carmelo, Tomás Marques 2 e Pedro Ingrez)<br />
14 Jan 2018 <strong>CRI</strong> 3-1 Vinhense (Golos: Tiago Carmelo, Tomás Marques e Rúben Horta)<br />
21 Jan 2018 Almada2015 &#8220;B&#8221; 1-0 <strong>CRI</strong><br />
28 Jan 2018 CRI x Samouquense (Cancelado, AD Samouquense desistiu)<br />
4 Fev 2018 Moitense 1-1 <strong>CRI</strong> (Golo: Tiago Carmelo)</p>
<p>&nbsp;</p>
<p><img loading="lazy" decoding="async" class="wp-image-13308 size-large alignnone" src="https://www.cri.pt/wp-content/uploads/2018/02/classificacao-final-iniciados-207-18-468x1024.jpg" alt="" width="468" height="1024" srcset="https://www.cri.pt/wp-content/uploads/2018/02/classificacao-final-iniciados-207-18-468x1024.jpg 468w, https://www.cri.pt/wp-content/uploads/2018/02/classificacao-final-iniciados-207-18-137x300.jpg 137w, https://www.cri.pt/wp-content/uploads/2018/02/classificacao-final-iniciados-207-18-58x128.jpg 58w, https://www.cri.pt/wp-content/uploads/2018/02/classificacao-final-iniciados-207-18-15x32.jpg 15w, https://www.cri.pt/wp-content/uploads/2018/02/classificacao-final-iniciados-207-18-46x100.jpg 46w, https://www.cri.pt/wp-content/uploads/2018/02/classificacao-final-iniciados-207-18-23x50.jpg 23w, https://www.cri.pt/wp-content/uploads/2018/02/classificacao-final-iniciados-207-18-11x25.jpg 11w, https://www.cri.pt/wp-content/uploads/2018/02/classificacao-final-iniciados-207-18.jpg 640w" sizes="auto, (max-width: 468px) 100vw, 468px" /></p>
<p>&nbsp;</p>
<hr />
<p><strong>GOLOS:</strong></p>
<p>Tiago Carmelo 12<br />
José Vitoreira 5<br />
Rúben Horta 4<br />
Tomás Marques 4<br />
Daniel Matos 1<br />
David Luís 1<br />
Pedro Ingrez 1</p>
[a] &#8211; No jogo com ADQC &#8220;&#8221;B 0-4 CRI, o árbitro enganou-se e enviou a informação errada para a AFS, considerou que tenha sido 0-3</p>
<p>&nbsp;</p>

<p>ANOS NASCIMENTO: 2003 e 2004 ARQUIVO (ÉPOCAS ANTERIORES) FOTOS &#8211; ÉPOCA 2017/18 COMPETIÇÕES OFICIAIS CAMPEONATO DISTRITAL DA A.F. SETÚBAL (3ª DIV. &#8211; FASE COMPLEMENTAR &#8211; NÍVEL 1) 18 Fev 2018 CRI 1-1 G.Corroios (Golo: José Vitoreira) 25 Fev 2018 S.Domingos 2-1 CRI (Golo: Pedro Ingrez) 4 Mar 2018 CRI 0-1 Os Pelezinhos 11 Mar 2018 [&hellip;]</p>
