{"id":18000,"date":"2020-12-09T15:34:01","date_gmt":"2020-12-09T15:34:01","guid":{"rendered":"http:\/\/www.cri.pt\/?page_id=18000"},"modified":"2026-03-13T18:04:05","modified_gmt":"2026-03-13T18:04:05","slug":"entidade-formadora","status":"publish","type":"page","link":"https:\/\/www.cri.pt\/?page_id=18000","title":{"rendered":"CERTIFICA\u00c7\u00c3O FPF"},"content":{"rendered":"<p style=\"text-align: center;\"><img loading=\"lazy\" decoding=\"async\" class=\"aligncenter wp-image-11789 \" src=\"https:\/\/www.cri.pt\/wp-content\/uploads\/2015\/04\/cri_emblema_oficial-150x150.png\" alt=\"\" width=\"103\" height=\"103\" srcset=\"https:\/\/www.cri.pt\/wp-content\/uploads\/2015\/04\/cri_emblema_oficial-150x150.png 150w, https:\/\/www.cri.pt\/wp-content\/uploads\/2015\/04\/cri_emblema_oficial-65x65.png 65w, https:\/\/www.cri.pt\/wp-content\/uploads\/2015\/04\/cri_emblema_oficial-90x90.png 90w, https:\/\/www.cri.pt\/wp-content\/uploads\/2015\/04\/cri_emblema_oficial-300x300.png 300w\" sizes=\"auto, (max-width: 103px) 100vw, 103px\" \/><\/p>\n<p><strong>VIS\u00c3O<br \/>\n<\/strong>O Clube Recreio e Instru\u00e7\u00e3o pretende perfilar-se entre as melhores organiza\u00e7\u00f5es de Futebol de Forma\u00e7\u00e3o do distrito de Set\u00fabal, com reconhecimento pela qualidade na forma\u00e7\u00e3o de jogadores, proporcionando tamb\u00e9m aos seus jogadores uma experi\u00eancia enriquecedora e transformadora nas dimens\u00f5es pessoal e social.<\/p>\n<p><strong>MISS\u00c3O<br \/>\n<\/strong>Formar jogadores de futebol de acordo com a identidade e valores do Clube, dando prioridade ao desenvolvimento global, aos n\u00edveis desportivo, social e cultural. Permitir aos jovens com maior apet\u00eancia para o futebol acederem a patamares de rendimento superior.<\/p>\n<p><strong>IDENTIDADE E VALORES<br \/>\n<\/strong>Desenvolver uma atitude e ambi\u00e7\u00e3o determinantes para o sucesso procurando sempre o m\u00e1ximo desempenho.<br \/>\nSer ambicioso, procurando atingir sempre os objetivos, n\u00e3o esquecendo a humildade que tem de ser chave do sucesso.<br \/>\nAcreditar nos valores da pr\u00e1tica desportiva como meio de forma\u00e7\u00e3o dos jovens, de desenvolvimento de compet\u00eancias sociais como \u00e9tica, companheirismo, responsabilidade, solidariedade, honestidade e competitividade que devem ser a bandeira identificadora de todas as equipas dos v\u00e1rios escal\u00f5es e de todos os t\u00e9cnicos.<\/p>\n<p><strong>OBJETIVOS<br \/>\n<\/strong>Formar jogadores de acordo com uma vis\u00e3o clara e objetiva, dando prioridade ao desenvolvimento do jogador, atrav\u00e9s de conte\u00fados espec\u00edficos necess\u00e1rios em cada etapa nas vertentes t\u00e9cnicas, t\u00e1ticas, f\u00edsicas e mentais, garantindo em simult\u00e2neo, que os jogadores (crian\u00e7as) possam tamb\u00e9m obter a satisfa\u00e7\u00e3o que pretendem (divers\u00e3o) ao praticar a modalidade, mas sempre dentro de um ambiente de exig\u00eancia adequado \u00e0 sua idade.<\/p>\n<div class=\"mks_separator\" style=\"border-bottom: 2px solid;\"><\/div>\n<p><a href=\"https:\/\/www.cri.pt\/wp-content\/uploads\/2026\/03\/Manual-de-Acolhimento-e-Boas-Praticas_versao_web.pdf\" target=\"_blank\" rel=\"noopener\"><strong>MANUAL DE ACOLHIMENTO E BOAS PR\u00c1TICAS<\/strong><\/a>\u00a0(Regulamento disciplinar inclu\u00eddo)<\/p>\n<p><a href=\"https:\/\/www.cri.pt\/?page_id=18329\"><strong>ESTRUTURA ORGANIZACIONAL<\/strong><\/a><\/p>\n<p><strong><a href=\"https:\/\/www.cri.pt\/?p=18180\">\u00c9TICA DESPORTIVA<\/a><\/strong><\/p>\n<p><strong>FORMA\u00c7\u00c3O DESPORTIVA<\/strong><\/p>\n<p><a href=\"https:\/\/www.cri.pt\/?page_id=18326\"><strong>ACOMPANHAMENTO ESCOLAR, PESSOAL E SOCIAL<\/strong><\/a><\/p>\n<p><a href=\"https:\/\/www.cri.pt\/?page_id=18309\"><strong>GABINETE DE RECRUTAMENTO E ANGARIA\u00c7\u00c3O<\/strong><\/a><\/p>\n<p>&nbsp;<\/p>\n<div class=\"mks_separator\" style=\"border-bottom: 2px solid;\"><\/div>\n<p><a href=\"https:\/\/www.cri.pt\/?cat=487\">EVENTOS RELACIONADOS COM A FORMA\u00c7\u00c3O<\/a><\/p>\n<div class=\"mks_separator\" style=\"border-bottom: 4px solid;\"><\/div>\n<p><a href=\"https:\/\/www.cri.pt\/wp-content\/uploads\/2020\/06\/CRI-Politica-de-privacidade-de-dados-e-protecao-de-dados-pessoais.pdf\">POL\u00cdTICA DE PRIVACIDADE E DADOS PESSOAIS<\/a><\/p>\n<p><a href=\"https:\/\/cri.emjogo.pt\/admin\/\" target=\"_blank\" rel=\"noopener\">PLATAFORMA GEST\u00c3O INTERNA (acesso restrito)<\/a><\/p>\n<p>&nbsp;<\/p>\n<p>&nbsp;<\/p>\n","protected":false},"excerpt":{"rendered":"<p>VIS\u00c3O O Clube Recreio e Instru\u00e7\u00e3o pretende perfilar-se entre as melhores organiza\u00e7\u00f5es de Futebol de Forma\u00e7\u00e3o do distrito de Set\u00fabal, com reconhecimento pela qualidade na forma\u00e7\u00e3o de jogadores, proporcionando tamb\u00e9m aos seus jogadores uma experi\u00eancia enriquecedora e transformadora nas dimens\u00f5es pessoal e social. MISS\u00c3O Formar jogadores de futebol de acordo com a identidade e valores [&hellip;]<\/p>\n","protected":false},"author":1,"featured_media":0,"parent":0,"menu_order":0,"comment_status":"closed","ping_status":"closed","template":"","meta":{"footnotes":""},"class_list":["post-18000","page","type-page","status-publish","hentry"],"_links":{"self":[{"href":"https:\/\/www.cri.pt\/index.php?rest_route=\/wp\/v2\/pages\/18000","targetHints":{"allow":["GET"]}}],"collection":[{"href":"https:\/\/www.cri.pt\/index.php?rest_route=\/wp\/v2\/pages"}],"about":[{"href":"https:\/\/www.cri.pt\/index.php?rest_route=\/wp\/v2\/types\/page"}],"author":[{"embeddable":true,"href":"https:\/\/www.cri.pt\/index.php?rest_route=\/wp\/v2\/users\/1"}],"replies":[{"embeddable":true,"href":"https:\/\/www.cri.pt\/index.php?rest_route=%2Fwp%2Fv2%2Fcomments&post=18000"}],"version-history":[{"count":20,"href":"https:\/\/www.cri.pt\/index.php?rest_route=\/wp\/v2\/pages\/18000\/revisions"}],"predecessor-version":[{"id":28336,"href":"https:\/\/www.cri.pt\/index.php?rest_route=\/wp\/v2\/pages\/18000\/revisions\/28336"}],"wp:attachment":[{"href":"https:\/\/www.cri.pt\/index.php?rest_route=%2Fwp%2Fv2%2Fmedia&parent=18000"}],"curies":[{"name":"wp","href":"https:\/\/api.w.org\/{rel}","templated":true}]}}