{"id":18701,"date":"2021-08-18T04:23:41","date_gmt":"2021-08-18T04:23:41","guid":{"rendered":"http:\/\/www.cri.pt\/?page_id=18701"},"modified":"2022-06-17T07:27:11","modified_gmt":"2022-06-17T07:27:11","slug":"2021-22-juvenis-sub-17","status":"publish","type":"page","link":"https:\/\/www.cri.pt\/?page_id=18701","title":{"rendered":"2021\/22 JUVENIS (SUB-17)"},"content":{"rendered":"<p><img loading=\"lazy\" decoding=\"async\" class=\"aligncenter size-full wp-image-19303\" src=\"https:\/\/www.cri.pt\/wp-content\/uploads\/2021\/12\/2021_12_11_cri_0_01_samouquense_081.jpg\" alt=\"\" width=\"1620\" height=\"1080\" srcset=\"https:\/\/www.cri.pt\/wp-content\/uploads\/2021\/12\/2021_12_11_cri_0_01_samouquense_081.jpg 1620w, https:\/\/www.cri.pt\/wp-content\/uploads\/2021\/12\/2021_12_11_cri_0_01_samouquense_081-300x200.jpg 300w, https:\/\/www.cri.pt\/wp-content\/uploads\/2021\/12\/2021_12_11_cri_0_01_samouquense_081-1024x683.jpg 1024w, https:\/\/www.cri.pt\/wp-content\/uploads\/2021\/12\/2021_12_11_cri_0_01_samouquense_081-768x512.jpg 768w, https:\/\/www.cri.pt\/wp-content\/uploads\/2021\/12\/2021_12_11_cri_0_01_samouquense_081-1536x1024.jpg 1536w, https:\/\/www.cri.pt\/wp-content\/uploads\/2021\/12\/2021_12_11_cri_0_01_samouquense_081-128x85.jpg 128w, https:\/\/www.cri.pt\/wp-content\/uploads\/2021\/12\/2021_12_11_cri_0_01_samouquense_081-32x21.jpg 32w, https:\/\/www.cri.pt\/wp-content\/uploads\/2021\/12\/2021_12_11_cri_0_01_samouquense_081-100x67.jpg 100w, https:\/\/www.cri.pt\/wp-content\/uploads\/2021\/12\/2021_12_11_cri_0_01_samouquense_081-50x33.jpg 50w, https:\/\/www.cri.pt\/wp-content\/uploads\/2021\/12\/2021_12_11_cri_0_01_samouquense_081-25x17.jpg 25w, https:\/\/www.cri.pt\/wp-content\/uploads\/2021\/12\/2021_12_11_cri_0_01_samouquense_081-414x276.jpg 414w, https:\/\/www.cri.pt\/wp-content\/uploads\/2021\/12\/2021_12_11_cri_0_01_samouquense_081-470x313.jpg 470w, https:\/\/www.cri.pt\/wp-content\/uploads\/2021\/12\/2021_12_11_cri_0_01_samouquense_081-640x426.jpg 640w, https:\/\/www.cri.pt\/wp-content\/uploads\/2021\/12\/2021_12_11_cri_0_01_samouquense_081-130x86.jpg 130w, https:\/\/www.cri.pt\/wp-content\/uploads\/2021\/12\/2021_12_11_cri_0_01_samouquense_081-187x124.jpg 187w, https:\/\/www.cri.pt\/wp-content\/uploads\/2021\/12\/2021_12_11_cri_0_01_samouquense_081-990x660.jpg 990w, https:\/\/www.cri.pt\/wp-content\/uploads\/2021\/12\/2021_12_11_cri_0_01_samouquense_081-1320x880.jpg 1320w, https:\/\/www.cri.pt\/wp-content\/uploads\/2021\/12\/2021_12_11_cri_0_01_samouquense_081-450x300.jpg 450w\" sizes=\"auto, (max-width: 1620px) 100vw, 1620px\" \/><\/p>\n<div class=\"mks_separator\" style=\"border-bottom: 2px solid;\"><\/div>\n<ul>\n<li><a href=\"https:\/\/www.cri.pt\/?page_id=6863\">ARQUIVO \u00c9POCAS ANTERIORES<\/a><\/li>\n<li><strong>\u00c9POCA 2021\/2<\/strong>\n<ul>\n<li><a href=\"#JOGADORES\"><strong>JOGADORES<\/strong><\/a><\/li>\n<li><a href=\"#TREINADORES. DIRIGENTES. COLABORADORES\"><strong>TREINADORES. DIRIGENTES. COLABORADORES<\/strong> <\/a><\/li>\n<li><a href=\"https:\/\/www.cri.pt\/?tag=Juvenis-2021\/22\"><strong>FOTOS. V\u00cdDEOS. <\/strong><strong>NOT\u00cdCIAS<\/strong><\/a><\/li>\n<li><a href=\"https:\/\/resultados.fpf.pt\/Competition\/Details?competitionId=20751&amp;seasonId=101\" target=\"_blank\" rel=\"noopener\"><strong>RESULTADOS E CLASSIFICA\u00c7\u00d5ES<\/strong><\/a> (Campeonato A.F. Set\u00fabal 3\u00aa Div &#8211; S\u00e9rie &#8220;B&#8221; &#8211; 1\u00aa Fase)<\/li>\n<li><a href=\"https:\/\/resultados.fpf.pt\/Competition\/Details?competitionId=21210&amp;seasonId=101\" target=\"_blank\" rel=\"noopener\"><strong>RESULTADOS<\/strong> E <strong>CLASSIFICA\u00c7\u00d5ES<\/strong><\/a> (Torneio Complementar A.F. Set\u00fabal &#8211; <strong>S\u00e9rie &#8220;C&#8221;<\/strong>)<\/li>\n<\/ul>\n<\/li>\n<\/ul>\n<div class=\"mks_separator\" style=\"border-bottom: 3px solid;\"><\/div>\n<p><a href=\"https:\/\/resultados.fpf.pt\/Competition\/Details?competitionId=21210&amp;seasonId=101\" target=\"_blank\" rel=\"noopener\">Torneio Complementar A.F. Set\u00fabal &#8211; <strong>S\u00e9rie &#8220;C&#8221;<\/strong><\/a><br \/>\n<a href=\"https:\/\/resultados.fpf.pt\/Club\/Details?clubId=667\" target=\"_blank\" rel=\"noopener\">OS NOSSOS JOGOS OFICIAIS<\/a>:<\/p>\n<p>19 mar 2022 <strong>CRI<\/strong> 2-1 ADQC &#8220;B&#8221; &#8211; <a href=\"https:\/\/resultados.fpf.pt\/Match\/GetMatchInformation?matchId=1736066\" target=\"_blank\" rel=\"noopener\">FICHA DE JOGO<\/a> &#8211; <a href=\"https:\/\/www.cri.pt\/?p=19846\">FOTOS<\/a><br \/>\n02 abr 2022 B. Azeit\u00e3o &#8220;B&#8221; 0-3 <strong>CRI <\/strong>&#8211; <a href=\"https:\/\/resultados.fpf.pt\/Match\/GetMatchInformation?matchId=1736071\" target=\"_blank\" rel=\"noopener\">FICHA DE JOGO<\/a><br \/>\n09 abr 2022 <strong>CRI<\/strong> 1-0 Ol\u00edmpico &#8220;B&#8221; &#8211; <a href=\"https:\/\/resultados.fpf.pt\/Match\/GetMatchInformation?matchId=1736073\" target=\"_blank\" rel=\"noopener\">FICHA DE JOGO<\/a> &#8211; <a href=\"https:\/\/www.cri.pt\/?p=20017\">FOTOS<\/a><br \/>\n23 abr 2022 Samouquense 1-4 <strong>CRI <\/strong>&#8211; <a href=\"https:\/\/resultados.fpf.pt\/Match\/GetMatchInformation?matchId=1736074\" target=\"_blank\" rel=\"noopener\">FICHA DE JOGO<\/a><br \/>\n07 mai 2022 ADQC &#8220;B&#8221; 1-0 <strong>CRI<\/strong> &#8211; <a href=\"https:\/\/resultados.fpf.pt\/Match\/GetMatchInformation?matchId=1736076\" target=\"_blank\" rel=\"noopener\">FICHA DE JOGO<\/a> &#8211; <a href=\"https:\/\/www.cri.pt\/?p=20160\">FOTOS<\/a><br \/>\n21 mai 2022 <strong>CRI<\/strong> 3-1 B. Azeit\u00e3o &#8220;B&#8221; &#8211; <a href=\"https:\/\/resultados.fpf.pt\/Match\/GetMatchInformation?matchId=1736081\" target=\"_blank\" rel=\"noopener\">FICHA DE JOGO<\/a> &#8211; <a href=\"https:\/\/www.cri.pt\/?p=20238\">FOTOS<\/a><br \/>\n04 jun 2022 Ol\u00edmpico &#8220;B&#8221; 1-2 <strong>CRI<\/strong> &#8211; <a href=\"https:\/\/resultados.fpf.pt\/Match\/GetMatchInformation?matchId=1736083\" target=\"_blank\" rel=\"noopener\">FICHA DE JOGO<\/a> &#8211; <a href=\"https:\/\/www.cri.pt\/?p=20295\">FOTOS<\/a><br \/>\n11 jun <strong>CRI<\/strong> 2-0 Samouquense &#8211; <a href=\"https:\/\/resultados.fpf.pt\/Match\/GetMatchInformation?matchId=1736084\" target=\"_blank\" rel=\"noopener\">FICHA DE JOGO<\/a> &#8211; <a href=\"https:\/\/www.cri.pt\/?p=20323\">FOTOS<\/a><\/p>\n<p>CLASSIFICA\u00c7\u00c3O FINAL &#8211; Torneio Complementar A.F. Set\u00fabal &#8211; <strong>S\u00e9rie &#8220;C&#8221;<\/strong><\/p>\n<p><img loading=\"lazy\" decoding=\"async\" class=\"alignnone wp-image-20351\" src=\"https:\/\/www.cri.pt\/wp-content\/uploads\/2022\/06\/tcomplementarjuvenis21_22.jpg\" alt=\"\" width=\"360\" height=\"509\" srcset=\"https:\/\/www.cri.pt\/wp-content\/uploads\/2022\/06\/tcomplementarjuvenis21_22.jpg 640w, https:\/\/www.cri.pt\/wp-content\/uploads\/2022\/06\/tcomplementarjuvenis21_22-212x300.jpg 212w, https:\/\/www.cri.pt\/wp-content\/uploads\/2022\/06\/tcomplementarjuvenis21_22-91x128.jpg 91w, https:\/\/www.cri.pt\/wp-content\/uploads\/2022\/06\/tcomplementarjuvenis21_22-23x32.jpg 23w, https:\/\/www.cri.pt\/wp-content\/uploads\/2022\/06\/tcomplementarjuvenis21_22-71x100.jpg 71w, https:\/\/www.cri.pt\/wp-content\/uploads\/2022\/06\/tcomplementarjuvenis21_22-35x50.jpg 35w, https:\/\/www.cri.pt\/wp-content\/uploads\/2022\/06\/tcomplementarjuvenis21_22-18x25.jpg 18w, https:\/\/www.cri.pt\/wp-content\/uploads\/2022\/06\/tcomplementarjuvenis21_22-300x424.jpg 300w\" sizes=\"auto, (max-width: 360px) 100vw, 360px\" \/><\/p>\n<p>&nbsp;<\/p>\n<div class=\"mks_separator\" style=\"border-bottom: 3px solid;\"><\/div>\n<p><a href=\"https:\/\/resultados.fpf.pt\/Competition\/Details?competitionId=20751&amp;seasonId=101\" target=\"_blank\" rel=\"noopener\">RESULTADOS E CLASSIFICA\u00c7\u00d5ES<\/a> (Campeonato A.F.Set\u00fabal 3\u00aa Div &#8211; S\u00e9rie &#8220;B&#8221; &#8211; 1\u00aa Fase)<\/p>\n<p>OS NOSSOS OFICIAIS:<\/p>\n<p>09 OUT 2021 &#8211; Samouquense 3-2 <strong>CRI<\/strong> &#8211; <a href=\"https:\/\/resultados.fpf.pt\/Match\/GetMatchInformation?matchId=1669337\" target=\"_blank\" rel=\"noopener\">FICHA DE JOGO<\/a><br \/>\n16 OUT 2021 &#8211; <strong>CRI<\/strong> 0-4 Moitense &#8211; <a href=\"https:\/\/resultados.fpf.pt\/Match\/GetMatchInformation?matchId=1669341\" target=\"_blank\" rel=\"noopener\">FICHA DE JOGO<\/a> &#8211; <strong><a href=\"https:\/\/www.cri.pt\/?p=18950\">FOTO<\/a><\/strong><br \/>\n24 OUT 2021 &#8211; ADQ Conde&#8221;B&#8221; 4-0 <strong>CRI<\/strong> &#8211; <a href=\"https:\/\/resultados.fpf.pt\/Match\/GetMatchInformation?matchId=1669345\" target=\"_blank\" rel=\"noopener\">FICHA DE JOGO<\/a> &#8211; <strong><a href=\"https:\/\/www.cri.pt\/?p=18998\">FOTOS<\/a><\/strong><br \/>\n06 NOV 2021 &#8211; <strong>CRI<\/strong> 1-3 C.Ind\u00fastria &#8220;B&#8221; &#8211; <a href=\"https:\/\/resultados.fpf.pt\/Match\/GetMatchInformation?matchId=1669349\" target=\"_blank\" rel=\"noopener\">FICHA DE JOGO<\/a> &#8211; <strong><a href=\"https:\/\/www.cri.pt\/?p=19040\">FOTOS<\/a><\/strong><br \/>\n13 NOV 2021 &#8211; Alcochetense&#8221;B&#8221; 6-0 <strong>CRI &#8211; <\/strong><a href=\"https:\/\/resultados.fpf.pt\/Match\/GetMatchInformation?matchId=1669353\" target=\"_blank\" rel=\"noopener\">FICHA DE JOGO<\/a><br \/>\n20 NOV 2021 &#8211; <strong>CRI<\/strong> 3-0 B. Azeit\u00e3o &#8220;B&#8221; &#8211; <a href=\"https:\/\/resultados.fpf.pt\/Match\/GetMatchInformation?matchId=1669357\" target=\"_blank\" rel=\"noopener\">FICHA DE JOGO<\/a> &#8211; <strong><a href=\"https:\/\/www.cri.pt\/?p=19140\">FOTOS<\/a><\/strong><br \/>\n27 NOV 2021 &#8211; D. Jo\u00e3oI\u00a0 3-0 <strong>CRI<\/strong> &#8211; <a href=\"https:\/\/resultados.fpf.pt\/Match\/GetMatchInformation?matchId=1669361\" target=\"_blank\" rel=\"noopener\">FICHA DE JOGO<\/a> &#8211; <strong><a href=\"https:\/\/www.cri.pt\/?p=19221\">FOTOS<\/a><\/strong><br \/>\n11 DEZ 2021 &#8211; <strong>CRI<\/strong> 0-1 Samouquense &#8211; <a href=\"https:\/\/resultados.fpf.pt\/Match\/GetMatchInformation?matchId=1669365\" target=\"_blank\" rel=\"noopener\">FICHA DE JOGO<\/a> &#8211; <strong><a href=\"https:\/\/www.cri.pt\/?p=19301\">FOTOS<\/a><\/strong><br \/>\n18 DEZ 2021 &#8211; Moitense 1-1 <strong>CRI<\/strong> &#8211; <a href=\"https:\/\/resultados.fpf.pt\/Match\/GetMatchInformation?matchId=1669369\" target=\"_blank\" rel=\"noopener\">FICHA DE JOGO<\/a><strong><br \/>\n<\/strong>15 JAN 2022 &#8211; <strong>CRI<\/strong> 0-1 ADQ Conde&#8221;B&#8221; &#8211; <a href=\"https:\/\/resultados.fpf.pt\/Match\/GetMatchInformation?matchId=1669373\" target=\"_blank\" rel=\"noopener\">FICHA DE JOGO<\/a> &#8211; <strong><a href=\"https:\/\/www.cri.pt\/?p=19498\">FOTOS<\/a><\/strong><br \/>\n22 JAN 2022 &#8211; C.Ind\u00fastria &#8220;B&#8221; 4-1 <strong>CRI <\/strong>&#8211; <a href=\"https:\/\/resultados.fpf.pt\/Match\/GetMatchInformation?matchId=1669377\" target=\"_blank\" rel=\"noopener\">FICHA DE JOGO<\/a><br \/>\n05 FEV 2022 &#8211; <strong>CRI<\/strong> 4-4 Alcochetense&#8221;B&#8221; &#8211; <a href=\"https:\/\/resultados.fpf.pt\/Match\/GetMatchInformation?matchId=1669381\" target=\"_blank\" rel=\"noopener\">FICHA DE JOGO<\/a><br \/>\n12 FEV 2022 &#8211; B. Azeit\u00e3o &#8220;B&#8221; 2-2 <strong>CRI<\/strong> &#8211; <a href=\"https:\/\/resultados.fpf.pt\/Match\/GetMatchInformation?matchId=1669385\" target=\"_blank\" rel=\"noopener\">FICHA DE JOGO<\/a><br \/>\n19 FEV 2022 &#8211; <strong>CRI<\/strong> 2-4 D. Jo\u00e3o I &#8211; <a href=\"https:\/\/resultados.fpf.pt\/Match\/GetMatchInformation?matchId=1669389\" target=\"_blank\" rel=\"noopener\">FICHA DE JOGO<\/a><\/p>\n<p>CLASSIFICA\u00c7\u00c3O FINAL S\u00c9RIE &#8220;B&#8221;<\/p>\n<p><img loading=\"lazy\" decoding=\"async\" class=\"wp-image-19760 alignnone\" src=\"https:\/\/www.cri.pt\/wp-content\/uploads\/2022\/03\/juvenis1fase.jpg\" alt=\"\" width=\"360\" height=\"686\" srcset=\"https:\/\/www.cri.pt\/wp-content\/uploads\/2022\/03\/juvenis1fase.jpg 640w, https:\/\/www.cri.pt\/wp-content\/uploads\/2022\/03\/juvenis1fase-157x300.jpg 157w, https:\/\/www.cri.pt\/wp-content\/uploads\/2022\/03\/juvenis1fase-537x1024.jpg 537w, https:\/\/www.cri.pt\/wp-content\/uploads\/2022\/03\/juvenis1fase-67x128.jpg 67w, https:\/\/www.cri.pt\/wp-content\/uploads\/2022\/03\/juvenis1fase-17x32.jpg 17w, https:\/\/www.cri.pt\/wp-content\/uploads\/2022\/03\/juvenis1fase-52x100.jpg 52w, https:\/\/www.cri.pt\/wp-content\/uploads\/2022\/03\/juvenis1fase-26x50.jpg 26w, https:\/\/www.cri.pt\/wp-content\/uploads\/2022\/03\/juvenis1fase-13x25.jpg 13w, https:\/\/www.cri.pt\/wp-content\/uploads\/2022\/03\/juvenis1fase-300x572.jpg 300w\" sizes=\"auto, (max-width: 360px) 100vw, 360px\" \/><\/p>\n<div class=\"mks_separator\" style=\"border-bottom: 3px solid;\"><\/div>\n<p><strong><a name=\"JOGADORES\"><\/a><\/strong><\/p>\n<p>JOGADORES<img loading=\"lazy\" decoding=\"async\" class=\"aligncenter wp-image-16614 size-full\" src=\"https:\/\/www.cri.pt\/wp-content\/uploads\/2019\/12\/barra-jogadores-e1591273100147.jpg\" alt=\"\" width=\"959\" height=\"105\" \/><div class=\"mks_separator\" style=\"border-bottom: 1px solid;\"><\/div>\n<p><a href=\"https:\/\/www.fpf.pt\/pt\/Jogadores\/Ficha-de-Jogador\/playerId\/1613351\" target=\"_blank\" rel=\"noopener\">Afonso Oliveira<\/a><br \/>\n<a href=\"https:\/\/www.fpf.pt\/pt\/Jogadores\/Ficha-de-Jogador\/playerId\/1834375\" target=\"_blank\" rel=\"noopener\">Daniel Batista<\/a><br \/>\n<a href=\"https:\/\/www.fpf.pt\/pt\/Jogadores\/Ficha-de-Jogador\/playerId\/1614390\" target=\"_blank\" rel=\"noopener\">David Batista Rodrigues<\/a><br \/>\n<a href=\"https:\/\/www.fpf.pt\/pt\/Jogadores\/Ficha-de-Jogador\/playerId\/1855006\" target=\"_blank\" rel=\"noopener\">David Taborda Rodrigues<\/a><br \/>\n<a href=\"https:\/\/www.fpf.pt\/pt\/Jogadores\/Ficha-de-Jogador\/playerId\/961648\" target=\"_blank\" rel=\"noopener\">Diogo Machado<\/a><br \/>\n<a href=\"https:\/\/www.fpf.pt\/pt\/Jogadores\/Ficha-de-Jogador\/playerId\/1824315\" target=\"_blank\" rel=\"noopener\">Diogo Louren\u00e7o<\/a><br \/>\n<a href=\"https:\/\/www.fpf.pt\/pt\/Jogadores\/Ficha-de-Jogador\/playerId\/2032044\" target=\"_blank\" rel=\"noopener\">Duarte Silva<\/a><br \/>\n<a href=\"https:\/\/www.fpf.pt\/pt\/Jogadores\/Ficha-de-Jogador\/playerId\/1741968\" target=\"_blank\" rel=\"noopener\">Duarte Travessa<\/a><br \/>\n<a href=\"https:\/\/www.fpf.pt\/pt\/Jogadores\/Ficha-de-Jogador\/playerId\/1579111\" target=\"_blank\" rel=\"noopener\">Filipe Gaspar<\/a><br \/>\n<a href=\"https:\/\/www.fpf.pt\/pt\/Jogadores\/Ficha-de-Jogador\/playerId\/1897488\" target=\"_blank\" rel=\"noopener\">Francisco Fragoso<\/a><br \/>\n<a href=\"https:\/\/www.fpf.pt\/pt\/Jogadores\/Ficha-de-Jogador\/playerId\/971149\" target=\"_blank\" rel=\"noopener\">Gabriel Fernandes<\/a><br \/>\n<a href=\"https:\/\/www.fpf.pt\/pt\/Jogadores\/Ficha-de-Jogador\/playerId\/2012786\" target=\"_blank\" rel=\"noopener\">Henrique Vinagre<\/a><br \/>\n<a href=\"https:\/\/www.fpf.pt\/pt\/Jogadores\/Ficha-de-Jogador\/playerId\/1766902\" target=\"_blank\" rel=\"noopener\">Hugo Pires<\/a><br \/>\n<a href=\"https:\/\/www.fpf.pt\/pt\/Jogadores\/Ficha-de-Jogador\/playerId\/1964335\" target=\"_blank\" rel=\"noopener\">Ivan Gra\u00e7a<\/a><br \/>\n<a href=\"https:\/\/www.fpf.pt\/pt\/Jogadores\/Ficha-de-Jogador\/playerId\/1741967\" target=\"_blank\" rel=\"noopener\">Joaquim Ferreira<\/a> *<br \/>\n<a href=\"https:\/\/www.fpf.pt\/pt\/Jogadores\/Ficha-de-Jogador\/playerId\/974195\" target=\"_blank\" rel=\"noopener\">Leandro Carromeu<\/a><br \/>\n<a href=\"https:\/\/www.fpf.pt\/pt\/Jogadores\/Ficha-de-Jogador\/playerId\/1579106\" target=\"_blank\" rel=\"noopener\">Pedro Gaspar<\/a><br \/>\n<a href=\"https:\/\/www.fpf.pt\/pt\/Jogadores\/Ficha-de-Jogador\/playerId\/1595810\" target=\"_blank\" rel=\"noopener\">Rafael Diniz<\/a><br \/>\n<a href=\"https:\/\/www.fpf.pt\/pt\/Jogadores\/Ficha-de-Jogador\/playerId\/1741960\" target=\"_blank\" rel=\"noopener\">Rafael Carvalho<\/a><br \/>\n<a href=\"https:\/\/www.fpf.pt\/pt\/Jogadores\/Ficha-de-Jogador\/playerId\/1594148\" target=\"_blank\" rel=\"noopener\">Rodrigo Fernandes<\/a><br \/>\n<a href=\"https:\/\/www.fpf.pt\/pt\/Jogadores\/Ficha-de-Jogador\/playerId\/1976330\" target=\"_blank\" rel=\"noopener\">Rodrigo Guia Gomes<\/a><br \/>\n<a href=\"https:\/\/www.fpf.pt\/pt\/Jogadores\/Ficha-de-Jogador\/playerId\/2031881\" target=\"_blank\" rel=\"noopener\">Sidney Coronel<\/a><br \/>\n<a href=\"https:\/\/www.fpf.pt\/pt\/Jogadores\/Ficha-de-Jogador\/playerId\/2068596\" target=\"_blank\" rel=\"noopener\">Tiago Amaral<\/a><br \/>\n<a href=\"https:\/\/www.fpf.pt\/pt\/Jogadores\/Ficha-de-Jogador\/playerId\/1746413\" target=\"_blank\" rel=\"noopener\">Tiago Eliseu<\/a><br \/>\n<a href=\"https:\/\/www.fpf.pt\/pt\/Jogadores\/Ficha-de-Jogador\/playerId\/966521\" target=\"_blank\" rel=\"noopener\">Tom\u00e1s Pereira<\/a><\/p>\n<p>*Iniciados<\/p>\n<div class=\"mks_separator\" style=\"border-bottom: 3px solid;\"><\/div>\n<strong><a name=\"TREINADORES. DIRIGENTES. COLABORADORES\"><\/a><\/strong><\/p>\n<p>TREINADORES. DIRIGENTES. COLABORADORES<strong><img loading=\"lazy\" decoding=\"async\" class=\"aligncenter wp-image-16612 size-full\" src=\"https:\/\/www.cri.pt\/wp-content\/uploads\/2019\/12\/barra-treinador-e1591273338543.jpg\" alt=\"\" width=\"1920\" height=\"187\" srcset=\"https:\/\/www.cri.pt\/wp-content\/uploads\/2019\/12\/barra-treinador-e1591273338543.jpg 1920w, https:\/\/www.cri.pt\/wp-content\/uploads\/2019\/12\/barra-treinador-e1591273338543-300x29.jpg 300w, https:\/\/www.cri.pt\/wp-content\/uploads\/2019\/12\/barra-treinador-e1591273338543-768x75.jpg 768w, https:\/\/www.cri.pt\/wp-content\/uploads\/2019\/12\/barra-treinador-e1591273338543-1024x100.jpg 1024w, https:\/\/www.cri.pt\/wp-content\/uploads\/2019\/12\/barra-treinador-e1591273338543-128x12.jpg 128w, https:\/\/www.cri.pt\/wp-content\/uploads\/2019\/12\/barra-treinador-e1591273338543-32x3.jpg 32w, https:\/\/www.cri.pt\/wp-content\/uploads\/2019\/12\/barra-treinador-e1591273338543-100x10.jpg 100w, https:\/\/www.cri.pt\/wp-content\/uploads\/2019\/12\/barra-treinador-e1591273338543-50x5.jpg 50w, https:\/\/www.cri.pt\/wp-content\/uploads\/2019\/12\/barra-treinador-e1591273338543-25x2.jpg 25w, https:\/\/www.cri.pt\/wp-content\/uploads\/2019\/12\/barra-treinador-e1591273338543-990x96.jpg 990w, https:\/\/www.cri.pt\/wp-content\/uploads\/2019\/12\/barra-treinador-e1591273338543-1320x129.jpg 1320w, https:\/\/www.cri.pt\/wp-content\/uploads\/2019\/12\/barra-treinador-e1591273338543-650x63.jpg 650w, https:\/\/www.cri.pt\/wp-content\/uploads\/2019\/12\/barra-treinador-e1591273338543-1536x150.jpg 1536w\" sizes=\"auto, (max-width: 1920px) 100vw, 1920px\" \/><\/strong><div class=\"mks_separator\" style=\"border-bottom: 1px solid;\"><\/div>\nTreinador: <strong>Leandro Barreto<\/strong><br \/>\nTreinador Adjunto: <strong>Gon\u00e7alo Cunha<br \/>\n<\/strong>Treinador de Guarda-redes: <strong>Angelino Matos<\/strong><br \/>\nMassagista: <strong>Paulo\u00a0Benedito<\/strong><br \/>\nDelegado: <strong>Filipe Oliveira<\/strong><br \/>\nCoordenador T\u00e9cnico: <strong>Jos\u00e9 L. Medeiros<\/strong><br \/>\n<div class=\"mks_separator\" style=\"border-bottom: 1px solid;\"><\/div>\n<p>&nbsp;<\/p>\n<p><img loading=\"lazy\" decoding=\"async\" class=\"aligncenter size-full wp-image-18893\" src=\"https:\/\/www.cri.pt\/wp-content\/uploads\/2021\/10\/2021.10.09-juvenis-no-1-jogo-oficial.jpeg\" alt=\"\" width=\"1310\" height=\"983\" srcset=\"https:\/\/www.cri.pt\/wp-content\/uploads\/2021\/10\/2021.10.09-juvenis-no-1-jogo-oficial.jpeg 1310w, https:\/\/www.cri.pt\/wp-content\/uploads\/2021\/10\/2021.10.09-juvenis-no-1-jogo-oficial-300x225.jpeg 300w, https:\/\/www.cri.pt\/wp-content\/uploads\/2021\/10\/2021.10.09-juvenis-no-1-jogo-oficial-1024x768.jpeg 1024w, https:\/\/www.cri.pt\/wp-content\/uploads\/2021\/10\/2021.10.09-juvenis-no-1-jogo-oficial-768x576.jpeg 768w, https:\/\/www.cri.pt\/wp-content\/uploads\/2021\/10\/2021.10.09-juvenis-no-1-jogo-oficial-128x96.jpeg 128w, https:\/\/www.cri.pt\/wp-content\/uploads\/2021\/10\/2021.10.09-juvenis-no-1-jogo-oficial-32x24.jpeg 32w, https:\/\/www.cri.pt\/wp-content\/uploads\/2021\/10\/2021.10.09-juvenis-no-1-jogo-oficial-100x75.jpeg 100w, https:\/\/www.cri.pt\/wp-content\/uploads\/2021\/10\/2021.10.09-juvenis-no-1-jogo-oficial-50x38.jpeg 50w, https:\/\/www.cri.pt\/wp-content\/uploads\/2021\/10\/2021.10.09-juvenis-no-1-jogo-oficial-25x19.jpeg 25w, https:\/\/www.cri.pt\/wp-content\/uploads\/2021\/10\/2021.10.09-juvenis-no-1-jogo-oficial-74x55.jpeg 74w, https:\/\/www.cri.pt\/wp-content\/uploads\/2021\/10\/2021.10.09-juvenis-no-1-jogo-oficial-111x83.jpeg 111w, https:\/\/www.cri.pt\/wp-content\/uploads\/2021\/10\/2021.10.09-juvenis-no-1-jogo-oficial-215x161.jpeg 215w, https:\/\/www.cri.pt\/wp-content\/uploads\/2021\/10\/2021.10.09-juvenis-no-1-jogo-oficial-990x743.jpeg 990w, https:\/\/www.cri.pt\/wp-content\/uploads\/2021\/10\/2021.10.09-juvenis-no-1-jogo-oficial-400x300.jpeg 400w\" sizes=\"auto, (max-width: 1310px) 100vw, 1310px\" \/><\/p>\n<p>&nbsp;<\/p>\n","protected":false},"excerpt":{"rendered":"<p>ARQUIVO \u00c9POCAS ANTERIORES \u00c9POCA 2021\/2 JOGADORES TREINADORES. DIRIGENTES. COLABORADORES FOTOS. V\u00cdDEOS. NOT\u00cdCIAS RESULTADOS E CLASSIFICA\u00c7\u00d5ES (Campeonato A.F. Set\u00fabal 3\u00aa Div &#8211; S\u00e9rie &#8220;B&#8221; &#8211; 1\u00aa Fase) RESULTADOS E CLASSIFICA\u00c7\u00d5ES (Torneio Complementar A.F. Set\u00fabal &#8211; S\u00e9rie &#8220;C&#8221;) Torneio Complementar A.F. Set\u00fabal &#8211; S\u00e9rie &#8220;C&#8221; OS NOSSOS JOGOS OFICIAIS: 19 mar 2022 CRI 2-1 ADQC &#8220;B&#8221; &#8211; [&hellip;]<\/p>\n","protected":false},"author":1,"featured_media":0,"parent":0,"menu_order":0,"comment_status":"closed","ping_status":"closed","template":"","meta":{"footnotes":""},"class_list":["post-18701","page","type-page","status-publish","hentry"],"_links":{"self":[{"href":"https:\/\/www.cri.pt\/index.php?rest_route=\/wp\/v2\/pages\/18701","targetHints":{"allow":["GET"]}}],"collection":[{"href":"https:\/\/www.cri.pt\/index.php?rest_route=\/wp\/v2\/pages"}],"about":[{"href":"https:\/\/www.cri.pt\/index.php?rest_route=\/wp\/v2\/types\/page"}],"author":[{"embeddable":true,"href":"https:\/\/www.cri.pt\/index.php?rest_route=\/wp\/v2\/users\/1"}],"replies":[{"embeddable":true,"href":"https:\/\/www.cri.pt\/index.php?rest_route=%2Fwp%2Fv2%2Fcomments&post=18701"}],"version-history":[{"count":44,"href":"https:\/\/www.cri.pt\/index.php?rest_route=\/wp\/v2\/pages\/18701\/revisions"}],"predecessor-version":[{"id":20352,"href":"https:\/\/www.cri.pt\/index.php?rest_route=\/wp\/v2\/pages\/18701\/revisions\/20352"}],"wp:attachment":[{"href":"https:\/\/www.cri.pt\/index.php?rest_route=%2Fwp%2Fv2%2Fmedia&parent=18701"}],"curies":[{"name":"wp","href":"https:\/\/api.w.org\/{rel}","templated":true}]}}