{"id":22320,"date":"2023-07-18T15:05:24","date_gmt":"2023-07-18T15:05:24","guid":{"rendered":"https:\/\/www.cri.pt\/?page_id=22320"},"modified":"2024-05-13T10:32:04","modified_gmt":"2024-05-13T10:32:04","slug":"2023-24-juvenis","status":"publish","type":"page","link":"https:\/\/www.cri.pt\/?page_id=22320","title":{"rendered":"2023\/24 JUVENIS"},"content":{"rendered":"<div class=\"entry-content herald-entry-content\">\n<p style=\"text-align: left;\"><div class=\"mks_separator\" style=\"border-bottom: 4px solid;\"><\/div>\n<p style=\"text-align: right;\">LINK: <a href=\"https:\/\/www.cri.pt\/?page_id=6863\">ARQUIVO \u00c9POCAS ANTERIORES<\/a><\/p>\n<p style=\"text-align: left;\"><div class=\"mks_separator\" style=\"border-bottom: 2px solid;\"><\/div>\n<p><img loading=\"lazy\" decoding=\"async\" class=\"aligncenter size-full wp-image-23778\" src=\"https:\/\/www.cri.pt\/wp-content\/uploads\/2024\/03\/2024_03_09_CRI_3_1_juvsarilhense_136.jpg\" alt=\"\" width=\"1280\" height=\"853\" srcset=\"https:\/\/www.cri.pt\/wp-content\/uploads\/2024\/03\/2024_03_09_CRI_3_1_juvsarilhense_136.jpg 1280w, https:\/\/www.cri.pt\/wp-content\/uploads\/2024\/03\/2024_03_09_CRI_3_1_juvsarilhense_136-300x200.jpg 300w, https:\/\/www.cri.pt\/wp-content\/uploads\/2024\/03\/2024_03_09_CRI_3_1_juvsarilhense_136-1024x682.jpg 1024w, https:\/\/www.cri.pt\/wp-content\/uploads\/2024\/03\/2024_03_09_CRI_3_1_juvsarilhense_136-768x512.jpg 768w, https:\/\/www.cri.pt\/wp-content\/uploads\/2024\/03\/2024_03_09_CRI_3_1_juvsarilhense_136-414x276.jpg 414w, https:\/\/www.cri.pt\/wp-content\/uploads\/2024\/03\/2024_03_09_CRI_3_1_juvsarilhense_136-470x313.jpg 470w, https:\/\/www.cri.pt\/wp-content\/uploads\/2024\/03\/2024_03_09_CRI_3_1_juvsarilhense_136-640x426.jpg 640w, https:\/\/www.cri.pt\/wp-content\/uploads\/2024\/03\/2024_03_09_CRI_3_1_juvsarilhense_136-130x86.jpg 130w, https:\/\/www.cri.pt\/wp-content\/uploads\/2024\/03\/2024_03_09_CRI_3_1_juvsarilhense_136-187x124.jpg 187w, https:\/\/www.cri.pt\/wp-content\/uploads\/2024\/03\/2024_03_09_CRI_3_1_juvsarilhense_136-990x660.jpg 990w\" sizes=\"auto, (max-width: 1280px) 100vw, 1280px\" \/><\/p>\n<p><img loading=\"lazy\" decoding=\"async\" class=\"aligncenter size-full wp-image-22799\" src=\"https:\/\/www.cri.pt\/wp-content\/uploads\/2023\/10\/2023_10_14_CRI_2_0_moitense_004.jpg\" alt=\"\" width=\"1280\" height=\"853\" srcset=\"https:\/\/www.cri.pt\/wp-content\/uploads\/2023\/10\/2023_10_14_CRI_2_0_moitense_004.jpg 1280w, https:\/\/www.cri.pt\/wp-content\/uploads\/2023\/10\/2023_10_14_CRI_2_0_moitense_004-300x200.jpg 300w, https:\/\/www.cri.pt\/wp-content\/uploads\/2023\/10\/2023_10_14_CRI_2_0_moitense_004-1024x682.jpg 1024w, https:\/\/www.cri.pt\/wp-content\/uploads\/2023\/10\/2023_10_14_CRI_2_0_moitense_004-768x512.jpg 768w, https:\/\/www.cri.pt\/wp-content\/uploads\/2023\/10\/2023_10_14_CRI_2_0_moitense_004-414x276.jpg 414w, https:\/\/www.cri.pt\/wp-content\/uploads\/2023\/10\/2023_10_14_CRI_2_0_moitense_004-470x313.jpg 470w, https:\/\/www.cri.pt\/wp-content\/uploads\/2023\/10\/2023_10_14_CRI_2_0_moitense_004-640x426.jpg 640w, https:\/\/www.cri.pt\/wp-content\/uploads\/2023\/10\/2023_10_14_CRI_2_0_moitense_004-130x86.jpg 130w, https:\/\/www.cri.pt\/wp-content\/uploads\/2023\/10\/2023_10_14_CRI_2_0_moitense_004-187x124.jpg 187w, https:\/\/www.cri.pt\/wp-content\/uploads\/2023\/10\/2023_10_14_CRI_2_0_moitense_004-990x660.jpg 990w\" sizes=\"auto, (max-width: 1280px) 100vw, 1280px\" \/><\/p>\n<div class=\"entry-content herald-entry-content\">\n<div class=\"mks_separator\" style=\"border-bottom: 2px solid;\"><\/div>\n<ul>\n<li style=\"list-style-type: none;\">\n<ul>\n<li><strong>JOGADORES<\/strong>\n<ul>\n<li><a href=\"https:\/\/www.fpf.pt\/pt\/Jogadores\/Ficha-de-Jogador\/playerId\/1821855\" target=\"_blank\" rel=\"noopener\">Afonso Canas<\/a> | <a href=\"https:\/\/www.fpf.pt\/pt\/Jogadores\/Ficha-de-Jogador\/playerId\/2012444\" target=\"_blank\" rel=\"noopener\">Alexandre Saraiva<\/a> | <a href=\"https:\/\/www.fpf.pt\/pt\/Jogadores\/Ficha-de-Jogador\/playerId\/1599680\" target=\"_blank\" rel=\"noopener\">Andr\u00e9 Matos<\/a> | <a href=\"https:\/\/www.fpf.pt\/pt\/Jogadores\/Ficha-de-Jogador\/playerId\/1743671\" target=\"_blank\" rel=\"noopener\">Daniel Rosado<\/a> | <a href=\"https:\/\/www.fpf.pt\/pt\/Jogadores\/Ficha-de-Jogador\/playerId\/2184608\" target=\"_blank\" rel=\"noopener\">Guilherme Ferreira<\/a> | <a href=\"https:\/\/www.fpf.pt\/pt\/Jogadores\/Ficha-de-Jogador\/playerId\/1843344\" target=\"_blank\" rel=\"noopener\">Guilherme Pinto<\/a> | <a href=\"https:\/\/www.fpf.pt\/pt\/Jogadores\/Ficha-de-Jogador\/playerId\/2058653\" target=\"_blank\" rel=\"noopener\">Milton Silv<\/a><a href=\"https:\/\/www.fpf.pt\/pt\/Jogadores\/Ficha-de-Jogador\/playerId\/2058653\">a<\/a> | <a href=\"https:\/\/www.fpf.pt\/pt\/Jogadores\/Ficha-de-Jogador\/playerId\/1741967\" target=\"_blank\" rel=\"noopener\">Joaquim Ferreira<\/a> | <a href=\"https:\/\/www.fpf.pt\/pt\/Jogadores\/Ficha-de-Jogador\/playerId\/1918979\" target=\"_blank\" rel=\"noopener\">Martim Santos<\/a> | <a href=\"https:\/\/www.fpf.pt\/pt\/Jogadores\/Ficha-de-Jogador\/playerId\/2012457\" target=\"_blank\" rel=\"noopener\">Martim Caldeira<\/a> | <a href=\"https:\/\/www.fpf.pt\/pt\/Jogadores\/Ficha-de-Jogador\/playerId\/2097739\" target=\"_blank\" rel=\"noopener\">Martim Silva<\/a> | <a href=\"https:\/\/www.fpf.pt\/pt\/Jogadores\/Ficha-de-Jogador\/playerId\/1821846\" target=\"_blank\" rel=\"noopener\">Miguel \u00c2ngelo<\/a> | <a href=\"https:\/\/www.fpf.pt\/pt\/Jogadores\/Ficha-de-Jogador\/playerId\/1904430\" target=\"_blank\" rel=\"noopener\">Miguel Salvador<\/a> | <a href=\"https:\/\/www.fpf.pt\/pt\/Jogadores\/Ficha-de-Jogador\/playerId\/1777008\" target=\"_blank\" rel=\"noopener\">Rafael Piedade<\/a> | <a href=\"https:\/\/www.fpf.pt\/pt\/Jogadores\/Ficha-de-Jogador\/playerId\/1968678\" target=\"_blank\" rel=\"noopener\">Ra\u00fal Monteiro<\/a> | <a href=\"https:\/\/www.fpf.pt\/pt\/Jogadores\/Ficha-de-Jogador\/playerId\/1822068\" target=\"_blank\" rel=\"noopener\">Rodrigo Estrela<\/a> | <a href=\"https:\/\/www.fpf.pt\/pt\/Jogadores\/Ficha-de-Jogador\/playerId\/2012458\" target=\"_blank\" rel=\"noopener\">R\u00faben Machado<\/a> | <a href=\"https:\/\/www.fpf.pt\/pt\/Jogadores\/Ficha-de-Jogador\/playerId\/1579105\" target=\"_blank\" rel=\"noopener\">Rui Santos<\/a> | <a href=\"https:\/\/www.fpf.pt\/pt\/Jogadores\/Ficha-de-Jogador\/playerId\/1976429\" target=\"_blank\" rel=\"noopener\">Tiago Louren\u00e7o<\/a> | <a href=\"https:\/\/www.fpf.pt\/pt\/Jogadores\/Ficha-de-Jogador\/playerId\/878594\" target=\"_blank\" rel=\"noopener\">Tiago Horta<\/a> | <a href=\"https:\/\/www.fpf.pt\/pt\/Jogadores\/Ficha-de-Jogador\/playerId\/1844433\" target=\"_blank\" rel=\"noopener\">Tom\u00e1s Tungumuna<\/a> | <a href=\"https:\/\/www.fpf.pt\/pt\/Jogadores\/Ficha-de-Jogador\/playerId\/1741939\" target=\"_blank\" rel=\"noopener\">Tom\u00e1s Loureiro<\/a><\/li>\n<\/ul>\n<\/li>\n<\/ul>\n<ul>\n<li><strong>TREINADORES. DIRIGENTES. COLABORADORES<\/strong>\n<ul>\n<li>Treinador: <strong>Filipe Santos<\/strong>\u00a0 (S\u00e9rgio Alegria de setembro a 16 de dezembro 2023)<br \/>\nTreinador Adjunto: <strong>Diogo Farinha \/ Filipe Saldanha <\/strong>(desde 18 de dezembro)<br \/>\nTreinador de Guarda-redes: <strong>Pedro Maria \/ Angelino Matos<\/strong><br \/>\nDelegado: <strong>Vital \u00c2ngelo<\/strong><br \/>\nCoordenador T\u00e9cnico: <strong>Jos\u00e9 L. Medeiros<\/strong><\/li>\n<\/ul>\n<\/li>\n<li><strong>CLICAR PAR VER: <\/strong><a href=\"https:\/\/www.cri.pt\/?tag=Juvenis-2023\/24\">FOTOS. V\u00cdDEOS. NOT\u00cdCIAS<\/a><\/li>\n<\/ul>\n<\/li>\n<\/ul>\n<\/div>\n<\/div>\n<div class=\"mks_separator\" style=\"border-bottom: 4px solid;\"><\/div>\n<p><strong>JOGOS OFICIAIS &#8211; AF SET\u00daBAL<\/strong><\/p>\n<p><strong><div class=\"mks_separator\" style=\"border-bottom: 2px solid;\"><\/div><\/strong><\/p>\n<p><strong><br \/>\nTA\u00c7A JUVENIS &#8211; 2<\/strong><strong>\u00aa FASE &#8211; PRATA <a href=\"https:\/\/resultados.fpf.pt\/Competition\/Details?competitionId=24989&amp;seasonId=103\" target=\"_blank\" rel=\"noopener\">Clicar para ver CLASSIFICA\u00c7\u00c3O\u00a0<\/a><\/strong><\/p>\n<p>01.05.2024 Trafaria 1-6 <strong>CRI\u00a0 \u00a0<\/strong><a href=\"https:\/\/resultados.fpf.pt\/Match\/GetMatchInformation?matchId=2121173\" target=\"_blank\" rel=\"noopener\">FICHA DE JOGO<\/a><\/p>\n<p>04.05.2024 <strong>CRI<\/strong> 2-0 Juv. Sarilhense\u00a0 <a href=\"https:\/\/resultados.fpf.pt\/Match\/GetMatchInformation?matchId=2121178\" target=\"_blank\" rel=\"noopener\">FICHA DE JOGO<\/a> &#8211; <strong><a href=\"https:\/\/www.cri.pt\/?p=24205\">FOTOS<\/a><\/strong><\/p>\n<p>11.05.2024 G. Corroios 4-4 <strong>CRI<\/strong> &#8211; <a href=\"https:\/\/resultados.fpf.pt\/Match\/GetMatchInformation?matchId=2121182\" target=\"_blank\" rel=\"noopener\">FICHA DE JOGO<\/a><\/p>\n<p>18.05.2024 Pescadores CC &#8220;B&#8221; x <strong>CRI<\/strong><\/p>\n<p>25.05.2024 CRI x U. Banheirense<\/p>\n<p>01.06.2024 D. Jo\u00e3o &#8220;B&#8221; x CRI<\/p>\n<p>08.06.2024 CRI x Afonsoeirense<\/p>\n<p>&nbsp;<\/p>\n<p><strong><div class=\"mks_separator\" style=\"border-bottom: 2px solid;\"><\/div><\/strong><\/p>\n<p><strong><br \/>\n<a href=\"https:\/\/resultados.fpf.pt\/Competition\/Details?competitionId=24989&amp;seasonId=103\" target=\"_blank\" rel=\"noopener\">TA\u00c7A JUVENIS &#8211; <\/a><\/strong><strong>1\u00aa FASE S\u00c9RIE &#8220;C&#8221;<\/strong><\/p>\n<p>06.04.2024 Moitense 5-1 <strong>CRI <\/strong>&#8211; <a href=\"https:\/\/resultados.fpf.pt\/Match\/GetMatchInformation?matchId=2116706\" target=\"_blank\" rel=\"noopener\">FICHA DE JOGO<\/a> &#8211; <a href=\"https:\/\/www.cri.pt\/?p=24015\"><strong>FOTOS<\/strong><\/a><br \/>\n13.04.2024 <strong>CRI<\/strong> 2-0 Juv. Sarilhense &#8211; <a href=\"https:\/\/resultados.fpf.pt\/Match\/GetMatchInformation?matchId=2116708\" target=\"_blank\" rel=\"noopener\">FICHA DE JOGO<\/a> &#8211; <a href=\"https:\/\/www.cri.pt\/?p=24047\"><strong>FOTOS<\/strong><\/a><br \/>\n20.04.2024 <strong>CRI<\/strong> 10-0 Samouquense &#8211; <a href=\"https:\/\/resultados.fpf.pt\/Match\/GetMatchInformation?matchId=2116709\" target=\"_blank\" rel=\"noopener\">FICHA DE JOGO<\/a> &#8211; <a href=\"https:\/\/www.cri.pt\/?p=24095\"><strong>FOTOS<\/strong><\/a><\/p>\n<p><strong>TA\u00c7A &#8211; CLASSIFICA\u00c7\u00c3O FINAL 1\u00aa FASE &#8211; S\u00c9RIE &#8220;C&#8221;<\/strong><\/p>\n<p><img loading=\"lazy\" decoding=\"async\" class=\"alignnone wp-image-24107\" src=\"https:\/\/www.cri.pt\/wp-content\/uploads\/2024\/04\/SERIEC.jpg\" alt=\"\" width=\"360\" height=\"453\" srcset=\"https:\/\/www.cri.pt\/wp-content\/uploads\/2024\/04\/SERIEC.jpg 480w, https:\/\/www.cri.pt\/wp-content\/uploads\/2024\/04\/SERIEC-238x300.jpg 238w\" sizes=\"auto, (max-width: 360px) 100vw, 360px\" \/><\/p>\n<div class=\"entry-content herald-entry-content\">\n<div class=\"entry-content herald-entry-content\">\n<div class=\"mks_separator\"><div class=\"mks_separator\" style=\"border-bottom: 4px solid;\"><\/div><\/div>\n<div><strong>JOGOS OFICIAIS &#8211; CD JUVENIS 3\u00aa DIVIS\u00c3O &#8211; S\u00c9RIE &#8220;B&#8221;\u00a0 &#8211; 1\u00aa FASE &#8211; A F SET\u00daBAL\u00a0<\/strong><\/div>\n<div>CLICAR PARA VER: <a href=\"https:\/\/resultados.fpf.pt\/Competition\/Details?competitionId=24153&amp;seasonId=103\" target=\"_blank\" rel=\"noopener\"><strong>RESULTADOS E CLASSIFICA\u00c7\u00d5ES &#8220;S\u00c9RIE &#8220;B&#8221;\u00a0<\/strong><\/a> [TERMINADO]<\/div>\n<div>\n<hr \/>\n<\/div>\n<p>15.10.2023 <strong>CRI<\/strong> 2-0 Moitense &#8211; <a href=\"https:\/\/resultados.fpf.pt\/Match\/GetMatchInformation?matchId=2026154\" target=\"_blank\" rel=\"noopener\">FICHA DE JOGO<\/a> &#8211; <strong><a href=\"https:\/\/www.cri.pt\/?p=22797\">FOTOS<\/a><br \/>\n<\/strong>21.10.2023 Afonsoeirense 0-0 <strong>CRI &#8211; <\/strong><a href=\"https:\/\/resultados.fpf.pt\/Match\/GetMatchInformation?matchId=2026158\" target=\"_blank\" rel=\"noopener\">FICHA DE JOGO<\/a><br \/>\n28.10.2023 <strong>CRI<\/strong> 3-1 Samouquense &#8211; <a href=\"https:\/\/resultados.fpf.pt\/Match\/GetMatchInformation?matchId=2026164\" target=\"_blank\" rel=\"noopener\">FICHA DE JOGO<\/a><br \/>\n04.11.2023 <strong>CRI<\/strong> 1-2 Alcochetense &#8220;B&#8221; &#8211; <a href=\"https:\/\/resultados.fpf.pt\/Match\/GetMatchInformation?matchId=2026170\" target=\"_blank\" rel=\"noopener\">FICHA DE JOGO<\/a> &#8211; <strong><a href=\"https:\/\/www.cri.pt\/?p=22915\">FOTOS<\/a><br \/>\n<\/strong>11.11.2023 B Azeit\u00e3o &#8220;B&#8221; 2-3 <strong>CRI &#8211; <\/strong><a href=\"https:\/\/resultados.fpf.pt\/Match\/GetMatchInformation?matchId=2026175\" target=\"_blank\" rel=\"noopener\">FICHA DE JOGO<\/a><br \/>\n18.11.2023 <strong>CRI<\/strong> 3-1 Vinhense &#8211; <a href=\"https:\/\/resultados.fpf.pt\/Match\/GetMatchInformation?matchId=2026180\" target=\"_blank\" rel=\"noopener\">FICHA DE JOGO<\/a> &#8211; <strong><a href=\"https:\/\/www.cri.pt\/?p=23034\">FOTOS<\/a><br \/>\n<\/strong>02.12.2023 D. Jo\u00e3o &#8220;B&#8221; 1-2 <strong>CRI <\/strong>&#8211; <a href=\"https:\/\/resultados.fpf.pt\/Match\/GetMatchInformation?matchId=2026185\" target=\"_blank\" rel=\"noopener\">FICHA DE JOGO<\/a>\u00a0 &#8211; <strong><a href=\"https:\/\/www.cri.pt\/?p=23180\">FOTOS<\/a><br \/>\n<\/strong>09.12.2023 <strong>CRI<\/strong> 0-2 1\u00ba Maio Sarilhense &#8211; <a href=\"https:\/\/resultados.fpf.pt\/Match\/GetMatchInformation?matchId=2026190\" target=\"_blank\" rel=\"noopener\">FICHA DE JOGO<\/a> &#8211; <a href=\"https:\/\/www.cri.pt\/?p=23212\"><strong>FOTOS<\/strong><\/a><br \/>\n16.12.2023 Juventude Sarilhense 1-1 <strong>CRI <\/strong>&#8211; <a href=\"https:\/\/resultados.fpf.pt\/Match\/GetMatchInformation?matchId=2026195\" target=\"_blank\" rel=\"noopener\">FICHA DE JOGO<\/a> &#8211; <strong><a href=\"https:\/\/www.cri.pt\/?p=23254\">FOTOS<\/a><br \/>\n<\/strong>06.01.2024 Moitense 1-2 <strong>CRI<\/strong> &#8211; <a href=\"https:\/\/resultados.fpf.pt\/Match\/GetMatchInformation?matchId=2026199\" target=\"_blank\" rel=\"noopener\">FICHA DE JOGO<\/a><br \/>\n13.01.2024 <strong>CRI<\/strong> 1-0 Afonsoeirense &#8211; <a href=\"https:\/\/resultados.fpf.pt\/Match\/GetMatchInformation?matchId=2026203\" target=\"_blank\" rel=\"noopener\">FICHA DE JOGO<\/a> &#8211; <a href=\"https:\/\/www.cri.pt\/?p=23397\"><strong>FOTOS<\/strong><\/a><br \/>\n20.01.2024 Samouquense 1-2 <strong>CRI<\/strong> &#8211; <a href=\"https:\/\/resultados.fpf.pt\/Match\/GetMatchInformation?matchId=2026209\" target=\"_blank\" rel=\"noopener\">FICHA DE JOGO<\/a> &#8211; <a href=\"https:\/\/www.cri.pt\/?p=23412\">V\u00cdDEO GOLOS<\/a><br \/>\n03.02.2024 Alcochetense &#8220;B&#8221; 4-2 <strong>CRI<\/strong> &#8211; <a href=\"https:\/\/resultados.fpf.pt\/Match\/GetMatchInformation?matchId=2026215\" target=\"_blank\" rel=\"noopener\">FICHA DE JOGO<\/a><br \/>\n10.02.2024 <strong>CRI<\/strong> 1-3 B. Azeit\u00e3o &#8220;B&#8221; &#8211; <a href=\"https:\/\/resultados.fpf.pt\/Match\/GetMatchInformation?matchId=2026220\" target=\"_blank\" rel=\"noopener\">FICHA DE JOGO<\/a> &#8211; <strong><a href=\"https:\/\/www.cri.pt\/?p=23565\">FOTOS<\/a><br \/>\n<\/strong>17.02.2024 Vinhense 1-1 <strong>CRI<\/strong> &#8211; <a href=\"https:\/\/resultados.fpf.pt\/Match\/GetMatchInformation?matchId=2026225\" target=\"_blank\" rel=\"noopener\">FICHA DE JOGO<\/a> &#8211; <a href=\"https:\/\/www.cri.pt\/?p=23594\"><strong>FOTOS<\/strong><\/a><br \/>\n24.02.2024 <strong>CRI<\/strong> 4-0 D. Jo\u00e3o &#8220;B&#8221; &#8211; <a href=\"https:\/\/resultados.fpf.pt\/Match\/GetMatchInformation?matchId=2026230\" target=\"_blank\" rel=\"noopener\">FICHA DE JOGO<\/a><br \/>\n02.03.2024 1\u00ba Maio Sarilhense 3-0 <strong>CRI<\/strong> &#8211; <a href=\"https:\/\/resultados.fpf.pt\/Match\/GetMatchInformation?matchId=2026235\" target=\"_blank\" rel=\"noopener\">FICHA DE JOGO<\/a><br \/>\n09.03.2024 <strong>CRI<\/strong> 3-1 Juventude Sarilhense &#8211; <a href=\"https:\/\/resultados.fpf.pt\/Match\/GetMatchInformation?matchId=2026240\" target=\"_blank\" rel=\"noopener\">FICHA DE JOGO<\/a> &#8211; <strong><a href=\"https:\/\/www.cri.pt\/?p=23776\">FOTOS<\/a><\/strong><\/p>\n<div><strong>CLASSIFICA\u00c7\u00c3O FINAL 1\u00aa FASE<\/strong><\/div>\n<div><img loading=\"lazy\" decoding=\"async\" class=\"alignnone wp-image-23866\" src=\"https:\/\/www.cri.pt\/wp-content\/uploads\/2024\/03\/juvenis.jpg\" alt=\"\" width=\"360\" height=\"820\" srcset=\"https:\/\/www.cri.pt\/wp-content\/uploads\/2024\/03\/juvenis.jpg 480w, https:\/\/www.cri.pt\/wp-content\/uploads\/2024\/03\/juvenis-132x300.jpg 132w, https:\/\/www.cri.pt\/wp-content\/uploads\/2024\/03\/juvenis-450x1024.jpg 450w\" sizes=\"auto, (max-width: 360px) 100vw, 360px\" \/><\/div>\n<div><\/div>\n<\/div>\n<div class=\"entry-content herald-entry-content\">\n<div class=\"mks_separator\" style=\"border-bottom: 4px solid;\"><\/div>\n<\/div>\n<p><img loading=\"lazy\" decoding=\"async\" class=\"aligncenter size-full wp-image-22699\" src=\"https:\/\/www.cri.pt\/wp-content\/uploads\/2023\/09\/20230923_juvenis_site.jpg\" alt=\"\" width=\"1920\" height=\"1425\" srcset=\"https:\/\/www.cri.pt\/wp-content\/uploads\/2023\/09\/20230923_juvenis_site.jpg 1920w, https:\/\/www.cri.pt\/wp-content\/uploads\/2023\/09\/20230923_juvenis_site-300x223.jpg 300w, https:\/\/www.cri.pt\/wp-content\/uploads\/2023\/09\/20230923_juvenis_site-1024x760.jpg 1024w, https:\/\/www.cri.pt\/wp-content\/uploads\/2023\/09\/20230923_juvenis_site-768x570.jpg 768w, https:\/\/www.cri.pt\/wp-content\/uploads\/2023\/09\/20230923_juvenis_site-1536x1140.jpg 1536w, https:\/\/www.cri.pt\/wp-content\/uploads\/2023\/09\/20230923_juvenis_site-74x55.jpg 74w, https:\/\/www.cri.pt\/wp-content\/uploads\/2023\/09\/20230923_juvenis_site-111x83.jpg 111w, https:\/\/www.cri.pt\/wp-content\/uploads\/2023\/09\/20230923_juvenis_site-215x161.jpg 215w, https:\/\/www.cri.pt\/wp-content\/uploads\/2023\/09\/20230923_juvenis_site-990x735.jpg 990w, https:\/\/www.cri.pt\/wp-content\/uploads\/2023\/09\/20230923_juvenis_site-1320x980.jpg 1320w\" sizes=\"auto, (max-width: 1920px) 100vw, 1920px\" \/>Foto: Anabela Canas \/ 23.09.2023<\/p>\n<p>&nbsp;<\/p>\n<\/div>\n","protected":false},"excerpt":{"rendered":"<p>LINK: ARQUIVO \u00c9POCAS ANTERIORES JOGADORES Afonso Canas | Alexandre Saraiva | Andr\u00e9 Matos | Daniel Rosado | Guilherme Ferreira | Guilherme Pinto | Milton Silva | Joaquim Ferreira | Martim Santos | Martim Caldeira | Martim Silva | Miguel \u00c2ngelo | Miguel Salvador | Rafael Piedade | Ra\u00fal Monteiro | Rodrigo Estrela | R\u00faben Machado [&hellip;]<\/p>\n","protected":false},"author":1,"featured_media":0,"parent":0,"menu_order":0,"comment_status":"closed","ping_status":"closed","template":"","meta":{"footnotes":""},"class_list":["post-22320","page","type-page","status-publish","hentry"],"_links":{"self":[{"href":"https:\/\/www.cri.pt\/index.php?rest_route=\/wp\/v2\/pages\/22320","targetHints":{"allow":["GET"]}}],"collection":[{"href":"https:\/\/www.cri.pt\/index.php?rest_route=\/wp\/v2\/pages"}],"about":[{"href":"https:\/\/www.cri.pt\/index.php?rest_route=\/wp\/v2\/types\/page"}],"author":[{"embeddable":true,"href":"https:\/\/www.cri.pt\/index.php?rest_route=\/wp\/v2\/users\/1"}],"replies":[{"embeddable":true,"href":"https:\/\/www.cri.pt\/index.php?rest_route=%2Fwp%2Fv2%2Fcomments&post=22320"}],"version-history":[{"count":46,"href":"https:\/\/www.cri.pt\/index.php?rest_route=\/wp\/v2\/pages\/22320\/revisions"}],"predecessor-version":[{"id":24247,"href":"https:\/\/www.cri.pt\/index.php?rest_route=\/wp\/v2\/pages\/22320\/revisions\/24247"}],"wp:attachment":[{"href":"https:\/\/www.cri.pt\/index.php?rest_route=%2Fwp%2Fv2%2Fmedia&parent=22320"}],"curies":[{"name":"wp","href":"https:\/\/api.w.org\/{rel}","templated":true}]}}