{"id":24438,"date":"2024-07-16T08:04:23","date_gmt":"2024-07-16T08:04:23","guid":{"rendered":"https:\/\/www.cri.pt\/?page_id=24438"},"modified":"2025-06-28T15:47:17","modified_gmt":"2025-06-28T15:47:17","slug":"2024-25-iniciados-b-sub-14","status":"publish","type":"page","link":"https:\/\/www.cri.pt\/?page_id=24438","title":{"rendered":"2024\/25 INICIADOS B (SUB-14)"},"content":{"rendered":"<header class=\"entry-header\">\n<h1 class=\"entry-title h1\"><span style=\"font-size: 16px;\"><div class=\"mks_separator\" style=\"border-bottom: 4px solid;\"><\/div><\/span><\/h1>\n<\/header>\n<div class=\"entry-content herald-entry-content\">\n<div class=\"mks_separator\"><\/div>\n<p style=\"text-align: right;\">LINK:\u00a0<a href=\"https:\/\/www.cri.pt\/?page_id=6863\">ARQUIVO \u00c9POCAS ANTERIORES<\/a><\/p>\n<div class=\"mks_separator\" style=\"border-bottom: 4px solid;\"><\/div>\n<p><img loading=\"lazy\" decoding=\"async\" class=\"aligncenter size-full wp-image-24777\" src=\"https:\/\/www.cri.pt\/wp-content\/uploads\/2024\/10\/2024_10_06_cri_m_caparica_001.jpg\" alt=\"\" width=\"1280\" height=\"853\" srcset=\"https:\/\/www.cri.pt\/wp-content\/uploads\/2024\/10\/2024_10_06_cri_m_caparica_001.jpg 1280w, https:\/\/www.cri.pt\/wp-content\/uploads\/2024\/10\/2024_10_06_cri_m_caparica_001-300x200.jpg 300w, https:\/\/www.cri.pt\/wp-content\/uploads\/2024\/10\/2024_10_06_cri_m_caparica_001-1024x682.jpg 1024w, https:\/\/www.cri.pt\/wp-content\/uploads\/2024\/10\/2024_10_06_cri_m_caparica_001-768x512.jpg 768w, https:\/\/www.cri.pt\/wp-content\/uploads\/2024\/10\/2024_10_06_cri_m_caparica_001-414x276.jpg 414w, https:\/\/www.cri.pt\/wp-content\/uploads\/2024\/10\/2024_10_06_cri_m_caparica_001-470x313.jpg 470w, https:\/\/www.cri.pt\/wp-content\/uploads\/2024\/10\/2024_10_06_cri_m_caparica_001-640x426.jpg 640w, https:\/\/www.cri.pt\/wp-content\/uploads\/2024\/10\/2024_10_06_cri_m_caparica_001-130x86.jpg 130w, https:\/\/www.cri.pt\/wp-content\/uploads\/2024\/10\/2024_10_06_cri_m_caparica_001-187x124.jpg 187w, https:\/\/www.cri.pt\/wp-content\/uploads\/2024\/10\/2024_10_06_cri_m_caparica_001-990x660.jpg 990w\" sizes=\"auto, (max-width: 1280px) 100vw, 1280px\" \/><\/p>\n<div class=\"entry-content herald-entry-content\">\n<ul>\n<li style=\"list-style-type: none;\">\n<ul>\n<li><strong>JOGADORES<\/strong>\n<ul>\n<li>Carlos Lopes\u00a0 \u00a0|\u00a0 \u00a0Diogo Gomes\u00a0 \u00a0|\u00a0 \u00a0Diogo Neto\u00a0 \u00a0|\u00a0 \u00a0Gabriel Paix\u00e3o\u00a0 \u00a0|\u00a0 \u00a0Gon\u00e7alo Teles\u00a0 \u00a0|\u00a0 \u00a0Guilherme Correia\u00a0 \u00a0|\u00a0 \u00a0Martim Seco\u00a0 \u00a0|\u00a0 \u00a0Martim Ribeiro\u00a0 \u00a0|\u00a0 \u00a0Mayron Almeida\u00a0 \u00a0|\u00a0 \u00a0Miguel Pedr\u00f3g\u00e3o\u00a0 \u00a0|\u00a0 \u00a0Rafael Silva\u00a0 \u00a0|\u00a0 \u00a0Rafael Diogo\u00a0 \u00a0|\u00a0 \u00a0Rodrigo Domingues\u00a0 \u00a0|\u00a0 \u00a0Ruben Costa\u00a0 \u00a0|\u00a0 \u00a0Telmo Marques\u00a0 \u00a0|\u00a0 \u00a0Tiago Santos<\/li>\n<\/ul>\n<\/li>\n<li><strong>TREINADORES. DIRIGENTES. COLABORADORES<\/strong>\n<ul>\n<li>Treinador: <strong>Hugo Silva<\/strong><br \/>\nTreinador Adjunto: <strong>Catarina Nicolau e Fernando Reis<\/strong><br \/>\nTreinador de Guarda-redes: <strong>Pedro Maria e Tiago Correia<\/strong><\/li>\n<\/ul>\n<\/li>\n<li><strong><a href=\"https:\/\/www.cri.pt\/?tag=iniciados-b-2024\/25\">CLICAR PAR VER<\/a>:\u00a0<\/strong>FOTOS. V\u00cdDEOS. NOT\u00cdCIAS<\/li>\n<li><strong><a href=\"https:\/\/resultados.fpf.pt\/Competition\/Details?competitionId=26444&amp;seasonId=104\" target=\"_blank\" rel=\"noopener\">CLICAR PAR VER<\/a>:<\/strong> RESULTADOS E CLASSIFICA\u00c7\u00d5ES &#8211; <strong>TA\u00c7A BRONZE AFS INICIADOS<\/strong><\/li>\n<\/ul>\n<\/li>\n<\/ul>\n<div class=\"mks_separator\" style=\"border-bottom: 4px solid;\"><\/div>\n<p><strong>TA\u00c7A BRONZE AFS INICIADOS<\/strong><\/p>\n<p>OS NOSSOS JOGOS:<\/p>\n<p>13.04.2025 <strong>CRI<\/strong> 0-3 1\u00ba Maio Sarilhense &#8211; <a href=\"https:\/\/resultados.fpf.pt\/Match\/GetMatchInformation?matchId=2334397\" target=\"_blank\" rel=\"noopener\">FICHA DE JOGO<\/a><br \/>\n18.04.2025 Quintajense 3-0 <strong>CRI<\/strong> &#8211; <a href=\"https:\/\/resultados.fpf.pt\/Match\/GetMatchInformation?matchId=2334400\" target=\"_blank\" rel=\"noopener\">FICHA DE JOGO<\/a> &#8211; <strong><a href=\"https:\/\/www.cri.pt\/?p=26202\">FOTOS<\/a><\/strong><br \/>\n27.04.2025 <strong>CRI<\/strong> 1-2 Lagame\u00e7as &#8211; <a href=\"https:\/\/resultados.fpf.pt\/Match\/GetMatchInformation?matchId=2334404\" target=\"_blank\" rel=\"noopener\">FICHA DE JOGO<\/a> &#8211; <strong><a href=\"https:\/\/www.cri.pt\/?p=26290\">FOTOS<\/a><\/strong><br \/>\n01.05.2025 O Sindicato 1-1 <strong>CRI<\/strong> &#8211; <a href=\"https:\/\/resultados.fpf.pt\/Match\/GetMatchInformation?matchId=2334406\" target=\"_blank\" rel=\"noopener\">FICHA DE JOGO<\/a> &#8211; <strong><a href=\"https:\/\/www.cri.pt\/?p=26337\">FOTOS<\/a><br \/>\n<\/strong>18.05.2025 BM Almada &#8220;B&#8221; 4-3 <strong>CRI &#8211; <\/strong><a href=\"https:\/\/resultados.fpf.pt\/Match\/GetMatchInformation?matchId=2334416\" target=\"_blank\" rel=\"noopener\">FICHA DE JOGO<\/a><strong> &#8211; <a href=\"https:\/\/www.cri.pt\/?p=26428\">FOTOS<\/a><\/strong><br \/>\n25.05.2025 <strong>CRI<\/strong> 1-2 Os Amarelos &#8211; <a href=\"https:\/\/resultados.fpf.pt\/Match\/GetMatchInformation?matchId=2334421\" target=\"_blank\" rel=\"noopener\">FICHA DE JOGO<\/a> &#8211; <strong><a href=\"https:\/\/www.cri.pt\/?p=26486\">FOTOS<\/a><\/strong><br \/>\n08.06.2025 ADQ Conde &#8220;B&#8221; 5-1 <strong>CRI<\/strong> &#8211; <a href=\"https:\/\/resultados.fpf.pt\/Match\/GetMatchInformation?matchId=2334429\" target=\"_blank\" rel=\"noopener\">FICHA DE JOGO<\/a><\/p>\n<\/div>\n<p><strong>CLASSIFICA\u00c7\u00c3O FINAL<\/strong><\/p>\n<p><img loading=\"lazy\" decoding=\"async\" class=\"size-full wp-image-26522 alignnone\" src=\"https:\/\/www.cri.pt\/wp-content\/uploads\/2025\/06\/SUB14.jpg\" alt=\"\" width=\"360\" height=\"591\" srcset=\"https:\/\/www.cri.pt\/wp-content\/uploads\/2025\/06\/SUB14.jpg 360w, https:\/\/www.cri.pt\/wp-content\/uploads\/2025\/06\/SUB14-183x300.jpg 183w\" sizes=\"auto, (max-width: 360px) 100vw, 360px\" \/><\/p>\n<div class=\"entry-content herald-entry-content\">\n<div class=\"mks_separator\" style=\"border-bottom: 4px solid;\"><\/div>\n<\/div>\n<p>&nbsp;<\/p>\n<div class=\"entry-content herald-entry-content\">\n<p><strong><a href=\"https:\/\/resultados.fpf.pt\/Competition\/Details?competitionId=26444&amp;seasonId=104\" target=\"_blank\" rel=\"noopener\">TA\u00c7A AFS &#8211; S\u00e9rie &#8220;C&#8221;<\/a> &#8211; OS NOSSOS JOGOS:<\/strong><\/p>\n<p>19.01 &#8211; <strong>CRI<\/strong> &#8220;B&#8221; 0-5 Alfarim &#8211; <a href=\"https:\/\/resultados.fpf.pt\/Match\/GetMatchInformation?matchId=2293826\" target=\"_blank\" rel=\"noopener\">FICHA DE JOGO<\/a><br \/>\n26.01 &#8211; Pelezinhos &#8220;B&#8221; 2-1 <strong>CRI<\/strong> &#8220;B&#8221; &#8211; <a href=\"https:\/\/resultados.fpf.pt\/Match\/GetMatchInformation?matchId=2293828\" target=\"_blank\" rel=\"noopener\">FICHA DE JOGO<\/a> &#8211; <strong><a href=\"https:\/\/www.cri.pt\/?p=25584\">FOTOS<\/a><\/strong><br \/>\n02.02 &#8211; <strong>CRI<\/strong> &#8220;B&#8221; 1-1 AD D. Jo\u00e3o 2014 &#8211; <a href=\"https:\/\/resultados.fpf.pt\/Match\/GetMatchInformation?matchId=2293832\" target=\"_blank\" rel=\"noopener\">FICHA DE JOGO<\/a> &#8211; <strong><a href=\"https:\/\/www.cri.pt\/?p=25611\">FOTOS<\/a><br \/>\n<\/strong>09.02 &#8211; <strong>CRI<\/strong> &#8220;B&#8221; 1-1 Lagame\u00e7as &#8211; <a href=\"https:\/\/resultados.fpf.pt\/Match\/GetMatchInformation?matchId=2293836\" target=\"_blank\" rel=\"noopener\">FICHA DE JOGO<\/a> &#8211; <strong><a href=\"https:\/\/www.cri.pt\/?p=25653\">FOTOS<\/a><br \/>\n<\/strong>16.02 &#8211; Fabril &#8220;B&#8221; 7-0 <strong>CRI<\/strong> &#8220;B&#8221; &#8211; <a href=\"https:\/\/resultados.fpf.pt\/Match\/GetMatchInformation?matchId=2293839\" target=\"_blank\" rel=\"noopener\">FICHA DE JOGO<\/a> &#8211; <strong><a href=\"https:\/\/www.cri.pt\/?p=25760\">FOTOS<\/a><br \/>\n<\/strong>02.03 &#8211; Alfarim 6-1 <strong>CRI<\/strong> &#8220;B&#8221; &#8211; <a href=\"https:\/\/resultados.fpf.pt\/Match\/GetMatchInformation?matchId=2293841\" target=\"_blank\" rel=\"noopener\">FICHA DE JOGO<\/a> &#8211; <strong><a href=\"https:\/\/www.cri.pt\/?p=25813\">FOTOS<\/a><\/strong><br \/>\n09.03 &#8211; <strong>CRI<\/strong> &#8220;B&#8221; 1-3 Pelezinhos &#8220;B&#8221; &#8211; <a href=\"https:\/\/resultados.fpf.pt\/Match\/GetMatchInformation?matchId=2293843\" target=\"_blank\" rel=\"noopener\">FICHA DE JOGO<\/a> &#8211; <strong><a href=\"https:\/\/www.cri.pt\/?p=25919\">FOTOS<\/a><\/strong><br \/>\n16.03 &#8211; AD D. Jo\u00e3o 2014 3-0 <strong>CRI<\/strong> &#8220;B&#8221; &#8211; <a href=\"https:\/\/resultados.fpf.pt\/Match\/GetMatchInformation?matchId=2293847\" target=\"_blank\" rel=\"noopener\">FICHA DE JOGO<\/a> &#8211; <strong><a href=\"https:\/\/www.cri.pt\/?p=25961\">FOTOS<\/a><\/strong><br \/>\n23.03 &#8211; Lagame\u00e7as 3-2 <strong>CRI<\/strong> &#8220;B&#8221; &#8211; <a href=\"https:\/\/resultados.fpf.pt\/Match\/GetMatchInformation?matchId=2293851\" target=\"_blank\" rel=\"noopener\">FICHA DE JOGO<\/a> &#8211; <strong><a href=\"https:\/\/www.cri.pt\/?p=26019\">FOTOS<\/a><\/strong><br \/>\n30.03 &#8211; <strong>CRI<\/strong> &#8220;B&#8221; 1-4 Fabril &#8220;B&#8221; &#8211; FICHA DE JOGO &#8211; <strong><a href=\"https:\/\/www.cri.pt\/?p=26058\">FOTOS<\/a><\/strong><\/p>\n<p>CLASSIFICA\u00c7\u00c3O FINAL &#8211; TA\u00c7A AFS &#8211; 1\u00aa FASE &#8211; S\u00c9RIE &#8220;C&#8221;<\/p>\n<p><img loading=\"lazy\" decoding=\"async\" class=\"size-full wp-image-26247 alignnone\" src=\"https:\/\/www.cri.pt\/wp-content\/uploads\/2025\/04\/sub_14.jpg\" alt=\"\" width=\"360\" height=\"574\" srcset=\"https:\/\/www.cri.pt\/wp-content\/uploads\/2025\/04\/sub_14.jpg 360w, https:\/\/www.cri.pt\/wp-content\/uploads\/2025\/04\/sub_14-188x300.jpg 188w\" sizes=\"auto, (max-width: 360px) 100vw, 360px\" \/><\/p>\n<p>&nbsp;<\/p>\n<div class=\"mks_separator\" style=\"border-bottom: 4px solid;\"><\/div>\n<p><strong><a href=\"https:\/\/resultados.fpf.pt\/Competition\/Details?competitionId=25737&amp;seasonId=104\" target=\"_blank\" rel=\"noopener\">CLICAR PAR VER<\/a>:<\/strong> RESULTADOS E CLASSIFICA\u00c7\u00d5ES &#8211; III Divis\u00e3o &#8211; S\u00e9rie &#8220;B&#8221;<\/p>\n<p>20 Out. 2024 <strong>CRI<\/strong> &#8220;B&#8221; 1-6 Moitense &#8220;B&#8221;\u00a0 \u00a0<a href=\"https:\/\/resultados.fpf.pt\/Match\/GetMatchInformation?matchId=2221236\" target=\"_blank\" rel=\"noopener\">FICHA DE JOGO<\/a> &#8211; <strong><a href=\"https:\/\/www.cri.pt\/?p=24903\">FOTOS<\/a><br \/>\n<\/strong>27 Out. 2024 Quintajense 2-0 <strong>CRI<\/strong> &#8220;B&#8221;\u00a0 \u00a0&#8211;\u00a0 \u00a0<a href=\"https:\/\/resultados.fpf.pt\/Match\/GetMatchInformation?matchId=2221241\" target=\"_blank\" rel=\"noopener\">FICHA DE JOGO<\/a>\u00a0 \u00a0&#8211;\u00a0 \u00a0<strong><a href=\"https:\/\/www.cri.pt\/?p=24965\">FOTOS<\/a><\/strong><br \/>\n03 Nov. 2024 <strong>CRI<\/strong> &#8220;B&#8221; 0-7 Samouquense\u00a0 \u00a0&#8211;\u00a0 <a href=\"https:\/\/resultados.fpf.pt\/Match\/GetMatchInformation?matchId=2221244\" target=\"_blank\" rel=\"noopener\">\u00a0FICHA DE JOGO<\/a> &#8211; <strong><a href=\"https:\/\/www.cri.pt\/?p=25032\">FOTOS<\/a><br \/>\n<\/strong>10 Nov. 2024 Afonsoeirense 6-0 <strong>CRI<\/strong> &#8220;B&#8221;\u00a0 \u00a0&#8211;\u00a0 \u00a0<a href=\"https:\/\/resultados.fpf.pt\/Match\/GetMatchInformation?matchId=2221250\" target=\"_blank\" rel=\"noopener\">FICHA DE JOGO<\/a>\u00a0 \u00a0&#8211;\u00a0 \u00a0<strong><a href=\"https:\/\/www.cri.pt\/?p=25073\">FOTOS<\/a><br \/>\n<\/strong>17 Nov. 2024 <strong>CRI<\/strong> &#8220;B&#8221; 1-1\u00a0 \u00a01\u00ba Maio Sarilhense &#8211; <a href=\"https:\/\/resultados.fpf.pt\/Match\/GetMatchInformation?matchId=2221256\" target=\"_blank\" rel=\"noopener\">FICHA DE JOGO<\/a> &#8211; <strong><a href=\"https:\/\/www.cri.pt\/?p=25153\">FOTOS<\/a><\/strong><br \/>\n24 Nov. 2024 <strong>CRI<\/strong> &#8220;B&#8221; 2-6 Palmelense &#8220;B&#8221; &#8211; <a href=\"https:\/\/resultados.fpf.pt\/Match\/GetMatchInformation?matchId=2221262\" target=\"_blank\" rel=\"noopener\">FICHA DE JOGO<\/a> &#8211; <strong><a href=\"https:\/\/www.cri.pt\/?p=25191\">FOTOS<\/a><br \/>\n<\/strong>08 Dez. 2024 Alcochetense &#8220;B&#8221; 0-0 <strong>CRI<\/strong> &#8220;B&#8221; &#8211; <a href=\"https:\/\/resultados.fpf.pt\/Match\/GetMatchInformation?matchId=2221267\" target=\"_blank\" rel=\"noopener\">FICHA DE JOGO<\/a> &#8211; <strong><a href=\"https:\/\/www.cri.pt\/?p=25308\">FOTOS<\/a><br \/>\n<\/strong>15 Dez. 2024 <strong>CRI<\/strong> &#8220;B&#8221; 0-8 Ol\u00edmpico &#8220;B&#8221; &#8211; <a href=\"https:\/\/resultados.fpf.pt\/Match\/GetMatchInformation?matchId=2221272\" target=\"_blank\" rel=\"noopener\">FICHA DE JOGO<\/a> &#8211; <strong><a href=\"https:\/\/www.cri.pt\/?p=25336\">FOTOS<\/a><br \/>\n<\/strong>22 Dez. 2024 Juv. Sarilhense 11-0 <strong>CRI<\/strong> &#8220;B&#8221; &#8211; <a href=\"https:\/\/resultados.fpf.pt\/Match\/GetMatchInformation?matchId=2221277\" target=\"_blank\" rel=\"noopener\">FICHA DE JOGO<\/a> &#8211; <strong><a href=\"https:\/\/www.cri.pt\/?p=25411\">FOTOS<\/a><\/strong><\/p>\n<p>CLASSIFICA\u00c7\u00c3O FINAL 1\u00aa FASE &#8211; S\u00c9RIE &#8220;B&#8221;<\/p>\n<p><img loading=\"lazy\" decoding=\"async\" class=\"size-full wp-image-25408 alignnone\" src=\"https:\/\/www.cri.pt\/wp-content\/uploads\/2024\/12\/CLASSFICACAO.jpg\" alt=\"\" width=\"360\" height=\"820\" srcset=\"https:\/\/www.cri.pt\/wp-content\/uploads\/2024\/12\/CLASSFICACAO.jpg 360w, https:\/\/www.cri.pt\/wp-content\/uploads\/2024\/12\/CLASSFICACAO-132x300.jpg 132w\" sizes=\"auto, (max-width: 360px) 100vw, 360px\" \/><\/p>\n<\/div>\n<\/div>\n","protected":false},"excerpt":{"rendered":"<p>LINK:\u00a0ARQUIVO \u00c9POCAS ANTERIORES JOGADORES Carlos Lopes\u00a0 \u00a0|\u00a0 \u00a0Diogo Gomes\u00a0 \u00a0|\u00a0 \u00a0Diogo Neto\u00a0 \u00a0|\u00a0 \u00a0Gabriel Paix\u00e3o\u00a0 \u00a0|\u00a0 \u00a0Gon\u00e7alo Teles\u00a0 \u00a0|\u00a0 \u00a0Guilherme Correia\u00a0 \u00a0|\u00a0 \u00a0Martim Seco\u00a0 \u00a0|\u00a0 \u00a0Martim Ribeiro\u00a0 \u00a0|\u00a0 \u00a0Mayron Almeida\u00a0 \u00a0|\u00a0 \u00a0Miguel Pedr\u00f3g\u00e3o\u00a0 \u00a0|\u00a0 \u00a0Rafael Silva\u00a0 \u00a0|\u00a0 \u00a0Rafael Diogo\u00a0 \u00a0|\u00a0 \u00a0Rodrigo Domingues\u00a0 \u00a0|\u00a0 \u00a0Ruben Costa\u00a0 \u00a0|\u00a0 \u00a0Telmo Marques\u00a0 \u00a0|\u00a0 \u00a0Tiago Santos TREINADORES. DIRIGENTES. COLABORADORES Treinador: [&hellip;]<\/p>\n","protected":false},"author":1,"featured_media":0,"parent":0,"menu_order":0,"comment_status":"closed","ping_status":"closed","template":"","meta":{"footnotes":""},"class_list":["post-24438","page","type-page","status-publish","hentry"],"_links":{"self":[{"href":"https:\/\/www.cri.pt\/index.php?rest_route=\/wp\/v2\/pages\/24438","targetHints":{"allow":["GET"]}}],"collection":[{"href":"https:\/\/www.cri.pt\/index.php?rest_route=\/wp\/v2\/pages"}],"about":[{"href":"https:\/\/www.cri.pt\/index.php?rest_route=\/wp\/v2\/types\/page"}],"author":[{"embeddable":true,"href":"https:\/\/www.cri.pt\/index.php?rest_route=\/wp\/v2\/users\/1"}],"replies":[{"embeddable":true,"href":"https:\/\/www.cri.pt\/index.php?rest_route=%2Fwp%2Fv2%2Fcomments&post=24438"}],"version-history":[{"count":31,"href":"https:\/\/www.cri.pt\/index.php?rest_route=\/wp\/v2\/pages\/24438\/revisions"}],"predecessor-version":[{"id":26690,"href":"https:\/\/www.cri.pt\/index.php?rest_route=\/wp\/v2\/pages\/24438\/revisions\/26690"}],"wp:attachment":[{"href":"https:\/\/www.cri.pt\/index.php?rest_route=%2Fwp%2Fv2%2Fmedia&parent=24438"}],"curies":[{"name":"wp","href":"https:\/\/api.w.org\/{rel}","templated":true}]}}