{"id":26649,"date":"2025-06-28T10:34:55","date_gmt":"2025-06-28T10:34:55","guid":{"rendered":"https:\/\/www.cri.pt\/?page_id=26649"},"modified":"2026-03-30T13:40:06","modified_gmt":"2026-03-30T13:40:06","slug":"juvenis-b","status":"publish","type":"page","link":"https:\/\/www.cri.pt\/?page_id=26649","title":{"rendered":"2025\/26 JUVENIS B"},"content":{"rendered":"<header class=\"entry-header\">\n<h1 class=\"entry-title h1\"><span style=\"font-size: 16px;\"><div class=\"mks_separator\" style=\"border-bottom: 4px solid;\"><\/div><\/span><\/h1>\n<\/header>\n<div class=\"entry-content herald-entry-content\">\n<div class=\"mks_separator\"><\/div>\n<p style=\"text-align: right;\">LINK:\u00a0<a href=\"https:\/\/www.cri.pt\/?page_id=6863\">ARQUIVO \u00c9POCAS ANTERIORES<\/a><\/p>\n<div class=\"mks_separator\" style=\"border-bottom: 4px solid;\"><\/div>\n<p><img loading=\"lazy\" decoding=\"async\" class=\"aligncenter size-full wp-image-27472\" src=\"https:\/\/www.cri.pt\/wp-content\/uploads\/2025\/10\/2026_10_26_cri_5_0_ppires_010.jpg\" alt=\"\" width=\"1280\" height=\"853\" srcset=\"https:\/\/www.cri.pt\/wp-content\/uploads\/2025\/10\/2026_10_26_cri_5_0_ppires_010.jpg 1280w, https:\/\/www.cri.pt\/wp-content\/uploads\/2025\/10\/2026_10_26_cri_5_0_ppires_010-300x200.jpg 300w, https:\/\/www.cri.pt\/wp-content\/uploads\/2025\/10\/2026_10_26_cri_5_0_ppires_010-1024x682.jpg 1024w, https:\/\/www.cri.pt\/wp-content\/uploads\/2025\/10\/2026_10_26_cri_5_0_ppires_010-768x512.jpg 768w, https:\/\/www.cri.pt\/wp-content\/uploads\/2025\/10\/2026_10_26_cri_5_0_ppires_010-414x276.jpg 414w, https:\/\/www.cri.pt\/wp-content\/uploads\/2025\/10\/2026_10_26_cri_5_0_ppires_010-470x313.jpg 470w, https:\/\/www.cri.pt\/wp-content\/uploads\/2025\/10\/2026_10_26_cri_5_0_ppires_010-640x426.jpg 640w, https:\/\/www.cri.pt\/wp-content\/uploads\/2025\/10\/2026_10_26_cri_5_0_ppires_010-130x86.jpg 130w, https:\/\/www.cri.pt\/wp-content\/uploads\/2025\/10\/2026_10_26_cri_5_0_ppires_010-187x124.jpg 187w, https:\/\/www.cri.pt\/wp-content\/uploads\/2025\/10\/2026_10_26_cri_5_0_ppires_010-990x660.jpg 990w\" sizes=\"auto, (max-width: 1280px) 100vw, 1280px\" \/><\/p>\n<div class=\"entry-content herald-entry-content\">\n<ul>\n<li style=\"list-style-type: none;\">\n<ul>\n<li><a href=\"https:\/\/www.cri.pt\/?p=26542\"><strong>HOR\u00c1RIOS DOS TREINOS<\/strong><\/a><\/li>\n<li><strong>TREINADORES. DIRIGENTES. COLABORADORES<\/strong>\n<ul>\n<li>Treinador: <strong>Bruno Bernardo<\/strong><br \/>\nTreinadores Adjuntos:<\/li>\n<\/ul>\n<\/li>\n<li><strong><a href=\"https:\/\/www.cri.pt\/?tag=Juvenis-b-2025\/26\">CLICAR PARA VER<\/a>: <\/strong>FOTOS. V\u00cdDEOS. NOT\u00cdCIAS<\/li>\n<li><strong><a href=\"https:\/\/resultados.fpf.pt\/Competition\/Details?competitionId=28669&amp;seasonId=105\" target=\"_blank\" rel=\"noopener\">CLICAR PARA VER<\/a>:<\/strong> RESULTADOS E CLASSIFICA\u00c7\u00d5ES &#8211; Prova Desenvolvimento Sub-17<\/li>\n<\/ul>\n<\/li>\n<\/ul>\n<div class=\"mks_separator\" style=\"border-bottom: 4px solid;\"><\/div>\n<p>OS NOSSOS JOGOS OFICIAIS<\/p>\n<\/div>\n<\/div>\n<p>19 Out. 2025 Amora 5-1 <strong>CRI<\/strong> &#8211; <a href=\"https:\/\/resultados.fpf.pt\/Match\/GetMatchInformation?matchId=2443884\" target=\"_blank\" rel=\"noopener\">FICHA DE JOGO<\/a><br \/>\n26 Out. 2025 <strong>CRI<\/strong> 5-0 P.Pires &#8211; <a href=\"https:\/\/resultados.fpf.pt\/Match\/GetMatchInformation?matchId=2443889\" target=\"_blank\" rel=\"noopener\">FICHA DE JOGO<\/a> &#8211; <strong><a href=\"https:\/\/www.cri.pt\/?p=27470\">FOTOS<\/a><br \/>\n<\/strong>02 Nov. 2025 ADQC 1-1 <strong>CRI<\/strong> &#8211; <a href=\"https:\/\/resultados.fpf.pt\/Match\/GetMatchInformation?matchId=2443895\" target=\"_blank\" rel=\"noopener\">FICHA DE JOGO<\/a><br \/>\n09 Nov. 2025 <strong>CRI<\/strong> 9-1 Trafaria &#8211; <a href=\"https:\/\/resultados.fpf.pt\/Match\/GetMatchInformation?matchId=2443900\" target=\"_blank\" rel=\"noopener\">FICHA DE JOGO<\/a><br \/>\n16 Nov. 2025 <strong>CRI<\/strong> 1-5 Alcochetense &#8211; <a href=\"https:\/\/resultados.fpf.pt\/Match\/GetMatchInformation?matchId=2443906\" target=\"_blank\" rel=\"noopener\">FICHA DE JOGO<\/a><br \/>\n23 Nov. 2025 <strong>CRI<\/strong> 4-0 Juv. Sarilhense &#8211; <a href=\"https:\/\/resultados.fpf.pt\/Match\/GetMatchInformation?matchId=2443911\" target=\"_blank\" rel=\"noopener\">FICHA DE JOGO<\/a><br \/>\n07 Dez. 2025 Seixal 1-1 <strong>CRI<\/strong> 7\u00aa Jornada &#8211; <a href=\"https:\/\/resultados.fpf.pt\/Match\/GetMatchInformation?matchId=2443917\" target=\"_blank\" rel=\"noopener\">FICHA DE JOGO<\/a><br \/>\n<del>14 Dez. 2025 CRI x Samouquense 8\u00aa Jornada<br \/>\n<\/del>21 Dez. 2025 Palmelense x <strong>CRI<\/strong> &#8211; <a href=\"https:\/\/resultados.fpf.pt\/Match\/GetMatchInformation?matchId=2443928\" target=\"_blank\" rel=\"noopener\">FICHA DE JOGO<\/a><br \/>\n10\u00aa Jornada CRI FOLGA<br \/>\n18 Jan. 2026 <strong>CRI<\/strong> 1-1 GC Corroios &#8211; <a href=\"https:\/\/resultados.fpf.pt\/Match\/GetMatchInformation?matchId=2443940\" target=\"_blank\" rel=\"noopener\">FICHA DE JOGO<\/a><br \/>\n25 Jan. 2026 D. Jo\u00e3o I 0-1 <strong>CRI<\/strong> &#8211; <a href=\"https:\/\/resultados.fpf.pt\/Match\/GetMatchInformation?matchId=2443946\" target=\"_blank\" rel=\"noopener\">FICHA DE JOGO<\/a><br \/>\n01 Fev. 2026 <strong>CRI<\/strong> 9-2 BM Almada &#8211; <a href=\"https:\/\/resultados.fpf.pt\/Match\/GetMatchInformation?matchId=2443953\" target=\"_blank\" rel=\"noopener\">FICHA DE JOGO<\/a> &#8211; <strong><a href=\"https:\/\/www.cri.pt\/?p=28128\">FOTOS<\/a><\/strong><br \/>\n15 Fev. 2026 <strong>CRI<\/strong> 0-7 Amora &#8211; <a href=\"https:\/\/resultados.fpf.pt\/Match\/GetMatchInformation?matchId=2443962\" target=\"_blank\" rel=\"noopener\">FICHA DE JOGO<\/a><br \/>\n22 Fev. 2026 P.Pires 3-5 <strong>CRI<\/strong> &#8211; <a href=\"https:\/\/resultados.fpf.pt\/Match\/GetMatchInformation?matchId=2443967\" target=\"_blank\" rel=\"noopener\">FICHA DE JOGO<\/a><br \/>\n01 Mar. 2026 <strong>CRI<\/strong> 0-0 ADQC &#8211; <a href=\"https:\/\/resultados.fpf.pt\/Match\/GetMatchInformation?matchId=2443973\" target=\"_blank\" rel=\"noopener\">FICHA DE JOGO<\/a><br \/>\n08 Mar. 2026 Trafaria 0-0 <strong>CRI<\/strong> &#8211;\u00a0<a href=\"https:\/\/resultados.fpf.pt\/Match\/GetMatchInformation?matchId=2443978\" target=\"_blank\" rel=\"noopener\">FICHA DE JOGO<\/a><br \/>\n15 Mar. 2026 Alcochetense 3-3 <strong>CRI<\/strong> &#8211; <a href=\"https:\/\/resultados.fpf.pt\/Match\/GetMatchInformation?matchId=2443984\" target=\"_blank\" rel=\"noopener\">FICHA DE JOGO<\/a><br \/>\n22 Mar. 2026 Juv.Sarilhense 2-2 <strong>CRI<\/strong> &#8211; <a href=\"https:\/\/resultados.fpf.pt\/Match\/GetMatchInformation?matchId=2443989\" target=\"_blank\" rel=\"noopener\">FICHA DE JOGO<\/a><br \/>\n29 Mar. 2026 <strong>CRI<\/strong> 6-1 Seixal &#8211; <a href=\"https:\/\/resultados.fpf.pt\/Match\/GetMatchInformation?matchId=2443995\" target=\"_blank\" rel=\"noopener\">FICHA DE JOGO<\/a> &#8211; FOTOS<br \/>\n<del>19 Abr. 2026 Samouquense x CRI 21\u00aa Jornada<\/del><br \/>\n26 Abr. 2026 CRI x Palmelense 22\u00aa Jornada<br \/>\n23\u00aa Jornada CRI FOLGA<br \/>\n10 Mai. 2026 GC Corroios x CRI 24\u00aa Jornada<br \/>\n17 Mai. 2026 CRI x D. Jo\u00e3o I 25\u00aa Jornada<br \/>\n23 Mai. 2026 BM Almada x CRI 26\u00aa Jornada<\/p>\n<p>&nbsp;<\/p>\n<div class=\"mks_separator\" style=\"border-bottom: 4px solid;\"><\/div>\n<div class=\"entry-content herald-entry-content\">\n<div class=\"entry-content herald-entry-content\"><\/div>\n<p>&nbsp;<\/p>\n<\/div>\n","protected":false},"excerpt":{"rendered":"<p>LINK:\u00a0ARQUIVO \u00c9POCAS ANTERIORES HOR\u00c1RIOS DOS TREINOS TREINADORES. DIRIGENTES. COLABORADORES Treinador: Bruno Bernardo Treinadores Adjuntos: CLICAR PARA VER: FOTOS. V\u00cdDEOS. NOT\u00cdCIAS CLICAR PARA VER: RESULTADOS E CLASSIFICA\u00c7\u00d5ES &#8211; Prova Desenvolvimento Sub-17 OS NOSSOS JOGOS OFICIAIS 19 Out. 2025 Amora 5-1 CRI &#8211; FICHA DE JOGO 26 Out. 2025 CRI 5-0 P.Pires &#8211; FICHA DE JOGO &#8211; [&hellip;]<\/p>\n","protected":false},"author":1,"featured_media":0,"parent":0,"menu_order":0,"comment_status":"closed","ping_status":"closed","template":"","meta":{"footnotes":""},"class_list":["post-26649","page","type-page","status-publish","hentry"],"_links":{"self":[{"href":"https:\/\/www.cri.pt\/index.php?rest_route=\/wp\/v2\/pages\/26649","targetHints":{"allow":["GET"]}}],"collection":[{"href":"https:\/\/www.cri.pt\/index.php?rest_route=\/wp\/v2\/pages"}],"about":[{"href":"https:\/\/www.cri.pt\/index.php?rest_route=\/wp\/v2\/types\/page"}],"author":[{"embeddable":true,"href":"https:\/\/www.cri.pt\/index.php?rest_route=\/wp\/v2\/users\/1"}],"replies":[{"embeddable":true,"href":"https:\/\/www.cri.pt\/index.php?rest_route=%2Fwp%2Fv2%2Fcomments&post=26649"}],"version-history":[{"count":24,"href":"https:\/\/www.cri.pt\/index.php?rest_route=\/wp\/v2\/pages\/26649\/revisions"}],"predecessor-version":[{"id":28472,"href":"https:\/\/www.cri.pt\/index.php?rest_route=\/wp\/v2\/pages\/26649\/revisions\/28472"}],"wp:attachment":[{"href":"https:\/\/www.cri.pt\/index.php?rest_route=%2Fwp%2Fv2%2Fmedia&parent=26649"}],"curies":[{"name":"wp","href":"https:\/\/api.w.org\/{rel}","templated":true}]}}