{"id":26656,"date":"2025-06-28T10:36:02","date_gmt":"2025-06-28T10:36:02","guid":{"rendered":"https:\/\/www.cri.pt\/?page_id=26656"},"modified":"2026-04-28T21:33:57","modified_gmt":"2026-04-28T21:33:57","slug":"2025-26-infantis-a","status":"publish","type":"page","link":"https:\/\/www.cri.pt\/?page_id=26656","title":{"rendered":"2025\/26 INFANTIS A F7"},"content":{"rendered":"<header class=\"entry-header\">\n<h1 class=\"entry-title h1\"><span style=\"font-size: 16px;\"><div class=\"mks_separator\" style=\"border-bottom: 4px solid;\"><\/div><\/span><\/h1>\n<\/header>\n<div class=\"entry-content herald-entry-content\">\n<div class=\"mks_separator\"><\/div>\n<p style=\"text-align: right;\">LINK:\u00a0<a href=\"https:\/\/www.cri.pt\/?page_id=6863\">ARQUIVO \u00c9POCAS ANTERIORES<\/a><\/p>\n<div class=\"mks_separator\" style=\"border-bottom: 4px solid;\"><\/div>\n<p><img loading=\"lazy\" decoding=\"async\" class=\"aligncenter size-full wp-image-27516\" src=\"https:\/\/www.cri.pt\/wp-content\/uploads\/2025\/11\/2026_11_01_cri_0_4_olimpico_012.jpg\" alt=\"\" width=\"1280\" height=\"853\" srcset=\"https:\/\/www.cri.pt\/wp-content\/uploads\/2025\/11\/2026_11_01_cri_0_4_olimpico_012.jpg 1280w, https:\/\/www.cri.pt\/wp-content\/uploads\/2025\/11\/2026_11_01_cri_0_4_olimpico_012-300x200.jpg 300w, https:\/\/www.cri.pt\/wp-content\/uploads\/2025\/11\/2026_11_01_cri_0_4_olimpico_012-1024x682.jpg 1024w, https:\/\/www.cri.pt\/wp-content\/uploads\/2025\/11\/2026_11_01_cri_0_4_olimpico_012-768x512.jpg 768w, https:\/\/www.cri.pt\/wp-content\/uploads\/2025\/11\/2026_11_01_cri_0_4_olimpico_012-414x276.jpg 414w, https:\/\/www.cri.pt\/wp-content\/uploads\/2025\/11\/2026_11_01_cri_0_4_olimpico_012-470x313.jpg 470w, https:\/\/www.cri.pt\/wp-content\/uploads\/2025\/11\/2026_11_01_cri_0_4_olimpico_012-640x426.jpg 640w, https:\/\/www.cri.pt\/wp-content\/uploads\/2025\/11\/2026_11_01_cri_0_4_olimpico_012-130x86.jpg 130w, https:\/\/www.cri.pt\/wp-content\/uploads\/2025\/11\/2026_11_01_cri_0_4_olimpico_012-187x124.jpg 187w, https:\/\/www.cri.pt\/wp-content\/uploads\/2025\/11\/2026_11_01_cri_0_4_olimpico_012-990x660.jpg 990w\" sizes=\"auto, (max-width: 1280px) 100vw, 1280px\" \/><\/p>\n<div class=\"entry-content herald-entry-content\">\n<ul>\n<li style=\"list-style-type: none;\">\n<ul>\n<li><a href=\"https:\/\/www.cri.pt\/?p=26542\"><strong>HOR\u00c1RIOS DOS TREINOS<\/strong><\/a><\/li>\n<li><strong>TREINADORES. DIRIGENTES. COLABORADORES<\/strong>\n<ul>\n<li>Treinador: <strong>Nuno Rodrigues &#8211; Carlos Jesus <\/strong>(1\u00aa e 2\u00aa Fase)<br \/>\nTreinador Adjunto: <strong>Marco Santos<\/strong> (1\u00aa e 2\u00aa Fase)<\/li>\n<\/ul>\n<\/li>\n<li><strong><a href=\"https:\/\/www.cri.pt\/?tag=Infantis-2025\/26\">CLICAR PARA VER<\/a>: <\/strong>FOTOS. V\u00cdDEOS. NOT\u00cdCIAS<\/li>\n<li><strong><a href=\"https:\/\/resultados.fpf.pt\/Competition\/Details?competitionId=28188&amp;seasonId=105\" target=\"_blank\" rel=\"noopener\">CLICAR PARA VER<\/a>:<\/strong> RESULTADOS E CLASSIFICA\u00c7\u00d5ES &#8211; CD Infantis 2\u00ba Ano Sub-13 &#8211; 3\u00aa FASE &#8211; TA\u00c7A OURO<\/li>\n<\/ul>\n<\/li>\n<\/ul>\n<div class=\"mks_separator\" style=\"border-bottom: 4px solid;\"><\/div>\n<p><strong>JOGOS OFICIAIS\u00a0 &#8211; CD Infantis 2\u00ba Ano Sub-13 &#8211; 3\u00aa FASE &#8211; TA\u00c7A OURO<\/strong><\/p>\n<\/div>\n<\/div>\n<p>10 Jan. Almada AC 8-2 <strong>CRI<\/strong> &#8211; <a href=\"https:\/\/resultados.fpf.pt\/Match\/GetMatchInformation?matchId=2487621\" target=\"_blank\" rel=\"noopener\">FICHA DE JOGO<\/a><br \/>\n17 Jan. <strong>CRI<\/strong> 1-2 C. Benfica Almada &#8211; <a href=\"https:\/\/resultados.fpf.pt\/Match\/GetMatchInformation?matchId=2487627\" target=\"_blank\" rel=\"noopener\">FICHA DE JOGO<\/a><br \/>\n24 Jan. GDR Sindicato 1-4 <strong>CRI &#8211; <\/strong><a href=\"https:\/\/resultados.fpf.pt\/Match\/GetMatchInformation?matchId=2487632\" target=\"_blank\" rel=\"noopener\">FICHA DE JOGO<\/a><br \/>\n14 Fev. Alvaladense 12-1 <strong>CRI<\/strong> &#8211; <a href=\"https:\/\/resultados.fpf.pt\/Match\/GetMatchInformation?matchId=2487643\" target=\"_blank\" rel=\"noopener\">FICHA DE JOGO<\/a><br \/>\n21 Fev. <strong>CRI<\/strong> 2-10 Samouquense &#8211; <a href=\"https:\/\/resultados.fpf.pt\/Match\/GetMatchInformation?matchId=2487649\" target=\"_blank\" rel=\"noopener\">FICHA DE JOGO<\/a><br \/>\n28 Fev. C. Ind\u00fastria 8-1 <strong>CRI &#8211; <\/strong><a href=\"https:\/\/resultados.fpf.pt\/Match\/GetMatchInformation?matchId=2487654\" target=\"_blank\" rel=\"noopener\">FICHA DE JOGO<\/a><br \/>\n07 Mar. Cruz. Peg\u00f5es 8-3 <strong>CRI<\/strong> &#8211; <a href=\"https:\/\/resultados.fpf.pt\/Match\/GetMatchInformation?matchId=2487655\" target=\"_blank\" rel=\"noopener\">FICHA DE JOGO<\/a><br \/>\n14 Mar. <strong>CRI<\/strong> 4-12 Os Amarelos &#8211; <a href=\"https:\/\/resultados.fpf.pt\/Match\/GetMatchInformation?matchId=2487661\" target=\"_blank\" rel=\"noopener\">FICHA DE JOGO<\/a><br \/>\n21 Mar. <strong>CRI<\/strong> 5-12 P. Pires &#8211; <a href=\"https:\/\/resultados.fpf.pt\/Match\/GetMatchInformation?matchId=2487638\" target=\"_blank\" rel=\"noopener\">F<\/a><a href=\"https:\/\/resultados.fpf.pt\/Match\/GetMatchInformation?matchId=2487638\" target=\"_blank\" rel=\"noopener\">ICHA DE JOGO<\/a><br \/>\n28 Mar. <strong>CRI<\/strong> 0-7 Almada AC &#8211; <a href=\"https:\/\/resultados.fpf.pt\/Match\/GetMatchInformation?matchId=2487666\" target=\"_blank\" rel=\"noopener\">FICHA DE JOGO<\/a><br \/>\n11 Abr. Casa SLB Almada 15-1 <strong>CRI<\/strong> &#8211; <a href=\"https:\/\/resultados.fpf.pt\/Match\/GetMatchInformation?matchId=2487672\" target=\"_blank\" rel=\"noopener\">FICHA DE JOGO<\/a><br \/>\n18 Abr. <strong>CRI<\/strong> 6-2 GDR O Sindicato &#8211; <a href=\"https:\/\/resultados.fpf.pt\/Match\/GetMatchInformation?matchId=2487677\" target=\"_blank\" rel=\"noopener\">FICHA DE JOGO<\/a><br \/>\n25 Abr. P. Pires 23-1 <strong>CRI &#8211; <\/strong><a href=\"https:\/\/resultados.fpf.pt\/Match\/GetMatchInformation?matchId=2487683\" target=\"_blank\" rel=\"noopener\">FICHA DE JOGO<\/a><br \/>\n09 Mai. Samouquense x CRI<br \/>\n16 Mai. CRI x Alvaladense<br \/>\n23 Mai. CRI x C. Ind\u00fastria<br \/>\n30 Mai. CRI x C. Peg\u00f5es<\/p>\n<div class=\"mks_separator\" style=\"border-bottom: 4px solid;\"><\/div>\n<p><a href=\"https:\/\/resultados.fpf.pt\/Competition\/Details?competitionId=28188&amp;seasonId=105\" target=\"_blank\" rel=\"noopener\"><strong>JOGOS OFICIAIS\u00a0 &#8211; CD Infantis 2\u00ba Ano Sub-13 &#8211; 2\u00aa FASE &#8211; S\u00e9rie E<\/strong><\/a><\/p>\n<p>15 nov 2025 &#8211; FOLGA<br \/>\n22 nov 2025 &#8211; Dream Talents 5-4 <strong>CRI<\/strong> &#8211; <a href=\"https:\/\/resultados.fpf.pt\/Match\/GetMatchInformation?matchId=2463428\" target=\"_blank\" rel=\"noopener\">FICHA DE JOGO<\/a><br \/>\n29 nov 2025 &#8211; <strong>CRI<\/strong> 6-3 M Caparica &#8211; <a href=\"https:\/\/resultados.fpf.pt\/Match\/GetMatchInformation?matchId=2463429\" target=\"_blank\" rel=\"noopener\">FICHA DE JOGO<\/a> &#8211; <strong><a href=\"https:\/\/www.cri.pt\/?p=27700\">FOTOS<\/a><br \/>\n<\/strong>13 dez 2025 &#8211; Amarelos 3-6 <strong>CRI<\/strong> &#8211; <a href=\"https:\/\/resultados.fpf.pt\/Match\/GetMatchInformation?matchId=2463432\" target=\"_blank\" rel=\"noopener\">FICHA DE JOGO<\/a><br \/>\n20 dez 2025 &#8211; <strong>CRI<\/strong> x Juv. Sarilhense &#8211; <a href=\"https:\/\/resultados.fpf.pt\/Match\/GetMatchInformation?matchId=2463434\" target=\"_blank\" rel=\"noopener\">FICHA DE JOGO<\/a> &#8211; <strong><a href=\"https:\/\/www.cri.pt\/?p=27826\">FOTOS<\/a><\/strong><\/p>\n<p>CLASSIFICA\u00c7\u00c3O FINAL<\/p>\n<p><img loading=\"lazy\" decoding=\"async\" class=\"size-full wp-image-27867 alignnone\" src=\"https:\/\/www.cri.pt\/wp-content\/uploads\/2025\/12\/SUB13.jpg\" alt=\"\" width=\"360\" height=\"504\" srcset=\"https:\/\/www.cri.pt\/wp-content\/uploads\/2025\/12\/SUB13.jpg 360w, https:\/\/www.cri.pt\/wp-content\/uploads\/2025\/12\/SUB13-214x300.jpg 214w\" sizes=\"auto, (max-width: 360px) 100vw, 360px\" \/><\/p>\n<p>&nbsp;<\/p>\n<p>&nbsp;<\/p>\n<p>&nbsp;<\/p>\n<div class=\"mks_separator\" style=\"border-bottom: 4px solid;\"><\/div>\n<p>&nbsp;<\/p>\n<p>&nbsp;<\/p>\n<p>&nbsp;<\/p>\n<p>&nbsp;<\/p>\n<p>&nbsp;<\/p>\n<p><strong><a href=\"https:\/\/resultados.fpf.pt\/Competition\/Details?competitionId=28188&amp;seasonId=105\" target=\"_blank\" rel=\"noopener\">VER<\/a> JOGOS OFICIAIS\u00a0 &#8211; CD Infantis 2\u00ba Ano Sub-13 &#8211; 1\u00aa FASE &#8211; S\u00e9rie C<\/strong><\/p>\n<p>27 Set. 2025 Seixal 1925\u00a0 6-8 <strong>CRI &#8211; <\/strong><a href=\"https:\/\/resultados.fpf.pt\/Match\/GetMatchInformation?matchId=2385400\" target=\"_blank\" rel=\"noopener\">FICHA DE JOGO<\/a><br \/>\n04 Out. 2025 <strong>CRI<\/strong> 1-10 P. Pires &#8211; <a href=\"https:\/\/resultados.fpf.pt\/Match\/GetMatchInformation?matchId=2385404\" target=\"_blank\" rel=\"noopener\">FICHA DE JOGO<\/a><br \/>\n18 Out. 2025 Samouquense 1-4 <strong>CRI &#8211; <\/strong><a href=\"https:\/\/resultados.fpf.pt\/Match\/GetMatchInformation?matchId=2385407\" target=\"_blank\" rel=\"noopener\">FICHA DE JOGO<\/a><br \/>\n25 Out. 2025 D. Jo\u00e3o I 4-3 <strong>CRI &#8211; <\/strong><a href=\"https:\/\/resultados.fpf.pt\/Match\/GetMatchInformation?matchId=2385408\" target=\"_blank\" rel=\"noopener\">FICHA DE JOGO<\/a><br \/>\n01 Nov. 2025 <strong>CRI<\/strong> 0-4 Ol\u00edmpico &#8211; <a href=\"https:\/\/resultados.fpf.pt\/Match\/GetMatchInformation?matchId=2385412\" target=\"_blank\" rel=\"noopener\">FICHA DE JOGO<\/a> &#8211; <strong><a href=\"https:\/\/www.cri.pt\/?p=27514\">FOTOS<\/a><\/strong><\/p>\n<p><strong>CLASSIFICA\u00c7\u00c3O<\/strong><\/p>\n<p><img loading=\"lazy\" decoding=\"async\" class=\"alignnone wp-image-27519\" src=\"https:\/\/www.cri.pt\/wp-content\/uploads\/2025\/11\/INFA.jpg\" alt=\"\" width=\"360\" height=\"566\" srcset=\"https:\/\/www.cri.pt\/wp-content\/uploads\/2025\/11\/INFA.jpg 480w, https:\/\/www.cri.pt\/wp-content\/uploads\/2025\/11\/INFA-191x300.jpg 191w\" sizes=\"auto, (max-width: 360px) 100vw, 360px\" \/><\/p>\n<p>+<div class=\"mks_separator\" style=\"border-bottom: 4px solid;\"><\/div>\n<p><strong>COMPETI\u00c7\u00c3O A.F. SET\u00daBAL &#8211; Sub-13 &#8211; Futebol de 7<\/strong><\/p>\n<p><strong>1\u00aa Fase<\/strong> \u2013 S\u00e9rie \u00danica \u2013 26 Equipas \u2013 1 s\u00e9rie de 6 equipas e 4 s\u00e9ries de 5 equipas<br \/>\nIn\u00edcio: 27.09.2025 &#8211; Termina: 01.11.2025 &#8211; Paragens: 11.10.2025 (acerto)<br \/>\nSistema de Prova \u2013 Competi\u00e7\u00e3o por pontos, a uma (1) volta, onde todos os clubes participantes ser\u00e3o apurados para a segunda fase da prova.<\/p>\n<div class=\"mks_separator\" style=\"border-bottom: 1px solid;\"><\/div>\n<p><strong>2\u00aa Fase<\/strong> \u2013 S\u00e9rie \u00danica \u2013 26 Equipas \u2013 1 s\u00e9ries de 6 equipas e 4 s\u00e9ries de 5 equipas<br \/>\nSorteio:<br \/>\nNo sorteio da 2\u00aa fase, as equipas classificadas em 1\u00ba lugar nas respetivas s\u00e9ries (1\u00aafase) ser\u00e3o cabe\u00e7as de s\u00e9rie, n\u00e3o se encontrando nesta fase.<br \/>\nAs equipas classificadas em 2\u00ba lugar nas respetivas s\u00e9ries (1\u00aa fase) ficam desencontradas das equipas classificadas no 1\u00ba lugar das s\u00e9ries em que participaram. As restantes equipas classificadas ser\u00e3o, em sorteio puro, distribu\u00eddas pelas diversas s\u00e9ries.<br \/>\nIn\u00edcio: 15.11.2025 &#8211; Termina: 20.12.2025 &#8211; Paragens: 06.12.2025 (Acerto)<\/p>\n<p>Sistema de Prova \u2013 Competi\u00e7\u00e3o por pontos, a uma (1) volta para apuramento dos 1\u00bas classificados e dos 3 (tr\u00eas) 2\u00bas classificados com melhor coeficiente, que ir\u00e3o disputar a 3\u00aa Fase Final, dos restantes 2\u00bas classificados e dos (terceiros) 3\u00bas classificados de cada s\u00e9rie e dos 2 (dois) 4\u00bas classificados com o melhor coeficiente, que ir\u00e3o disputar a 3\u00aa Fase \u2013 Ta\u00e7a de Ouro, e dos restantes 4\u00bas classificados, 5\u00bas classificados e 6\u00baclassificado, que ir\u00e3o disputar a 3\u00aa Fase \u2013 Ta\u00e7a de Prata.<br \/>\n&#8211; Crit\u00e9rio para apuramento do coeficiente:<br \/>\n&#8211; Melhor coeficiente pontual (n\u00famero de pontos \/ n\u00famero de jogos disputados).<br \/>\n&#8211; Melhor coeficiente entre a diferen\u00e7a entre golos marcados e golos sofridos. (diferen\u00e7a do n\u00famero de golos marcados e n\u00famero de golos sofridos \/ n\u00famero de<br \/>\njogos realizados). &#8211;<br \/>\nMelhor coeficiente de maior n\u00famero de vit\u00f3rias em toda a prova (n\u00famero de vitorias em toda a prova \/ n\u00famero de jogos realizados)<br \/>\n&#8211; Melhor coeficiente de n\u00famero de golos marcados (n\u00famero de golos marcados \/ n\u00famero de jogos realizados).<br \/>\n&#8211; Melhor coeficiente de n\u00famero de golos sofridos (n\u00famero de golos sofridos \/ n\u00famero de jogos realizados).<\/p>\n<div class=\"mks_separator\" style=\"border-bottom: 1px solid;\"><\/div>\n<strong>3\u00aa Fase &#8211; Final<\/strong> \u2013 8 equipas<br \/>\nA fase final ser\u00e1 disputada pelos 1\u00bas classificados e os 3 (tr\u00eas) 2\u00bas classificados com<br \/>\nmelhor coeficiente da 2\u00aa Fase da prova.<br \/>\nIn\u00edcio: 10.01.2026 &#8211; Termina: 16.05.2026<br \/>\nSistema de Prova \u2013 Competi\u00e7\u00e3o por pontos, a duas (2) voltas para apuramento do campe\u00e3o distrital.<br \/>\nParagens: 31.01.2026 (ARA), 14.02.2026 (acerto), 14.03.2026 (Intervalo) e 04.04.2026 (P\u00e1scoa), 25.04.2026 (Acerto)<\/p>\n<div class=\"mks_separator\" style=\"border-bottom: 1px solid;\"><\/div>\n<p><strong>3\u00aa Fase \u2013 Ta\u00e7a Ouro<\/strong> \u2013 9 equipas<br \/>\nA Ta\u00e7a de Ouro ser\u00e1 disputada pelos restantes 2\u00bas classificados, os (terceiros) 3\u00bas\u00a0 classificados e os 2 (dois) 4\u00bas classificados com o melhor coeficiente da 2\u00aa fase da prova.<br \/>\nIn\u00edcio: 10.01.2026 &#8211; Termina: 06.06.2026<br \/>\nSistema de Prova \u2013 Competi\u00e7\u00e3o por pontos, a duas (2) voltas para apuramento do vencedor da Ta\u00e7a de Ouro.<br \/>\nParagens: 31.01.2026 (ARA),21.03.2026 (Intervalo), 04.04.2026 (P\u00e1scoa), 16.05.2026 (Acerto)<\/p>\n<div class=\"mks_separator\" style=\"border-bottom: 1px solid;\"><\/div>\n<strong>3\u00aa Fase \u2013 Ta\u00e7a Prata<\/strong> \u2013 9 equipas<\/p>\n<p>A Ta\u00e7a de Prata ser\u00e1 disputada pelos restantes 4\u00ba classificados, (quintos) 5\u00bas classificados e 6\u00ba classificados da 2\u00aa fase da prova.<br \/>\nIn\u00edcio: 10.01.2026 &#8211; Termina: 06.06.2026<br \/>\nSistema de Prova \u2013 Competi\u00e7\u00e3o por pontos, a duas (2) voltas para apuramento do vencedor da Ta\u00e7a de Prata<br \/>\nParagens: 31.01.2026 (ARA),21.03.2026 (Intervalo), 04.04.2026 (P\u00e1scoa), 16.05.2026 (Acerto)<\/p>\n<div class=\"mks_separator\" style=\"border-bottom: 1px solid;\"><\/div>\n<p>NOTA: Para os clubes que n\u00e3o participaram no campeonato distrital, informamos que ir\u00e3o<br \/>\nser abertas inscri\u00e7\u00f5es no m\u00eas de dezembro para a <strong>Ta\u00e7a de Bronze<\/strong>.<\/p>\n<p>&nbsp;<\/p>\n<div class=\"entry-content herald-entry-content\">\n<div class=\"entry-content herald-entry-content\"><\/div>\n<p>&nbsp;<\/p>\n<\/div>\n","protected":false},"excerpt":{"rendered":"<p>LINK:\u00a0ARQUIVO \u00c9POCAS ANTERIORES HOR\u00c1RIOS DOS TREINOS TREINADORES. DIRIGENTES. COLABORADORES Treinador: Nuno Rodrigues &#8211; Carlos Jesus (1\u00aa e 2\u00aa Fase) Treinador Adjunto: Marco Santos (1\u00aa e 2\u00aa Fase) CLICAR PARA VER: FOTOS. V\u00cdDEOS. NOT\u00cdCIAS CLICAR PARA VER: RESULTADOS E CLASSIFICA\u00c7\u00d5ES &#8211; CD Infantis 2\u00ba Ano Sub-13 &#8211; 3\u00aa FASE &#8211; TA\u00c7A OURO JOGOS OFICIAIS\u00a0 &#8211; CD [&hellip;]<\/p>\n","protected":false},"author":1,"featured_media":0,"parent":0,"menu_order":0,"comment_status":"closed","ping_status":"closed","template":"","meta":{"footnotes":""},"class_list":["post-26656","page","type-page","status-publish","hentry"],"_links":{"self":[{"href":"https:\/\/www.cri.pt\/index.php?rest_route=\/wp\/v2\/pages\/26656","targetHints":{"allow":["GET"]}}],"collection":[{"href":"https:\/\/www.cri.pt\/index.php?rest_route=\/wp\/v2\/pages"}],"about":[{"href":"https:\/\/www.cri.pt\/index.php?rest_route=\/wp\/v2\/types\/page"}],"author":[{"embeddable":true,"href":"https:\/\/www.cri.pt\/index.php?rest_route=\/wp\/v2\/users\/1"}],"replies":[{"embeddable":true,"href":"https:\/\/www.cri.pt\/index.php?rest_route=%2Fwp%2Fv2%2Fcomments&post=26656"}],"version-history":[{"count":43,"href":"https:\/\/www.cri.pt\/index.php?rest_route=\/wp\/v2\/pages\/26656\/revisions"}],"predecessor-version":[{"id":28732,"href":"https:\/\/www.cri.pt\/index.php?rest_route=\/wp\/v2\/pages\/26656\/revisions\/28732"}],"wp:attachment":[{"href":"https:\/\/www.cri.pt\/index.php?rest_route=%2Fwp%2Fv2%2Fmedia&parent=26656"}],"curies":[{"name":"wp","href":"https:\/\/api.w.org\/{rel}","templated":true}]}}