{"id":26658,"date":"2025-06-28T10:36:18","date_gmt":"2025-06-28T10:36:18","guid":{"rendered":"https:\/\/www.cri.pt\/?page_id=26658"},"modified":"2026-03-30T13:29:58","modified_gmt":"2026-03-30T13:29:58","slug":"2025-26-infantis-b","status":"publish","type":"page","link":"https:\/\/www.cri.pt\/?page_id=26658","title":{"rendered":"2025\/26 INFANTIS B"},"content":{"rendered":"<header class=\"entry-header\">\n<h1 class=\"entry-title h1\"><span style=\"font-size: 16px;\"><div class=\"mks_separator\" style=\"border-bottom: 4px solid;\"><\/div><\/span><\/h1>\n<\/header>\n<div class=\"entry-content herald-entry-content\">\n<div class=\"mks_separator\"><\/div>\n<p style=\"text-align: right;\">LINK:\u00a0<a href=\"https:\/\/www.cri.pt\/?page_id=6863\">ARQUIVO \u00c9POCAS ANTERIORES<\/a><\/p>\n<div class=\"mks_separator\" style=\"border-bottom: 4px solid;\"><\/div>\n<p><img loading=\"lazy\" decoding=\"async\" class=\"aligncenter size-full wp-image-27560\" src=\"https:\/\/www.cri.pt\/wp-content\/uploads\/2025\/11\/sub12.jpg\" alt=\"\" width=\"1920\" height=\"1280\" srcset=\"https:\/\/www.cri.pt\/wp-content\/uploads\/2025\/11\/sub12.jpg 1920w, https:\/\/www.cri.pt\/wp-content\/uploads\/2025\/11\/sub12-300x200.jpg 300w, https:\/\/www.cri.pt\/wp-content\/uploads\/2025\/11\/sub12-1024x683.jpg 1024w, https:\/\/www.cri.pt\/wp-content\/uploads\/2025\/11\/sub12-768x512.jpg 768w, https:\/\/www.cri.pt\/wp-content\/uploads\/2025\/11\/sub12-1536x1024.jpg 1536w, https:\/\/www.cri.pt\/wp-content\/uploads\/2025\/11\/sub12-414x276.jpg 414w, https:\/\/www.cri.pt\/wp-content\/uploads\/2025\/11\/sub12-470x313.jpg 470w, https:\/\/www.cri.pt\/wp-content\/uploads\/2025\/11\/sub12-640x426.jpg 640w, https:\/\/www.cri.pt\/wp-content\/uploads\/2025\/11\/sub12-130x86.jpg 130w, https:\/\/www.cri.pt\/wp-content\/uploads\/2025\/11\/sub12-187x124.jpg 187w, https:\/\/www.cri.pt\/wp-content\/uploads\/2025\/11\/sub12-990x660.jpg 990w, https:\/\/www.cri.pt\/wp-content\/uploads\/2025\/11\/sub12-1320x880.jpg 1320w\" sizes=\"auto, (max-width: 1920px) 100vw, 1920px\" \/><\/p>\n<div class=\"entry-content herald-entry-content\">\n<ul>\n<li style=\"list-style-type: none;\">\n<ul>\n<li><a href=\"https:\/\/www.cri.pt\/?p=26542\"><strong>HOR\u00c1RIOS DOS TREINOS<\/strong><\/a><\/li>\n<li><strong>TREINADORES. DIRIGENTES. COLABORADORES<\/strong>\n<ul>\n<li>Treinador: <strong>Jo\u00e3o Gl\u00f3ria<\/strong><br \/>\nTreinadores Adjuntos: <strong>Augusto Manhita e Gon\u00e7alo Lucena<\/strong><br \/>\nTreinador de Guarda-redes: <strong>Gon\u00e7alo Lucena<\/strong><\/li>\n<\/ul>\n<\/li>\n<\/ul>\n<ul>\n<li><strong><a href=\"https:\/\/www.cri.pt\/?tag=Infantis-b-2025\/26\">CLICAR PARA VER<\/a>: <\/strong>FOTOS. V\u00cdDEOS. NOT\u00cdCIAS<\/li>\n<li><strong><a href=\"https:\/\/resultados.fpf.pt\/Competition\/Details?competitionId=28280&amp;seasonId=105\" target=\"_blank\" rel=\"noopener\">CLICAR PARA VER<\/a>:<\/strong> RESULTADOS E CLASSIFICA\u00c7\u00d5ES\u00a0 CD Infantis 1\u00ba Ano Sub\/12 &#8211; 3\u00aa FASE &#8211; TA\u00c7A OURO<\/li>\n<\/ul>\n<\/li>\n<\/ul>\n<div class=\"mks_separator\" style=\"border-bottom: 4px solid;\"><\/div>\n<p><strong>OS NOSSOS JOGOS OFICIAIS &#8211; CD Infantis 1\u00ba Ano Sub\/12 &#8211; 3\u00aa FASE &#8211; TA\u00c7A OURO<\/strong><\/p>\n<p>24 Jan. L. Altivo 0-5 <strong>CRI <\/strong>&#8211; <a href=\"https:\/\/resultados.fpf.pt\/Match\/GetMatchInformation?matchId=2518316\" target=\"_blank\" rel=\"noopener\">FICHA DE JOGO<\/a><br \/>\n14 Fev. Barreirense &#8220;B&#8221; 1-1 <strong>CRI<\/strong> &#8211; <a href=\"https:\/\/resultados.fpf.pt\/Match\/GetMatchInformation?matchId=2518327\" target=\"_blank\" rel=\"noopener\">FICHA DE JOGO<\/a><br \/>\n21 Fev. <strong>CRI<\/strong> 4-4 Col Atl\u00e2ntico &#8220;B&#8221; &#8211; <a href=\"https:\/\/resultados.fpf.pt\/Match\/GetMatchInformation?matchId=2518333\" target=\"_blank\" rel=\"noopener\">FICHA DE JOGO<\/a> &#8211; <strong><a href=\"https:\/\/www.cri.pt\/?p=28241\">FOTOS<\/a><br \/>\n<\/strong>28 Fev. C. Piedade &#8220;B&#8221; 2-8 <strong>CRI &#8211; <\/strong><a href=\"https:\/\/resultados.fpf.pt\/Match\/GetMatchInformation?matchId=2518338\" target=\"_blank\" rel=\"noopener\">FICHA DE JOGO<\/a><br \/>\n07 Mar. D. Jo\u00e3o I 4-5 <strong>CRI<\/strong> &#8211; <a href=\"https:\/\/resultados.fpf.pt\/Match\/GetMatchInformation?matchId=2518343\" target=\"_blank\" rel=\"noopener\">FICHA DE JOGO<\/a><br \/>\n14 Mar. <strong>CRI<\/strong> 2-1 Palmelense &#8211; <a href=\"https:\/\/resultados.fpf.pt\/Match\/GetMatchInformation?matchId=2518344\" target=\"_blank\" rel=\"noopener\">FICHA DE JOGO<\/a> &#8211; <strong><a href=\"https:\/\/www.cri.pt\/?p=28337\">FOTOS<\/a><br \/>\n<\/strong>21 Mar. Ch. Caparica 2-0 <strong>CRI &#8211; <\/strong><a href=\"https:\/\/resultados.fpf.pt\/Match\/GetMatchInformation?matchId=2518350\" target=\"_blank\" rel=\"noopener\">FICHA DE JOGO<\/a><br \/>\n28 Mar. <strong>CRI<\/strong> 12-0 Juv. Sarilhense &#8220;B&#8221; &#8211; <a href=\"https:\/\/resultados.fpf.pt\/Match\/GetMatchInformation?matchId=2518356\" target=\"_blank\" rel=\"noopener\">FICHA DE JOGO<\/a><\/p>\n<p>04 Abr. <strong>CRI<\/strong> x C. Ind\u00fastria<br \/>\n11 Abr. CRI x L. Altivo<br \/>\n18 Abr. C. Industria x CRI<br \/>\n25 Abr. CRI x Barreirense &#8220;B&#8221;<br \/>\n02 Mai. Col. Atl &#8220;B&#8221; x CRI<br \/>\n09 Mai. CRI x C. Piedade &#8220;B&#8221;<br \/>\n16 Mai. CRI x D. Jo\u00e3o I<br \/>\n23 Mai. Palmelense x CRI<br \/>\n30 Mai. CRI x Ch. Caparica<br \/>\n06 Jun. J. Sarilhense &#8220;B&#8221; x CRI<\/p>\n<p>&nbsp;<\/p>\n<p>&nbsp;<\/p>\n<div class=\"mks_separator\" style=\"border-bottom: 4px solid;\"><\/div>\n<p><strong>OS NOSSOS JOGOS &#8211; CD Infantis 1\u00ba Ano Sub\/12 &#8211; 2\u00aa FASE &#8211; S\u00c9RIE &#8220;B&#8221;<\/strong><\/p>\n<\/div>\n<\/div>\n<p>06 Dez. 2025 CD Pelezinhos 5-5 <strong>CRI<\/strong> &#8211; <a href=\"https:\/\/resultados.fpf.pt\/Match\/GetMatchInformation?matchId=2469188\" target=\"_blank\" rel=\"noopener\">FICHA DE JOGO<\/a><br \/>\n08 Dez. 2025 <strong>CRI<\/strong> 2-1 C. Ind\u00fastria &#8211; <a href=\"https:\/\/resultados.fpf.pt\/Match\/GetMatchInformation?matchId=2469191\" target=\"_blank\" rel=\"noopener\">FICHA DE JOGO<\/a> &#8211; <strong><a href=\"https:\/\/www.cri.pt\/?p=27762\">FOTOS<\/a><br \/>\n<\/strong>13 Dez. 2025 Fabril 1-3 <strong>CRI<\/strong> &#8211; <a href=\"https:\/\/resultados.fpf.pt\/Match\/GetMatchInformation?matchId=2469194\" target=\"_blank\" rel=\"noopener\">FICHA DE JOGO<\/a><br \/>\n20 Dez. 2025 <strong>CRI<\/strong> 5-2 Ol\u00edmpico &#8211; <a href=\"https:\/\/resultados.fpf.pt\/Match\/GetMatchInformation?matchId=2469197\" target=\"_blank\" rel=\"noopener\">FICHA DE JOGO<\/a> &#8211; <strong><a href=\"https:\/\/www.cri.pt\/?p=27830\">FOTOS<\/a><br \/>\n<\/strong>10 Jan. 2026 Juv. Sarilhense 6-1 <strong>CRI<\/strong> &#8211; <a href=\"https:\/\/resultados.fpf.pt\/Match\/GetMatchInformation?matchId=2469200\" target=\"_blank\" rel=\"noopener\">FICHA DE JOGO<\/a><\/p>\n<p>CLASSIFICA\u00c7\u00c3O<\/p>\n<p><img loading=\"lazy\" decoding=\"async\" class=\"size-full wp-image-28012 alignnone\" src=\"https:\/\/www.cri.pt\/wp-content\/uploads\/2026\/01\/SUB1212.jpg\" alt=\"\" width=\"360\" height=\"584\" srcset=\"https:\/\/www.cri.pt\/wp-content\/uploads\/2026\/01\/SUB1212.jpg 360w, https:\/\/www.cri.pt\/wp-content\/uploads\/2026\/01\/SUB1212-185x300.jpg 185w, https:\/\/www.cri.pt\/wp-content\/uploads\/2026\/01\/SUB1212-79x128.jpg 79w, https:\/\/www.cri.pt\/wp-content\/uploads\/2026\/01\/SUB1212-20x32.jpg 20w\" sizes=\"auto, (max-width: 360px) 100vw, 360px\" \/><\/p>\n<div class=\"mks_separator\" style=\"border-bottom: 4px solid;\"><\/div>\n<p><a href=\"https:\/\/resultados.fpf.pt\/Competition\/Details?competitionId=28280&amp;seasonId=105\" target=\"_blank\" rel=\"noopener\"><strong>OS NOSSOS JOGOS &#8211; CD Infantis 1\u00ba Ano Sub\/12 &#8211; 1\u00aa FASE &#8211; S\u00c9RIE &#8220;E&#8221;<\/strong><\/a><\/p>\n<p style=\"text-align: left;\">04 Out. 2025 Vinhense 0-7 <strong>CRI<\/strong>\u00a0 1\u00aa Jornada <a href=\"https:\/\/resultados.fpf.pt\/Match\/GetMatchInformation?matchId=2391320\" target=\"_blank\" rel=\"noopener\">FICHA DE JOGO<\/a><br \/>\n<del>11 Out. 2025 CRI x Moitense &#8220;B&#8221;\u00a0 2\u00aa Jornada AFS<\/del> (Moitense desistiu)<br \/>\n18 Out. 2025 D. Jo\u00e3o I &#8220;B&#8221; 0-4 <strong>CRI\u00a0<\/strong> 3\u00aa Jornada &#8211; <a href=\"https:\/\/resultados.fpf.pt\/Match\/GetMatchInformation?matchId=2391326\" target=\"_blank\" rel=\"noopener\">FICHA DE JOGO<\/a><br \/>\n25 Out. 2025 <strong>CRI<\/strong> 2-1 CCDB Azeit\u00e3o\u00a0 4\u00aa Jornada &#8211; <a href=\"https:\/\/resultados.fpf.pt\/Match\/GetMatchInformation?matchId=2391329\" target=\"_blank\" rel=\"noopener\">FICHA DE JOGO<\/a><br \/>\n<del>01 Nov. 2025 Samouquense x CRI\u00a0 5\u00aa Jornada<\/del> (Samouquense desistiu)<br \/>\n08 Nov. 2025 <strong>CRI<\/strong> 8-4 GD F Prata\u00a0 6\u00aa Jornada &#8211; <a href=\"https:\/\/resultados.fpf.pt\/Match\/GetMatchInformation?matchId=2391335\" target=\"_blank\" rel=\"noopener\">FICHA DE JOGO<\/a> &#8211; <strong><a href=\"https:\/\/www.cri.pt\/?p=27569\">FOTOS<\/a><\/strong><\/p>\n<p>CLASSIFICA\u00c7\u00c3O<\/p>\n<p><img loading=\"lazy\" decoding=\"async\" class=\"size-full wp-image-27655 alignnone\" src=\"https:\/\/www.cri.pt\/wp-content\/uploads\/2025\/11\/infb.jpg\" alt=\"\" width=\"360\" height=\"648\" srcset=\"https:\/\/www.cri.pt\/wp-content\/uploads\/2025\/11\/infb.jpg 360w, https:\/\/www.cri.pt\/wp-content\/uploads\/2025\/11\/infb-167x300.jpg 167w\" sizes=\"auto, (max-width: 360px) 100vw, 360px\" \/><\/p>\n<div class=\"mks_separator\" style=\"border-bottom: 4px solid;\"><\/div>\n<p>INFORMA\u00c7\u00c3O: AF Set\u00fabal<\/p>\n<div class=\"entry-content herald-entry-content\">\n<div class=\"entry-content herald-entry-content\">1\u00aa Fase \u2013 65 Equipas \u2013 7 s\u00e9ries de 7 equipas e 2 s\u00e9ries de 8 equipas<br \/>\nIn\u00edcio: 04.10.2025 &#8211; Termina: 15.11.2025 (S\/Paragem)<\/div>\n<div class=\"entry-content herald-entry-content\">\n<p>Sistema de Prova \u2013 Competi\u00e7\u00e3o por pontos, a uma (1) volta para apuramento dos 1\u00bas, 2\u00bas, 3\u00bas e tr\u00eas 4\u00bas classificados com melhor coeficiente que ir\u00e3o disputar a 2\u00aa Fase.- Os clubes que n\u00e3o passarem \u00e1 Fase Final, poder\u00e3o posteriormente inscrever-se na Ta\u00e7a AFS, quando abrirem as devidas inscri\u00e7\u00f5es.<\/p>\n<\/div>\n<div><\/div>\n<div><div class=\"mks_separator\" style=\"border-bottom: 1px solid;\"><\/div><\/div>\n<\/div>\n<div><\/div>\n<div>2\u00aa Fase \u2013 30 Equipas \u2013 5 s\u00e9ries de 6 equipas<br \/>\nSorteio:<br \/>\nNo sorteio da 2\u00aa fase, as equipas classificadas em 1\u00ba lugar nas respetivas s\u00e9ries (1\u00aa fase) ser\u00e3o cabe\u00e7as de s\u00e9rie, n\u00e3o se encontrando nesta fase.<br \/>\nAs equipas classificadas em 2\u00ba lugar nas respetivas s\u00e9ries (1\u00aa fase) ficam desencontradas das equipas classificadas no 1\u00ba lugar das s\u00e9ries em que participaram.<br \/>\nAs restantes equipas classificadas ser\u00e3o, em sorteio puro, distribu\u00eddas pelas diversas s\u00e9ries.<\/div>\n<div><\/div>\n<div>\n<p>In\u00edcio: 06.12.2025 &#8211; Termina: 10.01.2026\u00a0 &#8211; Paragens: 27.12.2025 (Natal) e 03.01.2026 (Ano Novo)<\/p>\n<p>Sistema de Prova \u2013 Competi\u00e7\u00e3o por pontos, a uma (1) volta para apuramento dos 1\u00bas, 2\u00bas que se apuram para a Fase Final, os 3\u00bas e 4\u00bas classificados de cada s\u00e9rie apuram-se para a Ta\u00e7a de Ouro e os 5\u00base 6\u00bas classificados para a Ta\u00e7a de Prata.<\/p>\n<p>Crit\u00e9rio para apuramento do coeficiente:<br \/>\nMelhor coeficiente pontual (n\u00famero de pontos \/ n\u00famero de jogos disputados).<br \/>\nMelhor coeficiente entre a diferen\u00e7a entre golos marcados e golos sofridos. (diferen\u00e7a do n\u00famero de golos marcados e n\u00famero de golos sofridos \/ n\u00famero de<br \/>\njogos realizados).<br \/>\nMelhor coeficiente de maior n\u00famero de vit\u00f3rias em toda a prova (n\u00famero de vitorias em toda a prova \/ n\u00famero de jogos realizados)<br \/>\nMelhor coeficiente de n\u00famero de golos marcados (n\u00famero de golos marcados \/ n\u00famero de jogos realizados).<br \/>\nMelhor coeficiente de n\u00famero de golos sofridos (n\u00famero de golos sofridos \/ n\u00famero de jogos realizados).<\/p>\n<\/div>\n<div><\/div>\n<div><div class=\"mks_separator\" style=\"border-bottom: 1px solid;\"><\/div><\/div>\n<div>3\u00aa Fase &#8211; Final \u2013 10 equipas<br \/>\nA fase final ser\u00e1 disputada pelos 1\u00bas e 2\u00bas classificados da 2\u00aa Fase da prova.<br \/>\nIn\u00edcio: 24.01.2026 &#8211; Termina: 06.06.2026 &#8211; Paragens: 31.01.2026 (Arbitragem), 04.04.2026 (P\u00e1scoa e Intervalo)Sistema de Prova \u2013 Competi\u00e7\u00e3o por pontos, a duas (2) voltas para apuramento do campe\u00e3o distrital.<br \/>\n3\u00aa Fase \u2013 Ta\u00e7a Ouro \u2013 10 equipas<br \/>\nA Ta\u00e7a de Ouro ser\u00e1 disputada pelos 3\u00bas e os quatro 4\u00bas classificados e da 2\u00aa fase da prova.<br \/>\nIn\u00edcio: 24.01.2026 &#8211; Termina: 06.06.2026<\/div>\n<div><\/div>\n<div>Sistema de Prova \u2013 Competi\u00e7\u00e3o por pontos, a duas (2) voltas para apuramento do campe\u00e3o Ta\u00e7a de Ouro.<br \/>\nParagens: 31.01.2026 (Arbitragem), 04.04.2026 (P\u00e1scoa e Intervalo)<br \/>\n3\u00aa Fase \u2013 Ta\u00e7a Prata \u2013 10 equipas<br \/>\nA Ta\u00e7a de Prata ser\u00e1 disputada pelos 5\u00bas e 6\u00bas classificados da 2\u00aa fase da prova.<br \/>\nIn\u00edcio: 24.01.2026 &#8211; Termina: 06.06.2026<br \/>\nSistema de Prova \u2013 Competi\u00e7\u00e3o por pontos, a duas (2) voltas para apuramento do campe\u00e3o Ta\u00e7a de Prata.<br \/>\nParagens: 31.01.2026 (Arbitragem), 04.04.2026 (P\u00e1scoa e Intervalo)<\/div>\n<div><\/div>\n<div><\/div>\n<div>NOTA: Para os clubes que n\u00e3o participaram no campeonato distrital, informamos que ir\u00e3o<br \/>\nser abertas inscri\u00e7\u00f5es no m\u00eas de Novembro para a Ta\u00e7a de Bronze.<\/div>\n<div><\/div>\n<div><\/div>\n<div class=\"entry-content herald-entry-content\">\n<p>&nbsp;<\/p>\n<\/div>\n","protected":false},"excerpt":{"rendered":"<p>LINK:\u00a0ARQUIVO \u00c9POCAS ANTERIORES HOR\u00c1RIOS DOS TREINOS TREINADORES. DIRIGENTES. COLABORADORES Treinador: Jo\u00e3o Gl\u00f3ria Treinadores Adjuntos: Augusto Manhita e Gon\u00e7alo Lucena Treinador de Guarda-redes: Gon\u00e7alo Lucena CLICAR PARA VER: FOTOS. V\u00cdDEOS. NOT\u00cdCIAS CLICAR PARA VER: RESULTADOS E CLASSIFICA\u00c7\u00d5ES\u00a0 CD Infantis 1\u00ba Ano Sub\/12 &#8211; 3\u00aa FASE &#8211; TA\u00c7A OURO OS NOSSOS JOGOS OFICIAIS &#8211; CD Infantis 1\u00ba [&hellip;]<\/p>\n","protected":false},"author":1,"featured_media":0,"parent":0,"menu_order":0,"comment_status":"closed","ping_status":"closed","template":"","meta":{"footnotes":""},"class_list":["post-26658","page","type-page","status-publish","hentry"],"_links":{"self":[{"href":"https:\/\/www.cri.pt\/index.php?rest_route=\/wp\/v2\/pages\/26658","targetHints":{"allow":["GET"]}}],"collection":[{"href":"https:\/\/www.cri.pt\/index.php?rest_route=\/wp\/v2\/pages"}],"about":[{"href":"https:\/\/www.cri.pt\/index.php?rest_route=\/wp\/v2\/types\/page"}],"author":[{"embeddable":true,"href":"https:\/\/www.cri.pt\/index.php?rest_route=\/wp\/v2\/users\/1"}],"replies":[{"embeddable":true,"href":"https:\/\/www.cri.pt\/index.php?rest_route=%2Fwp%2Fv2%2Fcomments&post=26658"}],"version-history":[{"count":40,"href":"https:\/\/www.cri.pt\/index.php?rest_route=\/wp\/v2\/pages\/26658\/revisions"}],"predecessor-version":[{"id":28468,"href":"https:\/\/www.cri.pt\/index.php?rest_route=\/wp\/v2\/pages\/26658\/revisions\/28468"}],"wp:attachment":[{"href":"https:\/\/www.cri.pt\/index.php?rest_route=%2Fwp%2Fv2%2Fmedia&parent=26658"}],"curies":[{"name":"wp","href":"https:\/\/api.w.org\/{rel}","templated":true}]}}