{"id":29026,"date":"2026-06-25T14:02:33","date_gmt":"2026-06-25T14:02:33","guid":{"rendered":"https:\/\/www.cri.pt\/?page_id=29026"},"modified":"2026-08-15T03:06:27","modified_gmt":"2026-08-15T03:06:27","slug":"2026-27-seniores","status":"publish","type":"page","link":"https:\/\/www.cri.pt\/?page_id=29026","title":{"rendered":"2026\/27 SENIORES"},"content":{"rendered":"<header class=\"entry-header\">\n<p class=\"entry-title h1\"><div class=\"mks_separator\" style=\"border-bottom: 4px solid;\"><\/div>\n<\/header>\n<div class=\"entry-content herald-entry-content\">\n<p style=\"text-align: right;\">LINK:\u00a0<a href=\"https:\/\/www.cri.pt\/?page_id=6863\">ARQUIVO \u00c9POCAS ANTERIORES<\/a><\/p>\n<div class=\"mks_separator\" style=\"border-bottom: 4px solid;\"><\/div>\n<\/div>\n<hr \/>\n<div class=\"entry-content herald-entry-content\">\n<div class=\"entry-content herald-entry-content\">\n<ul>\n<li style=\"list-style-type: none; text-align: center;\">\n<h2 style=\"text-align: left;\"><strong>PLANTEL<\/strong><\/h2>\n<\/li>\n<li style=\"list-style-type: none; text-align: center;\">\n<p style=\"text-align: left;\"><strong>Em atualiza\u00e7\u00e3o di\u00e1ria&#8230;&#8230;.<\/strong><\/p>\n<\/li>\n<li style=\"list-style-type: none;\"><div class=\"mks_separator\" style=\"border-bottom: 2px solid;\"><\/div>\n<ul>\n<li style=\"list-style-type: none;\"><strong>GUARDA-REDES:<br \/>\n<\/strong>&#8211; Afonso Garrido, 19 anos<br \/>\n&#8211; Filipe Nunes, 18 anos (Ex- Galitos)<\/li>\n<\/ul>\n<\/li>\n<li style=\"list-style-type: none;\">\n<hr \/>\n<ul>\n<li style=\"list-style-type: none;\"><strong>DEFESAS:<br \/>\n<\/strong>&#8211; Milton Amaral, 27 anos<br \/>\n&#8211; Diogo Mata, 22 anos (Ex-Barreirense)<br \/>\n&#8211; Amilton Monteiro, 23 anos (Ex-Foros Vale Figueira)<br \/>\n&#8211; Guilherme Peixeiro, 19 anos (Ex- Ol\u00edmpico Montijo)<br \/>\n&#8211; David Monteiro, 20 anos (Ex-Cova Piedade)<br \/>\n&#8211; Miguel Matos, 29 anos (Ex-Barreirense)<\/li>\n<\/ul>\n<\/li>\n<li style=\"list-style-type: none;\">\n<hr \/>\n<ul>\n<li style=\"list-style-type: none;\"><strong><br \/>\nM\u00c9DIOS:<\/strong><br \/>\n&#8211; Vituar Sanca, 29<br \/>\n&#8211; Jos\u00e9 Epalanga &#8220;Zeni&#8221;, 20 (Ex-Amora)<br \/>\n&#8211; Santiago Silva, 18 anos (Ex-J\u00fanior CRI)<br \/>\n&#8211; David Cardoso, 22 anos<br \/>\n&#8211; Ricardo Bento, 21 anos<br \/>\n&#8211; Rodrigo Bel\u00e9m, 21 anos<br \/>\n&#8211; Jer\u00f3nimo Lopes, 24 anos<\/li>\n<\/ul>\n<\/li>\n<\/ul>\n<hr \/>\n<ul>\n<li style=\"list-style-type: none;\">\n<ul>\n<li style=\"list-style-type: none;\"><strong>AVAN\u00c7ADOS:<br \/>\n&#8211; <\/strong>Andr\u00e9 Almeida, 19 anos<br \/>\n&#8211; Jo\u00e3o Cabrita, 22 anos (Ex-Moitense)<br \/>\n&#8211; Handerson Wilker, 20 anos (Ex-Pinhalnovense)<br \/>\n&#8211; Ant\u00f3nio Oliveira, 28 anos (Ex-Quintajense)<\/li>\n<\/ul>\n<\/li>\n<\/ul>\n<p>&nbsp;<\/p>\n<div class=\"mks_separator\" style=\"border-bottom: 2px solid;\"><\/div>\n<p><img loading=\"lazy\" decoding=\"async\" class=\"aligncenter wp-image-29277\" src=\"https:\/\/www.cri.pt\/wp-content\/uploads\/2026\/08\/Equipa-Tecnica-Seniores-2026_27_web2.jpg\" alt=\"\" width=\"600\" height=\"600\" srcset=\"https:\/\/www.cri.pt\/wp-content\/uploads\/2026\/08\/Equipa-Tecnica-Seniores-2026_27_web2.jpg 1254w, https:\/\/www.cri.pt\/wp-content\/uploads\/2026\/08\/Equipa-Tecnica-Seniores-2026_27_web2-300x300.jpg 300w, https:\/\/www.cri.pt\/wp-content\/uploads\/2026\/08\/Equipa-Tecnica-Seniores-2026_27_web2-1024x1024.jpg 1024w, https:\/\/www.cri.pt\/wp-content\/uploads\/2026\/08\/Equipa-Tecnica-Seniores-2026_27_web2-150x150.jpg 150w, https:\/\/www.cri.pt\/wp-content\/uploads\/2026\/08\/Equipa-Tecnica-Seniores-2026_27_web2-768x768.jpg 768w, https:\/\/www.cri.pt\/wp-content\/uploads\/2026\/08\/Equipa-Tecnica-Seniores-2026_27_web2-65x65.jpg 65w, https:\/\/www.cri.pt\/wp-content\/uploads\/2026\/08\/Equipa-Tecnica-Seniores-2026_27_web2-128x128.jpg 128w, https:\/\/www.cri.pt\/wp-content\/uploads\/2026\/08\/Equipa-Tecnica-Seniores-2026_27_web2-32x32.jpg 32w, https:\/\/www.cri.pt\/wp-content\/uploads\/2026\/08\/Equipa-Tecnica-Seniores-2026_27_web2-130x130.jpg 130w, https:\/\/www.cri.pt\/wp-content\/uploads\/2026\/08\/Equipa-Tecnica-Seniores-2026_27_web2-187x187.jpg 187w, https:\/\/www.cri.pt\/wp-content\/uploads\/2026\/08\/Equipa-Tecnica-Seniores-2026_27_web2-990x990.jpg 990w\" sizes=\"auto, (max-width: 600px) 100vw, 600px\" \/><\/p>\n<ul>\n<li style=\"list-style-type: none;\">\n<ul>\n<li><strong>TREINADORES. DIRIGENTES. COLABORADORES<\/strong>\n<ul>\n<li>Treinador: <strong>N\u00e9lson Bento<\/strong><\/li>\n<li>Treinadores Adjuntos:<strong> Bruno Barros e Martim Silva<\/strong><\/li>\n<li>Treinador de GR: <strong>Sandro Magalh\u00e3es<\/strong><\/li>\n<li>Dirigente: <strong>Eduardo Francisco<\/strong><\/li>\n<\/ul>\n<\/li>\n<\/ul>\n<\/li>\n<li style=\"list-style-type: none;\"><div class=\"mks_separator\" style=\"border-bottom: 2px solid;\"><\/div>\n<ul>\n<li><strong><a href=\"https:\/\/www.cri.pt\/?tag=Seniores-2026\/27\">CLICAR PARA VER<\/a>:\u00a0<\/strong>FOTOS. V\u00cdDEOS. NOT\u00cdCIAS<\/li>\n<li><strong><a href=\"https:\/\/resultados.fpf.pt\/Competition\/Details?competitionId=29856&amp;seasonId=106\" target=\"_blank\" rel=\"noopener\">CLICAR PARA VER<\/a>:<\/strong> CALEND\u00c1RIO, RESULTADOS E CLASSIFICA\u00c7\u00d5ES<\/li>\n<li><a href=\"https:\/\/www.cri.pt\/?p=28965\">HOR\u00c1RIOS DOS TREINOS<\/a><\/li>\n<\/ul>\n<\/li>\n<\/ul>\n<div class=\"mks_separator\" style=\"border-bottom: 4px solid;\"><\/div>\n<\/div>\n<\/div>\n<div class=\"mks_separator\" style=\"border-bottom: 4px solid;\"><\/div>\n<p><strong>OS NOSSOS JOGOS OFICIAIS\u00a0<\/strong><\/p>\n<p>DATA IN\u00cdCIO COMPETI\u00c7\u00d5ES OFICIAIS:\u00a0 TA\u00c7A AFS: <strong>30 agosto<\/strong>\u00a0 \u2013 DISTRITAL II DIVIS\u00c3O: <strong>4 outubro<\/strong><\/p>\n<h2>Ta\u00e7a A.F.S. Joaquim Jose Sousa Marques &#8211; S\u00c9RIE F<\/h2>\n<p><img loading=\"lazy\" decoding=\"async\" class=\"aligncenter wp-image-29237\" src=\"https:\/\/www.cri.pt\/wp-content\/uploads\/2026\/08\/taca-afsetubal-web.jpg\" alt=\"\" width=\"640\" height=\"640\" srcset=\"https:\/\/www.cri.pt\/wp-content\/uploads\/2026\/08\/taca-afsetubal-web.jpg 1080w, https:\/\/www.cri.pt\/wp-content\/uploads\/2026\/08\/taca-afsetubal-web-300x300.jpg 300w, https:\/\/www.cri.pt\/wp-content\/uploads\/2026\/08\/taca-afsetubal-web-1024x1024.jpg 1024w, https:\/\/www.cri.pt\/wp-content\/uploads\/2026\/08\/taca-afsetubal-web-150x150.jpg 150w, https:\/\/www.cri.pt\/wp-content\/uploads\/2026\/08\/taca-afsetubal-web-768x768.jpg 768w, https:\/\/www.cri.pt\/wp-content\/uploads\/2026\/08\/taca-afsetubal-web-65x65.jpg 65w, https:\/\/www.cri.pt\/wp-content\/uploads\/2026\/08\/taca-afsetubal-web-128x128.jpg 128w, https:\/\/www.cri.pt\/wp-content\/uploads\/2026\/08\/taca-afsetubal-web-32x32.jpg 32w, https:\/\/www.cri.pt\/wp-content\/uploads\/2026\/08\/taca-afsetubal-web-130x130.jpg 130w, https:\/\/www.cri.pt\/wp-content\/uploads\/2026\/08\/taca-afsetubal-web-187x187.jpg 187w, https:\/\/www.cri.pt\/wp-content\/uploads\/2026\/08\/taca-afsetubal-web-990x990.jpg 990w\" sizes=\"auto, (max-width: 640px) 100vw, 640px\" \/><\/p>\n<div class=\"mks_separator\" style=\"border-bottom: 4px solid;\"><\/div>\n<div class=\"OVSqWe\" role=\"rowgroup\" data-datekey=\"28958\">\n<div class=\"YOmXMd DSThoc\" role=\"row\">\n<div class=\"V4sZ3c\" role=\"gridcell\">\n<div class=\"x5FT4e kkUTBb\">30 Ago. 2026, Dom. 17:00 \u2013 19:00 &#8211; V. Gama x CRI (Seniores) Ta\u00e7a AF Set\u00fabal<\/div>\n<\/div>\n<\/div>\n<\/div>\n<div class=\"OVSqWe\" role=\"rowgroup\" data-datekey=\"28966\">\n<div class=\"YOmXMd DSThoc\" role=\"row\">\n<div class=\"V4sZ3c\" role=\"gridcell\">\n<div class=\"x5FT4e kkUTBb\">06 Set. 2026, Dom. 17:00 \u2013 19:00 CRI x J. Carvalhal (Seniores) Ta\u00e7a AF Set\u00fabal<\/div>\n<\/div>\n<\/div>\n<\/div>\n<div class=\"OVSqWe\" role=\"rowgroup\" data-datekey=\"28973\">\n<div class=\"YOmXMd DSThoc\" role=\"row\">\n<div class=\"V4sZ3c\" role=\"gridcell\">\n<div class=\"x5FT4e kkUTBb\">13 Set. 2026, Dom. 15:00 \u2013 17:00 CRI x GDSC Moitense (Seniores) Ta\u00e7a AF Set\u00fabal<\/div>\n<\/div>\n<\/div>\n<\/div>\n<div class=\"OVSqWe\" role=\"rowgroup\" data-datekey=\"28980\">\n<div class=\"YOmXMd DSThoc\" role=\"row\">\n<div class=\"V4sZ3c\" role=\"gridcell\">\n<div class=\"x5FT4e kkUTBb\">20 Set. 2026, Dom. 15:00 \u2013 17:00 Arrentela x CRI (Seniores) Ta\u00e7a AF Set\u00fabal<\/div>\n<\/div>\n<\/div>\n<\/div>\n<div class=\"OVSqWe\" role=\"rowgroup\" data-datekey=\"28987\">\n<div class=\"YOmXMd DSThoc\" role=\"row\">\n<div class=\"V4sZ3c\" role=\"gridcell\">\n<div class=\"x5FT4e kkUTBb\">\n<p>27 Set. 2026, Dom. 15:00 \u2013 17:00 CRI x J.Melidense (Seniores) Ta\u00e7a AF Set\u00fabal<\/p>\n<\/div>\n<\/div>\n<\/div>\n<\/div>\n<div class=\"mks_separator\" style=\"border-bottom: 4px solid;\"><\/div>\n<div class=\"entry-content herald-entry-content\">\n<div class=\"entry-content herald-entry-content\">\n<p>&nbsp;<\/p>\n<\/div>\n<div><\/div>\n<\/div>\n<p>&nbsp;<\/p>\n<p>&nbsp;<\/p>\n","protected":false},"excerpt":{"rendered":"<p>LINK:\u00a0ARQUIVO \u00c9POCAS ANTERIORES PLANTEL Em atualiza\u00e7\u00e3o di\u00e1ria&#8230;&#8230;. GUARDA-REDES: &#8211; Afonso Garrido, 19 anos &#8211; Filipe Nunes, 18 anos (Ex- Galitos) DEFESAS: &#8211; Milton Amaral, 27 anos &#8211; Diogo Mata, 22 anos (Ex-Barreirense) &#8211; Amilton Monteiro, 23 anos (Ex-Foros Vale Figueira) &#8211; Guilherme Peixeiro, 19 anos (Ex- Ol\u00edmpico Montijo) &#8211; David Monteiro, 20 anos (Ex-Cova Piedade) [&hellip;]<\/p>\n","protected":false},"author":1,"featured_media":0,"parent":0,"menu_order":0,"comment_status":"closed","ping_status":"closed","template":"","meta":{"footnotes":""},"class_list":["post-29026","page","type-page","status-publish","hentry"],"_links":{"self":[{"href":"https:\/\/www.cri.pt\/index.php?rest_route=\/wp\/v2\/pages\/29026","targetHints":{"allow":["GET"]}}],"collection":[{"href":"https:\/\/www.cri.pt\/index.php?rest_route=\/wp\/v2\/pages"}],"about":[{"href":"https:\/\/www.cri.pt\/index.php?rest_route=\/wp\/v2\/types\/page"}],"author":[{"embeddable":true,"href":"https:\/\/www.cri.pt\/index.php?rest_route=\/wp\/v2\/users\/1"}],"replies":[{"embeddable":true,"href":"https:\/\/www.cri.pt\/index.php?rest_route=%2Fwp%2Fv2%2Fcomments&post=29026"}],"version-history":[{"count":31,"href":"https:\/\/www.cri.pt\/index.php?rest_route=\/wp\/v2\/pages\/29026\/revisions"}],"predecessor-version":[{"id":29286,"href":"https:\/\/www.cri.pt\/index.php?rest_route=\/wp\/v2\/pages\/29026\/revisions\/29286"}],"wp:attachment":[{"href":"https:\/\/www.cri.pt\/index.php?rest_route=%2Fwp%2Fv2%2Fmedia&parent=29026"}],"curies":[{"name":"wp","href":"https:\/\/api.w.org\/{rel}","templated":true}]}}

<header class="entry-header">
<p class="entry-title h1"><div class="mks_separator" style="border-bottom: 4px solid;"></div>
</header>
<div class="entry-content herald-entry-content">
<p style="text-align: right;">LINK: <a href="https://www.cri.pt/?page_id=6863">ARQUIVO ÉPOCAS ANTERIORES</a></p>
<div class="mks_separator" style="border-bottom: 4px solid;"></div>
</div>
<hr />
<div class="entry-content herald-entry-content">
<div class="entry-content herald-entry-content">
<ul>
<li style="list-style-type: none; text-align: center;">
<h2 style="text-align: left;"><strong>PLANTEL</strong></h2>
</li>
<li style="list-style-type: none; text-align: center;">
<p style="text-align: left;"><strong>Em atualização diária&#8230;&#8230;.</strong></p>
</li>
<li style="list-style-type: none;"><div class="mks_separator" style="border-bottom: 2px solid;"></div>
<ul>
<li style="list-style-type: none;"><strong>GUARDA-REDES:<br />
</strong>&#8211; Afonso Garrido, 19 anos<br />
&#8211; Filipe Nunes, 18 anos (Ex- Galitos)</li>
</ul>
</li>
<li style="list-style-type: none;">
<hr />
<ul>
<li style="list-style-type: none;"><strong>DEFESAS:<br />
</strong>&#8211; Milton Amaral, 27 anos<br />
&#8211; Diogo Mata, 22 anos (Ex-Barreirense)<br />
&#8211; Amilton Monteiro, 23 anos (Ex-Foros Vale Figueira)<br />
&#8211; Guilherme Peixeiro, 19 anos (Ex- Olímpico Montijo)<br />
&#8211; David Monteiro, 20 anos (Ex-Cova Piedade)<br />
&#8211; Miguel Matos, 29 anos (Ex-Barreirense)</li>
</ul>
</li>
<li style="list-style-type: none;">
<hr />
<ul>
<li style="list-style-type: none;"><strong><br />
MÉDIOS:</strong><br />
&#8211; Vituar Sanca, 29<br />
&#8211; José Epalanga &#8220;Zeni&#8221;, 20 (Ex-Amora)<br />
&#8211; Santiago Silva, 18 anos (Ex-Júnior CRI)<br />
&#8211; David Cardoso, 22 anos<br />
&#8211; Ricardo Bento, 21 anos<br />
&#8211; Rodrigo Belém, 21 anos<br />
&#8211; Jerónimo Lopes, 24 anos</li>
</ul>
</li>
</ul>
<hr />
<ul>
<li style="list-style-type: none;">
<ul>
<li style="list-style-type: none;"><strong>AVANÇADOS:<br />
&#8211; </strong>André Almeida, 19 anos<br />
&#8211; João Cabrita, 22 anos (Ex-Moitense)<br />
&#8211; Handerson Wilker, 20 anos (Ex-Pinhalnovense)<br />
&#8211; António Oliveira, 28 anos (Ex-Quintajense)</li>
</ul>
</li>
</ul>
<p>&nbsp;</p>
<div class="mks_separator" style="border-bottom: 2px solid;"></div>
<p><img loading="lazy" decoding="async" class="aligncenter wp-image-29277" src="https://www.cri.pt/wp-content/uploads/2026/08/Equipa-Tecnica-Seniores-2026_27_web2.jpg" alt="" width="600" height="600" srcset="https://www.cri.pt/wp-content/uploads/2026/08/Equipa-Tecnica-Seniores-2026_27_web2.jpg 1254w, https://www.cri.pt/wp-content/uploads/2026/08/Equipa-Tecnica-Seniores-2026_27_web2-300x300.jpg 300w, https://www.cri.pt/wp-content/uploads/2026/08/Equipa-Tecnica-Seniores-2026_27_web2-1024x1024.jpg 1024w, https://www.cri.pt/wp-content/uploads/2026/08/Equipa-Tecnica-Seniores-2026_27_web2-150x150.jpg 150w, https://www.cri.pt/wp-content/uploads/2026/08/Equipa-Tecnica-Seniores-2026_27_web2-768x768.jpg 768w, https://www.cri.pt/wp-content/uploads/2026/08/Equipa-Tecnica-Seniores-2026_27_web2-65x65.jpg 65w, https://www.cri.pt/wp-content/uploads/2026/08/Equipa-Tecnica-Seniores-2026_27_web2-128x128.jpg 128w, https://www.cri.pt/wp-content/uploads/2026/08/Equipa-Tecnica-Seniores-2026_27_web2-32x32.jpg 32w, https://www.cri.pt/wp-content/uploads/2026/08/Equipa-Tecnica-Seniores-2026_27_web2-130x130.jpg 130w, https://www.cri.pt/wp-content/uploads/2026/08/Equipa-Tecnica-Seniores-2026_27_web2-187x187.jpg 187w, https://www.cri.pt/wp-content/uploads/2026/08/Equipa-Tecnica-Seniores-2026_27_web2-990x990.jpg 990w" sizes="auto, (max-width: 600px) 100vw, 600px" /></p>
<ul>
<li style="list-style-type: none;">
<ul>
<li><strong>TREINADORES. DIRIGENTES. COLABORADORES</strong>
<ul>
<li>Treinador: <strong>Nélson Bento</strong></li>
<li>Treinadores Adjuntos:<strong> Bruno Barros e Martim Silva</strong></li>
<li>Treinador de GR: <strong>Sandro Magalhães</strong></li>
<li>Dirigente: <strong>Eduardo Francisco</strong></li>
</ul>
</li>
</ul>
</li>
<li style="list-style-type: none;"><div class="mks_separator" style="border-bottom: 2px solid;"></div>
<ul>
<li><strong><a href="https://www.cri.pt/?tag=Seniores-2026/27">CLICAR PARA VER</a>: </strong>FOTOS. VÍDEOS. NOTÍCIAS</li>
<li><strong><a href="https://resultados.fpf.pt/Competition/Details?competitionId=29856&amp;seasonId=106" target="_blank" rel="noopener">CLICAR PARA VER</a>:</strong> CALENDÁRIO, RESULTADOS E CLASSIFICAÇÕES</li>
<li><a href="https://www.cri.pt/?p=28965">HORÁRIOS DOS TREINOS</a></li>
</ul>
</li>
</ul>
<div class="mks_separator" style="border-bottom: 4px solid;"></div>
</div>
</div>
<div class="mks_separator" style="border-bottom: 4px solid;"></div>
<p><strong>OS NOSSOS JOGOS OFICIAIS </strong></p>
<p>DATA INÍCIO COMPETIÇÕES OFICIAIS:  TAÇA AFS: <strong>30 agosto</strong>  – DISTRITAL II DIVISÃO: <strong>4 outubro</strong></p>
<h2>Taça A.F.S. Joaquim Jose Sousa Marques &#8211; SÉRIE F</h2>
<p><img loading="lazy" decoding="async" class="aligncenter wp-image-29237" src="https://www.cri.pt/wp-content/uploads/2026/08/taca-afsetubal-web.jpg" alt="" width="640" height="640" srcset="https://www.cri.pt/wp-content/uploads/2026/08/taca-afsetubal-web.jpg 1080w, https://www.cri.pt/wp-content/uploads/2026/08/taca-afsetubal-web-300x300.jpg 300w, https://www.cri.pt/wp-content/uploads/2026/08/taca-afsetubal-web-1024x1024.jpg 1024w, https://www.cri.pt/wp-content/uploads/2026/08/taca-afsetubal-web-150x150.jpg 150w, https://www.cri.pt/wp-content/uploads/2026/08/taca-afsetubal-web-768x768.jpg 768w, https://www.cri.pt/wp-content/uploads/2026/08/taca-afsetubal-web-65x65.jpg 65w, https://www.cri.pt/wp-content/uploads/2026/08/taca-afsetubal-web-128x128.jpg 128w, https://www.cri.pt/wp-content/uploads/2026/08/taca-afsetubal-web-32x32.jpg 32w, https://www.cri.pt/wp-content/uploads/2026/08/taca-afsetubal-web-130x130.jpg 130w, https://www.cri.pt/wp-content/uploads/2026/08/taca-afsetubal-web-187x187.jpg 187w, https://www.cri.pt/wp-content/uploads/2026/08/taca-afsetubal-web-990x990.jpg 990w" sizes="auto, (max-width: 640px) 100vw, 640px" /></p>
<div class="mks_separator" style="border-bottom: 4px solid;"></div>
<div class="OVSqWe" role="rowgroup" data-datekey="28958">
<div class="YOmXMd DSThoc" role="row">
<div class="V4sZ3c" role="gridcell">
<div class="x5FT4e kkUTBb">30 Ago. 2026, Dom. 17:00 – 19:00 &#8211; V. Gama x CRI (Seniores) Taça AF Setúbal</div>
</div>
</div>
</div>
<div class="OVSqWe" role="rowgroup" data-datekey="28966">
<div class="YOmXMd DSThoc" role="row">
<div class="V4sZ3c" role="gridcell">
<div class="x5FT4e kkUTBb">06 Set. 2026, Dom. 17:00 – 19:00 CRI x J. Carvalhal (Seniores) Taça AF Setúbal</div>
</div>
</div>
</div>
<div class="OVSqWe" role="rowgroup" data-datekey="28973">
<div class="YOmXMd DSThoc" role="row">
<div class="V4sZ3c" role="gridcell">
<div class="x5FT4e kkUTBb">13 Set. 2026, Dom. 15:00 – 17:00 CRI x GDSC Moitense (Seniores) Taça AF Setúbal</div>
</div>
</div>
</div>
<div class="OVSqWe" role="rowgroup" data-datekey="28980">
<div class="YOmXMd DSThoc" role="row">
<div class="V4sZ3c" role="gridcell">
<div class="x5FT4e kkUTBb">20 Set. 2026, Dom. 15:00 – 17:00 Arrentela x CRI (Seniores) Taça AF Setúbal</div>
</div>
</div>
</div>
<div class="OVSqWe" role="rowgroup" data-datekey="28987">
<div class="YOmXMd DSThoc" role="row">
<div class="V4sZ3c" role="gridcell">
<div class="x5FT4e kkUTBb">
<p>27 Set. 2026, Dom. 15:00 – 17:00 CRI x J.Melidense (Seniores) Taça AF Setúbal</p>
</div>
</div>
</div>
</div>
<div class="mks_separator" style="border-bottom: 4px solid;"></div>
<div class="entry-content herald-entry-content">
<div class="entry-content herald-entry-content">
<p>&nbsp;</p>
</div>
<div></div>
</div>
<p>&nbsp;</p>
<p>&nbsp;</p>

<p>LINK: ARQUIVO ÉPOCAS ANTERIORES PLANTEL Em atualização diária&#8230;&#8230;. GUARDA-REDES: &#8211; Afonso Garrido, 19 anos &#8211; Filipe Nunes, 18 anos (Ex- Galitos) DEFESAS: &#8211; Milton Amaral, 27 anos &#8211; Diogo Mata, 22 anos (Ex-Barreirense) &#8211; Amilton Monteiro, 23 anos (Ex-Foros Vale Figueira) &#8211; Guilherme Peixeiro, 19 anos (Ex- Olímpico Montijo) &#8211; David Monteiro, 20 anos (Ex-Cova Piedade) [&hellip;]</p>
