{"id":7455,"date":"2015-05-01T00:01:46","date_gmt":"2015-05-01T00:01:46","guid":{"rendered":"http:\/\/www.cri.pt\/?page_id=7455"},"modified":"2022-07-13T14:03:23","modified_gmt":"2022-07-13T14:03:23","slug":"inscricao-de-socio","status":"publish","type":"page","link":"https:\/\/www.cri.pt\/?page_id=7455","title":{"rendered":"Seja S\u00f3cio AQUI"},"content":{"rendered":"<h2>Ser s\u00f3cio do Clube Recreio e Instru\u00e7\u00e3o \u00e9 pertencer a uma fam\u00edlia que quer continuar a crescer. Uma fam\u00edlia centen\u00e1ria e com ra\u00edzes.<\/h2>\n<hr \/>\n<h2><span style=\"color: #ff00ff;\"><strong><a style=\"color: #ff00ff;\" href=\"https:\/\/www.cri.pt\/wp-content\/uploads\/2022\/07\/proposta-de-socio-versao_2022_07_1socio.pdf\" target=\"_blank\" rel=\"noopener noreferrer\">Ficha Inscri\u00e7\u00e3o de S\u00f3cio (1 pessoa) &#8211; (PDF)<\/a><\/strong><\/span><\/h2>\n<h2><span style=\"color: #ff00ff;\"><strong><a style=\"color: #ff00ff;\" href=\"https:\/\/www.cri.pt\/wp-content\/uploads\/2022\/07\/proposta-de-socio-versao_2022_07_2socios.pdf\" target=\"_blank\" rel=\"noopener noreferrer\">Ficha Inscri\u00e7\u00e3o de S\u00f3cio (2 pessoas) &#8211; (PDF)<\/a><\/strong><\/span><span style=\"color: #ff00ff;\"><strong>\u00a0<\/strong><\/span><\/h2>\n<hr \/>\n<h2>\u00a0INSCRI\u00c7\u00c3O<\/h2>\n<p><strong>Poder\u00e1 fazer a sua inscri\u00e7\u00e3o atrav\u00e9s de uma das 5 op\u00e7\u00f5es:<\/strong><\/p>\n<ul>\n<li><strong>E-mail<\/strong>\n<ul>\n<li>Fa\u00e7a o download do impresso &#8220;<a href=\"https:\/\/www.cri.pt\/wp-content\/uploads\/2022\/07\/proposta-de-socio-versao_2022_07_1socio.pdf\" target=\"_blank\" rel=\"noopener noreferrer\">Inscri\u00e7\u00e3o de S\u00f3cio<\/a>&#8220;, preencha-o e devolva-o juntamente com uma foto &#8220;tipo passe&#8221; para o nosso e-mail: cri.direcao@gmail.com<\/li>\n<\/ul>\n<\/li>\n<\/ul>\n<p>&nbsp;<\/p>\n<ul>\n<li><strong>Online<\/strong>: Preencha formul\u00e1rio AQUI\u00a0[op\u00e7\u00e3o desativada temporariamente]<\/li>\n<\/ul>\n<p>&nbsp;<\/p>\n<ul>\n<li><strong>Parque Desportivo<\/strong>\n<ul>\n<li>Fa\u00e7a o download do impresso &#8220;<a href=\"https:\/\/www.cri.pt\/wp-content\/uploads\/2022\/07\/proposta-de-socio-versao_2022_07_1socio.pdf\" target=\"_blank\" rel=\"noopener noreferrer\">Inscri\u00e7\u00e3o de S\u00f3cio<\/a>&#8220;, preencha-o e entregue-o juntamente com uma foto &#8220;tipo passe&#8221; na secretaria, entre as 19:00h e as 20:30h, de 2\u00aa a 6\u00aa feira.<\/li>\n<\/ul>\n<\/li>\n<\/ul>\n<p>&nbsp;<\/p>\n<ul>\n<li><strong>Atrav\u00e9s de correio<\/strong>\n<ul>\n<li>Fa\u00e7a o download do impresso &#8220;<a href=\"https:\/\/www.cri.pt\/wp-content\/uploads\/2022\/07\/proposta-de-socio-versao_2022_07_1socio.pdf\" target=\"_blank\" rel=\"noopener noreferrer\">Inscri\u00e7\u00e3o de S\u00f3cio<\/a>&#8221; aqui, preencha-o, junte uma foto &#8220;tipo passe&#8221; e envie-nos para:<br \/>\nClube Recreio e Instru\u00e7\u00e3o (CRI)<br \/>\nRua C\u00e2ndido dos Reis, 18 &#8211; 1\u00ba<br \/>\n2860-048 ALHOS VEDROS<\/li>\n<\/ul>\n<\/li>\n<\/ul>\n<hr \/>\n<h2>PAGAMENTOS<\/h2>\n<ul>\n<li>Quando preencher a &#8220;<a href=\"https:\/\/www.cri.pt\/wp-content\/uploads\/2022\/07\/proposta-de-socio-versao_2022_07_1socio.pdf\" target=\"_blank\" rel=\"noopener noreferrer\">Ficha de Inscri\u00e7\u00e3o de S\u00f3cio<\/a>&#8221; indique-nos o local de cobran\u00e7a e a forma de pagamento\n<ul>\n<li>Cobrador (indique morada de cobran\u00e7a)<\/li>\n<li>Transfer\u00eancia banc\u00e1ria (enviaremos o NIB ap\u00f3s recebermos a sua indica\u00e7\u00e3o)<\/li>\n<\/ul>\n<\/li>\n<\/ul>\n<p><strong>COTAS<\/strong><\/p>\n<ul>\n<li>S\u00f3cio efetivo &#8211; 1\u20ac \/ m\u00eas (valor m\u00ednimo) &#8211;\u00a0 Poder\u00e1 sugerir o pagamento de uma quota superior.<\/li>\n<li>J\u00f3ia &#8211; Isento<\/li>\n<\/ul>\n","protected":false},"excerpt":{"rendered":"<p>Ser s\u00f3cio do Clube Recreio e Instru\u00e7\u00e3o \u00e9 pertencer a uma fam\u00edlia que quer continuar a crescer. Uma fam\u00edlia centen\u00e1ria e com ra\u00edzes. Ficha Inscri\u00e7\u00e3o de S\u00f3cio (1 pessoa) &#8211; (PDF) Ficha Inscri\u00e7\u00e3o de S\u00f3cio (2 pessoas) &#8211; (PDF)\u00a0 \u00a0INSCRI\u00c7\u00c3O Poder\u00e1 fazer a sua inscri\u00e7\u00e3o atrav\u00e9s de uma das 5 op\u00e7\u00f5es: E-mail Fa\u00e7a o download [&hellip;]<\/p>\n","protected":false},"author":1,"featured_media":0,"parent":0,"menu_order":0,"comment_status":"closed","ping_status":"closed","template":"","meta":{"footnotes":""},"class_list":["post-7455","page","type-page","status-publish","hentry"],"_links":{"self":[{"href":"https:\/\/www.cri.pt\/index.php?rest_route=\/wp\/v2\/pages\/7455","targetHints":{"allow":["GET"]}}],"collection":[{"href":"https:\/\/www.cri.pt\/index.php?rest_route=\/wp\/v2\/pages"}],"about":[{"href":"https:\/\/www.cri.pt\/index.php?rest_route=\/wp\/v2\/types\/page"}],"author":[{"embeddable":true,"href":"https:\/\/www.cri.pt\/index.php?rest_route=\/wp\/v2\/users\/1"}],"replies":[{"embeddable":true,"href":"https:\/\/www.cri.pt\/index.php?rest_route=%2Fwp%2Fv2%2Fcomments&post=7455"}],"version-history":[{"count":33,"href":"https:\/\/www.cri.pt\/index.php?rest_route=\/wp\/v2\/pages\/7455\/revisions"}],"predecessor-version":[{"id":20612,"href":"https:\/\/www.cri.pt\/index.php?rest_route=\/wp\/v2\/pages\/7455\/revisions\/20612"}],"wp:attachment":[{"href":"https:\/\/www.cri.pt\/index.php?rest_route=%2Fwp%2Fv2%2Fmedia&parent=7455"}],"curies":[{"name":"wp","href":"https:\/\/api.w.org\/{rel}","templated":true}]}}