{"id":7475,"date":"2014-10-30T11:43:51","date_gmt":"2014-10-30T11:43:51","guid":{"rendered":"http:\/\/www.cri.pt\/?page_id=7475"},"modified":"2023-08-25T18:45:25","modified_gmt":"2023-08-25T18:45:25","slug":"escola-de-formacao-de-futebol","status":"publish","type":"page","link":"https:\/\/www.cri.pt\/?page_id=7475","title":{"rendered":"Escola de Futebol Jo\u00e3o Gaspar"},"content":{"rendered":"<p><img loading=\"lazy\" decoding=\"async\" class=\"wp-image-11145 alignnone\" src=\"https:\/\/www.cri.pt\/wp-content\/uploads\/2014\/10\/efjoaogaspar-1-300x188.jpg\" alt=\"efjoaogaspar\" width=\"480\" height=\"300\" srcset=\"https:\/\/www.cri.pt\/wp-content\/uploads\/2014\/10\/efjoaogaspar-1-300x188.jpg 300w, https:\/\/www.cri.pt\/wp-content\/uploads\/2014\/10\/efjoaogaspar-1-768x481.jpg 768w, https:\/\/www.cri.pt\/wp-content\/uploads\/2014\/10\/efjoaogaspar-1-1024x641.jpg 1024w, https:\/\/www.cri.pt\/wp-content\/uploads\/2014\/10\/efjoaogaspar-1-320x200.jpg 320w, https:\/\/www.cri.pt\/wp-content\/uploads\/2014\/10\/efjoaogaspar-1-990x620.jpg 990w, https:\/\/www.cri.pt\/wp-content\/uploads\/2014\/10\/efjoaogaspar-1-1320x826.jpg 1320w, https:\/\/www.cri.pt\/wp-content\/uploads\/2014\/10\/efjoaogaspar-1.jpg 1924w\" sizes=\"auto, (max-width: 480px) 100vw, 480px\" \/><\/p>\n<p>A escola de futebol de forma\u00e7\u00e3o do Clube Recreio e Instru\u00e7\u00e3o \u00e9 denominada &#8220;Escola de Futebol Jo\u00e3o Gaspar&#8221; em homenagem \u00a0a Jo\u00e3o Manuel Gaspar da Chica (1946-2002), ex-dirigente do CRI.\u00a0Pessoa dedicada ao\u00a0movimento associativo e \u00e0 reflex\u00e3o pol\u00edtica e ideol\u00f3gica.<\/p>\n<p>A E.F. Jo\u00e3o Gaspar abrange os escal\u00f5es de Petizes (4-6 anos) e Traquinas (7-9).<\/p>\n<p>Procuramos que cada treino seja um momento enriquecedor e intenso em termos de aprendizagens e emo\u00e7\u00f5es positivas para todos os nossos jovens praticantes de futebol.<\/p>\n<p>Instala\u00e7\u00f5es:<\/p>\n<ul>\n<li>3 balne\u00e1rios (estamos a construir mais 4)<\/li>\n<li>1 campo de futebol de 7 sint\u00e9tico<\/li>\n<li>1 campo de futebol de 11 (em breve)<\/li>\n<li>2 campos de futebol de 5 (em breve)<\/li>\n<\/ul>\n<p>Mais informa\u00e7\u00f5es:<\/p>\n<ul>\n<li><a href=\"https:\/\/www.cri.pt\/?page_id=207\">Consultar aqui as idades<\/a><\/li>\n<li><a href=\"https:\/\/www.cri.pt\/?cat=19\">Consultar aqui os hor\u00e1rios dos treinos<\/a><\/li>\n<li>Inscri\u00e7\u00f5es no\u00a0<a href=\"http:\/\/maps.google.com\/maps?f=q&amp;source=s_q&amp;hl=pt-BR&amp;geocode=&amp;ie=UTF8&amp;layer=x&amp;g=alhos+vedros&amp;ll=38.647612,-9.0233&amp;spn=0.002174,0.004828&amp;t=h&amp;z=18\" target=\"_blank\" rel=\"noopener noreferrer\">Parque Desportivo Artur Ferreira Gouveia<\/a><\/li>\n<li>Contacto do dep. de futebol &#8211;\u00a0\u00a0e-mail: <a href=\"mailto:crifutebol@hotmail.com\">futebol@cri.pt<\/a><\/li>\n<\/ul>\n","protected":false},"excerpt":{"rendered":"<p>A escola de futebol de forma\u00e7\u00e3o do Clube Recreio e Instru\u00e7\u00e3o \u00e9 denominada &#8220;Escola de Futebol Jo\u00e3o Gaspar&#8221; em homenagem \u00a0a Jo\u00e3o Manuel Gaspar da Chica (1946-2002), ex-dirigente do CRI.\u00a0Pessoa dedicada ao\u00a0movimento associativo e \u00e0 reflex\u00e3o pol\u00edtica e ideol\u00f3gica. A E.F. Jo\u00e3o Gaspar abrange os escal\u00f5es de Petizes (4-6 anos) e Traquinas (7-9). Procuramos que [&hellip;]<\/p>\n","protected":false},"author":1,"featured_media":0,"parent":0,"menu_order":0,"comment_status":"closed","ping_status":"closed","template":"","meta":{"footnotes":""},"class_list":["post-7475","page","type-page","status-publish","hentry"],"_links":{"self":[{"href":"https:\/\/www.cri.pt\/index.php?rest_route=\/wp\/v2\/pages\/7475","targetHints":{"allow":["GET"]}}],"collection":[{"href":"https:\/\/www.cri.pt\/index.php?rest_route=\/wp\/v2\/pages"}],"about":[{"href":"https:\/\/www.cri.pt\/index.php?rest_route=\/wp\/v2\/types\/page"}],"author":[{"embeddable":true,"href":"https:\/\/www.cri.pt\/index.php?rest_route=\/wp\/v2\/users\/1"}],"replies":[{"embeddable":true,"href":"https:\/\/www.cri.pt\/index.php?rest_route=%2Fwp%2Fv2%2Fcomments&post=7475"}],"version-history":[{"count":17,"href":"https:\/\/www.cri.pt\/index.php?rest_route=\/wp\/v2\/pages\/7475\/revisions"}],"predecessor-version":[{"id":22531,"href":"https:\/\/www.cri.pt\/index.php?rest_route=\/wp\/v2\/pages\/7475\/revisions\/22531"}],"wp:attachment":[{"href":"https:\/\/www.cri.pt\/index.php?rest_route=%2Fwp%2Fv2%2Fmedia&parent=7475"}],"curies":[{"name":"wp","href":"https:\/\/api.w.org\/{rel}","templated":true}]}}