{"id":8948,"date":"2015-09-16T13:59:36","date_gmt":"2015-09-16T13:59:36","guid":{"rendered":"http:\/\/www.cri.pt\/?page_id=8948"},"modified":"2016-08-25T22:03:11","modified_gmt":"2016-08-25T22:03:11","slug":"colabore-com-www-cri-pt","status":"publish","type":"page","link":"https:\/\/www.cri.pt\/?page_id=8948","title":{"rendered":"Seja colaborador do CRI"},"content":{"rendered":"<ul>\n<li>\u00c1rea T\u00e9cnica\/Treinador\/Outro &#8211; <a href=\"https:\/\/goo.gl\/forms\/9dr5ervB3zV2gABn2\" target=\"_blank\">Candidate-se aqui<\/a><\/li>\n<li>Site &#8211; Para colaborar com o nosso site oficial contacte-nos atrav\u00e9s do e-mail: <a href=\"mailto:cri.alhosvedros@gmail.com\">cri.alhosvedros@gmail.com<\/a><\/li>\n<\/ul>\n<p>&nbsp;<\/p>\n<p>&nbsp;<\/p>\n<div class=\"mks_separator\" style=\"border-bottom: 4px solid;\"><\/div>\n<p><strong>SOBRE O WWW.CRI.PT<\/strong><\/p>\n<p>Desde novembro de 2002 que o site do Clube Recreio e Instru\u00e7\u00e3o \u00e9 desenvolvido e mantido atrav\u00e9s de colabora\u00e7\u00e3o volunt\u00e1ria.<br \/>\nAgradecemos o apoio dos diretores, treinadores, jogadores e aos pais que nos enviam material informativo (fotos, v\u00eddeos, not\u00edcias) de modo a poder partilha-lho entre n\u00f3s e com todos os amigos que nos visitam.<br \/>\nA sua colabora\u00e7\u00e3o \u00e9 bem-vinda. Estamos recetivos a propostas de colabora\u00e7\u00e3o.<\/p>\n<p>O e-mail do site www.cri.pt \u00e9: <span style=\"text-decoration: underline;\"><strong>cri.alhosvedros@gmail.com<\/strong><\/span><\/p>\n<p>&nbsp;<\/p>\n<p><span style=\"text-decoration: underline;\"><em>PARA ENVIAR FOTOS<\/em>:<\/span><\/p>\n<ul>\n<li>Se forem poucas (at\u00e9 10-15) envie diretamente para o e-mail acima mencionado.<\/li>\n<li>Se forem muitas (at\u00e9 2GB), dever\u00e1 fazer uma pr\u00e9-sele\u00e7\u00e3o e utilizar o site <a href=\"http:\/\/www.wetransfer.com\" target=\"_blank\">www.wetransfer.com<\/a>\u00a0ou <a href=\"http:\/\/www.moreofit.com\/similar-to\/www.wetransfer.com\/Top_10_Sites_Like_Wetransfer\/\" target=\"_blank\">outro similar<\/a> que conhe\u00e7a, usando tamb\u00e9m o nosso endere\u00e7o e-mail.<\/li>\n<li>Se (forem muitas e) apenas quiser partilhar, envie-nos o &#8220;link&#8221; do local de armazenamento.<\/li>\n<\/ul>\n<p>Nota: Evite enviar-nos fotos atrav\u00e9s do facebook.<\/p>\n<p><span style=\"text-decoration: underline;\"><em>V\u00cdDEOS<\/em>:<\/span><br \/>\nComo os v\u00eddeos ocupam muito espa\u00e7o, poder\u00e1:<\/p>\n<ul>\n<li>Entregar atrav\u00e9s de &#8220;pen&#8221; no Departamento de Futebol no Parque Desportivo.<br \/>\nou<\/li>\n<li>Colocar no Youtube e enviar-nos o &#8220;link&#8221; para o e-mail acima indicado.<\/li>\n<\/ul>\n<p><span style=\"text-decoration: underline;\"><em>NOT\u00cdCIAS<\/em>:<\/span><\/p>\n<ul>\n<li>Resultados, classifica\u00e7\u00f5es ou outras para o e-mail acima indicado.<\/li>\n<\/ul>\n<p>&nbsp;<\/p>\n<p><strong>IMPORTANTE:<br \/>\n1. Devido a quest\u00f5es de direitos de autor, indique-nos p.f. a sua autoriza\u00e7\u00e3o de ced\u00eancia do material a publicar.<br \/>\n2. Fica reservado aos gestores do www.cri.pt a publica\u00e7\u00e3o ou n\u00e3o de qualquer conte\u00fado.<br \/>\n3. N\u00e3o ser\u00e1 publicado qualquer material publicit\u00e1rio que n\u00e3o seja previamente acordado.\u00a0<\/strong><\/p>\n<p>&nbsp;<\/p>\n<p><a href=\"http:\/\/cri.alhosvedros@gmail.com\" target=\"_blank\">Lu\u00eds Nobre<\/a><br \/>\nwww.cri.pt<\/p>\n","protected":false},"excerpt":{"rendered":"<p>\u00c1rea T\u00e9cnica\/Treinador\/Outro &#8211; Candidate-se aqui Site &#8211; Para colaborar com o nosso site oficial contacte-nos atrav\u00e9s do e-mail: cri.alhosvedros@gmail.com &nbsp; &nbsp; SOBRE O WWW.CRI.PT Desde novembro de 2002 que o site do Clube Recreio e Instru\u00e7\u00e3o \u00e9 desenvolvido e mantido atrav\u00e9s de colabora\u00e7\u00e3o volunt\u00e1ria. Agradecemos o apoio dos diretores, treinadores, jogadores e aos pais que [&hellip;]<\/p>\n","protected":false},"author":1,"featured_media":0,"parent":0,"menu_order":0,"comment_status":"closed","ping_status":"closed","template":"","meta":{"footnotes":""},"class_list":["post-8948","page","type-page","status-publish","hentry"],"_links":{"self":[{"href":"https:\/\/www.cri.pt\/index.php?rest_route=\/wp\/v2\/pages\/8948","targetHints":{"allow":["GET"]}}],"collection":[{"href":"https:\/\/www.cri.pt\/index.php?rest_route=\/wp\/v2\/pages"}],"about":[{"href":"https:\/\/www.cri.pt\/index.php?rest_route=\/wp\/v2\/types\/page"}],"author":[{"embeddable":true,"href":"https:\/\/www.cri.pt\/index.php?rest_route=\/wp\/v2\/users\/1"}],"replies":[{"embeddable":true,"href":"https:\/\/www.cri.pt\/index.php?rest_route=%2Fwp%2Fv2%2Fcomments&post=8948"}],"version-history":[{"count":20,"href":"https:\/\/www.cri.pt\/index.php?rest_route=\/wp\/v2\/pages\/8948\/revisions"}],"predecessor-version":[{"id":11043,"href":"https:\/\/www.cri.pt\/index.php?rest_route=\/wp\/v2\/pages\/8948\/revisions\/11043"}],"wp:attachment":[{"href":"https:\/\/www.cri.pt\/index.php?rest_route=%2Fwp%2Fv2%2Fmedia&parent=8948"}],"curies":[{"name":"wp","href":"https:\/\/api.w.org\/{rel}","templated":true}]}}